{"id":100159,"date":"2026-04-04T10:18:39","date_gmt":"2026-04-04T09:18:39","guid":{"rendered":"https:\/\/pracek.si\/racunalniskatrgovina\/izdelek\/prenosnik-hp-zbook-firefly-15-g8-i7-ram-16-gb-ssd-disk-156%e2%80%b3-fhd\/"},"modified":"2026-04-04T10:18:47","modified_gmt":"2026-04-04T09:18:47","slug":"prenosnik-hp-zbook-firefly-15-g8-i7-ram-16-gb-ssd-disk-156%e2%80%b3-fhd","status":"publish","type":"product","link":"https:\/\/pracek.si\/racunalniskatrgovina\/izdelek\/prenosnik-hp-zbook-firefly-15-g8-i7-ram-16-gb-ssd-disk-156%e2%80%b3-fhd\/","title":{"rendered":"Prenosnik HP ZBook Firefly 15 G8 \/ i7 \/ RAM 16 GB \/ SSD Disk \/ 15,6\u2033 FHD"},"content":{"rendered":"<p>Elegantno oblikovan HP ZBook Firefly 15 G8 je zanesljiv prenosnik, ki prina\u0161a odli\u010dno zmogljivost za profesionalne uporabnike, oblikovalce in vse, ki potrebujejo zanesljivo mobilno delovno postajo. S svojim 15,6-pal\u010dnim zaslonom FHD boste u\u017eivali v kristalno \u010disti sliki, za\u0161\u010diteni z matiranim premazom, ki zmanj\u0161uje ble\u0161\u010danje.<\/p>\n<p>&lt;H2&gt;Najve\u010dje prednosti&lt;\/H2&gt;<br \/>\n&lt;ul&gt;<br \/>\n  &lt;li&gt;&lt;b&gt;Intuitivno oblikovanje&lt;\/b&gt;: Tanek in lahek dizajn prena\u0161a enostavno mobilnost brez kompromisov pri zmogljivosti.&lt;\/li&gt;<br \/>\n  &lt;li&gt;&lt;b&gt;Izjemna grafika&lt;\/b&gt;: Omogo\u010dena z NVIDIA\u00ae T500 Graphics za nemoteno in teko\u010de vizualno izku\u0161njo.&lt;\/li&gt;<br \/>\n  &lt;li&gt;&lt;b&gt;Udobje delovanja&lt;\/b&gt;: Osvetljena tipkovnica za enostavno uporabo tudi v slab\u0161e osvetljenih okoljih.&lt;\/li&gt;<br \/>\n  &lt;li&gt;&lt;b&gt;Hitrost in zanesljivost&lt;\/b&gt;: Vgrajeni NVMe SSD zagotavlja izjemno hitrost hranjenja podatkov, kar pove\u010duje va\u0161o produktivnost.&lt;\/li&gt;<br \/>\n  &lt;li&gt;&lt;b&gt;Povezljivost&lt;\/b&gt;: Ve\u010d priklju\u010dkov, vklju\u010dno z HDMI in Thunderbolt, za vsakr\u0161no poslovno ali multimedijsko uporabo.&lt;\/li&gt;<br \/>\n&lt;\/ul&gt;<\/p>\n<p>&lt;H2&gt;Kdo kupuje ta izdelek&lt;\/H2&gt;<br \/>\nHP ZBook Firefly 15 G8 je idealen za profesionalce, ki zahtevajo visoko zmogljivost in zanesljivost. Zaradi svojih specifikacij je izjemna izbira za oblikovalce, in\u017eenirje in analitike, ki potrebujejo mo\u010d in \u0161irino obdelave.<\/p>\n<p>&lt;H2&gt;Mo\u017enosti nadgradnje&lt;\/H2&gt;<br \/>\nPrenosnik omogo\u010da prilagodljivost, saj lahko nadgradite disk in pomnilnik, kar vam omogo\u010da, da vedno izpolnjujete zahteve svojega delovnega procesa. &lt;i&gt;Pred izvedbo nadgradnje se vedno posvetujte s strokovnjakom.&lt;\/i&gt;<\/p>\n<p>&lt;H2&gt;Zakaj izbrati obnovljeno napravo&lt;\/H2&gt;<br \/>\nIzbira obnovljene naprave pomeni zanesljivost, saj skozi strokovno storitev obnove zagotavljamo naprave, ki so skrbno pregledane in preizku\u0161ene po standardiziranem sistemu kakovostnih ocen. Z nakupom tak\u0161nih naprav podpirate odgovorno potro\u0161njo in prispevate k trajnostnemu \u017eivljenjskemu slogu, hkrati pa prihranite sredstva, brez \u017ertvovanja kakovosti in zmogljivosti.&lt;h2&gt;A Kakovost&lt;\/h2&gt;&#13;<br \/>\n&lt;p&gt;Rahli znaki obrabe. Nadpovpre\u010dna kvaliteta. Ohi\u0161je lahko vsebuje minimalne nepravilnosti, kot je praska, ki je nevidna na razdalji 50 cm (pribli\u017eno dol\u017eina roke) ali ve\u010d. Zasloni so v delujo\u010dem stanju brezhibni.&lt;\/p&gt;&#13;<\/p>\n","protected":false},"excerpt":{"rendered":"<p>Intel Core i7-1165G7 \/ 2,8 GHz \/ Quad-Core \/ 4,7 GHz TurboBoost \/ 2,8 GHz \/ Quad-Core \/ 4,7 GHz TurboBoost, 16 GB DDR4 SODIMM, 512 GB NVMe SSD, 39,6 cm (15,6\u2033), Matiran (AntiGlare, matt), FHD \/ 1920 x 1080, NVIDIA\u00ae T500 Graphics (4 GB GDDR6), HDMI, Thunderbolt, 2x USB, backlit_kb, bluetooth, No OS Installed &#8211; Win10P COA<\/p>\n","protected":false},"featured_media":100161,"template":"","meta":[],"product_brand":[26],"product_cat":[1300,1296,1204,1301,1297,1286,1224],"product_tag":[1811],"class_list":{"0":"post-100159","1":"product","2":"type-product","3":"status-publish","4":"has-post-thumbnail","6":"product_brand-hewlett-packard","7":"product_cat-delovne-postaje","8":"product_cat-hp-prenosniki","9":"product_cat-prenosniki","10":"product_cat-prenosniki-15-palcni","11":"product_cat-prenosniki-i7","12":"product_cat-priljubljena-iskanja","13":"product_cat-rabljeni-prenosniki","14":"product_tag-pp","15":"pa_odgovorna-oseba-v-eu-hp-tehnicna-regulativna-ekipa","17":"first","18":"instock","19":"taxable","20":"shipping-taxable","21":"purchasable","22":"product-type-simple"},"_links":{"self":[{"href":"https:\/\/pracek.si\/racunalniskatrgovina\/wp-json\/wp\/v2\/product\/100159","targetHints":{"allow":["GET"]}}],"collection":[{"href":"https:\/\/pracek.si\/racunalniskatrgovina\/wp-json\/wp\/v2\/product"}],"about":[{"href":"https:\/\/pracek.si\/racunalniskatrgovina\/wp-json\/wp\/v2\/types\/product"}],"version-history":[{"count":1,"href":"https:\/\/pracek.si\/racunalniskatrgovina\/wp-json\/wp\/v2\/product\/100159\/revisions"}],"predecessor-version":[{"id":100160,"href":"https:\/\/pracek.si\/racunalniskatrgovina\/wp-json\/wp\/v2\/product\/100159\/revisions\/100160"}],"wp:featuredmedia":[{"embeddable":true,"href":"https:\/\/pracek.si\/racunalniskatrgovina\/wp-json\/wp\/v2\/media\/100161"}],"wp:attachment":[{"href":"https:\/\/pracek.si\/racunalniskatrgovina\/wp-json\/wp\/v2\/media?parent=100159"}],"wp:term":[{"taxonomy":"product_brand","embeddable":true,"href":"https:\/\/pracek.si\/racunalniskatrgovina\/wp-json\/wp\/v2\/product_brand?post=100159"},{"taxonomy":"product_cat","embeddable":true,"href":"https:\/\/pracek.si\/racunalniskatrgovina\/wp-json\/wp\/v2\/product_cat?post=100159"},{"taxonomy":"product_tag","embeddable":true,"href":"https:\/\/pracek.si\/racunalniskatrgovina\/wp-json\/wp\/v2\/product_tag?post=100159"}],"curies":[{"name":"wp","href":"https:\/\/api.w.org\/{rel}","templated":true}]}}