{"id":100285,"date":"2026-04-04T10:20:43","date_gmt":"2026-04-04T09:20:43","guid":{"rendered":"https:\/\/pracek.si\/racunalniskatrgovina\/izdelek\/prenosnik-lenovo-thinkpad-t480s-i7-ram-24-gb-ssd-disk-140%e2%80%b3-fhd-4\/"},"modified":"2026-04-04T10:20:44","modified_gmt":"2026-04-04T09:20:44","slug":"prenosnik-lenovo-thinkpad-t480s-i7-ram-24-gb-ssd-disk-140%e2%80%b3-fhd-4","status":"publish","type":"product","link":"https:\/\/pracek.si\/racunalniskatrgovina\/izdelek\/prenosnik-lenovo-thinkpad-t480s-i7-ram-24-gb-ssd-disk-140%e2%80%b3-fhd-4\/","title":{"rendered":"Prenosnik Lenovo ThinkPad T480s \/ i7 \/ RAM 24 GB \/ SSD Disk \/ 14,0\u2033 FHD"},"content":{"rendered":"<p>Lenovo ThinkPad T480s je zmogljiv in zanesljiv prenosnik, ki ponuja izjemno zmogljivost in prenosljivost v elegantnem ohi\u0161ju. Zasnovan je za vse, ki i\u0161\u010dejo zanesljivost in funkcionalnost, ne da bi za to morali \u017ertvovati eleganco in stil.<\/p>\n<p>&lt;H2&gt;Najve\u010dje prednosti&lt;\/H2&gt;<br \/>\n&lt;b&gt;Lenovo ThinkPad T480s&lt;\/b&gt; prina\u0161a \u0161tevilne prednosti, ki ga postavljajo ob bok najbolj\u0161im poslovnim prenosnikom:<br \/>\n&lt;ul&gt;<br \/>\n    &lt;li&gt;Izjemna zmogljivost procesorja I7 za hitro in u\u010dinkovito izvajanje nalog&lt;\/li&gt;<br \/>\n    &lt;li&gt;Velik 14-pal\u010dni zaslon z lo\u010dljivostjo FHD 1920 x 1080 za jasne in \u017eive slike&lt;\/li&gt;<br \/>\n    &lt;li&gt;AntiGlare tehnologija za manj odsevov pri delu na prostem&lt;\/li&gt;<br \/>\n    &lt;li&gt;Shranjevanje na hitrem NVMe SSD disku&lt;\/li&gt;<br \/>\n    &lt;li&gt;Raznolikost priklju\u010dkov: HDMI, USB-C, Thunderbolt in \u0161e ve\u010d&lt;\/li&gt;<br \/>\n    &lt;li&gt;Svetle\u010da osvetlitev tipkovnice, idealna za delo v slab\u0161ih svetlobnih pogojih&lt;\/li&gt;<br \/>\n&lt;\/ul&gt;<\/p>\n<p>&lt;H2&gt;Kdo kupuje ta izdelek&lt;\/H2&gt;<br \/>\nTa prenosnik je idealen za profesionalce, ki potrebujejo zanesljivo in zmogljivo napravo za poslovne potrebe. Primeren je tudi za \u0161tudente in ustvarjalce vsebin, ki cenijo vsestranskost in zmogljivosti ter tiste, ki delajo v razli\u010dnih okoljih, zahvaljujo\u010d svoji matirani povr\u0161ini zaslona.<\/p>\n<p>&lt;H2&gt;Mo\u017enosti nadgradnje&lt;\/H2&gt;<br \/>\nLenovo ThinkPad T480s omogo\u010da nadgradnjo pomnilnika in diska, kar vam daje fleksibilnost, da svoje potrebe prilagodite v prihodnosti. &lt;b&gt;Pred izvedbo nadgradnje se vedno posvetujte s strokovnjakom.&lt;\/b&gt;<\/p>\n<p>&lt;H2&gt;Zakaj izbrati obnovljeno napravo&lt;\/H2&gt;<br \/>\nIzbira obnovljene naprave prina\u0161a \u0161tevilne prednosti. &lt;b&gt;Strokovna storitev obnove&lt;\/b&gt; zagotavlja, da prenosnik deluje brezhibno in izpolnjuje standardiziran sistem kakovostnih ocen. To je ne samo ekonomi\u010dna izbira, temve\u010d tudi okolju prijazna, saj pripomore k zmanj\u0161anju elektronskih odpadkov. Obnovljene naprave ponujajo odli\u010dno razmerje med kakovostjo in ceno, kar vam omogo\u010da, da za svoj denar dobite ve\u010d.&lt;h2&gt;A Kakovost&lt;\/h2&gt;&#13;<br \/>\n&lt;p&gt;Rahli znaki obrabe. Nadpovpre\u010dna kvaliteta. Ohi\u0161je lahko vsebuje minimalne nepravilnosti, kot je praska, ki je nevidna na razdalji 50 cm (pribli\u017eno dol\u017eina roke) ali ve\u010d. Zasloni so v delujo\u010dem stanju brezhibni.&lt;\/p&gt;&#13;<\/p>\n","protected":false},"excerpt":{"rendered":"<p>Intel\u00ae Core\u2122 i7-8550U \/ 1.8 GHz \/ Quad-Core \/ Turbo Boost 4.0 GHz, 24 GB DDR4 SODIMM, 256 GB NVMe SSD, 35,6 cm (14,0\u2033), Matiran (AntiGlare, matt), FHD \/ 1920 x 1080, Intel\u00ae UHD Graphics 620, HDMI, USB-C, Thunderbolt, 2x USB, backlit_kb, Card reader, bluetooth, No OS Installed &#8211; Win10P COA<\/p>\n","protected":false},"featured_media":101120,"template":"","meta":[],"product_brand":[18],"product_cat":[1299,1204,1297,1286,1224],"product_tag":[1811],"class_list":{"0":"post-100285","1":"product","2":"type-product","3":"status-publish","4":"has-post-thumbnail","6":"product_brand-lenovo","7":"product_cat-lenovo-prenosniki","8":"product_cat-prenosniki","9":"product_cat-prenosniki-i7","10":"product_cat-priljubljena-iskanja","11":"product_cat-rabljeni-prenosniki","12":"product_tag-pp","13":"pa_odgovorna-oseba-v-eu-lenovo-tehnicna-regulativna-ekipa","15":"first","16":"instock","17":"taxable","18":"shipping-taxable","19":"purchasable","20":"product-type-simple"},"_links":{"self":[{"href":"https:\/\/pracek.si\/racunalniskatrgovina\/wp-json\/wp\/v2\/product\/100285","targetHints":{"allow":["GET"]}}],"collection":[{"href":"https:\/\/pracek.si\/racunalniskatrgovina\/wp-json\/wp\/v2\/product"}],"about":[{"href":"https:\/\/pracek.si\/racunalniskatrgovina\/wp-json\/wp\/v2\/types\/product"}],"version-history":[{"count":1,"href":"https:\/\/pracek.si\/racunalniskatrgovina\/wp-json\/wp\/v2\/product\/100285\/revisions"}],"predecessor-version":[{"id":100286,"href":"https:\/\/pracek.si\/racunalniskatrgovina\/wp-json\/wp\/v2\/product\/100285\/revisions\/100286"}],"wp:featuredmedia":[{"embeddable":true,"href":"https:\/\/pracek.si\/racunalniskatrgovina\/wp-json\/wp\/v2\/media\/101120"}],"wp:attachment":[{"href":"https:\/\/pracek.si\/racunalniskatrgovina\/wp-json\/wp\/v2\/media?parent=100285"}],"wp:term":[{"taxonomy":"product_brand","embeddable":true,"href":"https:\/\/pracek.si\/racunalniskatrgovina\/wp-json\/wp\/v2\/product_brand?post=100285"},{"taxonomy":"product_cat","embeddable":true,"href":"https:\/\/pracek.si\/racunalniskatrgovina\/wp-json\/wp\/v2\/product_cat?post=100285"},{"taxonomy":"product_tag","embeddable":true,"href":"https:\/\/pracek.si\/racunalniskatrgovina\/wp-json\/wp\/v2\/product_tag?post=100285"}],"curies":[{"name":"wp","href":"https:\/\/api.w.org\/{rel}","templated":true}]}}