{"id":100510,"date":"2026-04-04T10:04:29","date_gmt":"2026-04-04T09:04:29","guid":{"rendered":"https:\/\/pracek.si\/racunalniskatrgovina\/izdelek\/prenosnik-hp-pavilion-16-ag0009na-r5-8000s-touch-ram-8-gb-ssd-disk-160%e2%80%b3-wuxga\/"},"modified":"2026-04-04T10:04:34","modified_gmt":"2026-04-04T09:04:34","slug":"prenosnik-hp-pavilion-16-ag0009na-r5-8000s-touch-ram-8-gb-ssd-disk-160%e2%80%b3-wuxga","status":"publish","type":"product","link":"https:\/\/pracek.si\/racunalniskatrgovina\/izdelek\/prenosnik-hp-pavilion-16-ag0009na-r5-8000s-touch-ram-8-gb-ssd-disk-160%e2%80%b3-wuxga\/","title":{"rendered":"Prenosnik HP Pavilion 16-ag0009na | R5 8000s | Touch \/  \/ RAM 8 GB \/ SSD Disk \/ 16,0\u2033 WUXGA"},"content":{"rendered":"<p>HP Pavilion 16-ag0009na je premijski prenosnik, ki zdru\u017euje zmogljivost in priro\u010dnost na vsakem koraku. Eleganten dizajn dopolnjuje ob\u010dudovanja vreden \u0161irok 16-pal\u010dni WUXGA zaslon z Multi-Touch funkcijo, ki zagotavlja izjemno natan\u010dnost in u\u010dinkovitost. Transfer podatkov in povezljivost sta poenostavljena s superhitrimi &lt;b&gt;USB-C 3.2 in USB-A 3.2 vrati&lt;\/b&gt;, ki omogo\u010dajo brezhibno uporabni\u0161ko izku\u0161njo.<\/p>\n<p>&lt;H2&gt;Najve\u010dje prednosti&lt;\/H2&gt;<br \/>\n&lt;ul&gt;<br \/>\n  &lt;li&gt;&lt;b&gt;16,0&quot; WUXGA zaslon&lt;\/b&gt;: Odli\u010dna slika in ve\u010dopravilnost na velikem zaslonu.&lt;\/li&gt;<br \/>\n  &lt;li&gt;&lt;b&gt;AMD Radeon Graphics&lt;\/b&gt;: Izjemna grafi\u010dna zmogljivost za profesionalno in osebno rabo.&lt;\/li&gt;<br \/>\n  &lt;li&gt;&lt;b&gt;512 GB PCIe M.2 NVMe SSD&lt;\/b&gt;: Hiter zagon in hiter prenos podatkov.&lt;\/li&gt;<br \/>\n  &lt;li&gt;&lt;b&gt;Backlit tipkovnica&lt;\/b&gt;: Delo v razli\u010dnih svetlobnih pogojih.&lt;\/li&gt;<br \/>\n&lt;\/ul&gt;<\/p>\n<p>&lt;H2&gt;Kdo kupuje ta izdelek&lt;\/H2&gt;<br \/>\nTa prenosnik je idealen za vse, ki i\u0161\u010dejo zmogljivo napravo za delo in zabavo. Primeren je tako za \u0161tudente, ki potrebujejo zanesljivo orodje za \u0161tudij, kot tudi za profesionalce, ki \u017eelijo odli\u010dno grafi\u010dno podporo in ve\u010dopravilnost. Dodatno ga bodo cenili tudi ustvarjalci vsebin, ki potrebujejo velik zaslon in hitro obdelavo podatkov.<\/p>\n<p>&lt;H2&gt;Mo\u017enosti nadgradnje&lt;\/H2&gt;<br \/>\nTa prenosnik ponuja mo\u017enosti nadgradnje diska in pomnilnika, kar omogo\u010da prilagoditev naprave va\u0161im potrebam. &lt;b&gt;Pred izvedbo nadgradnje se vedno posvetujte s strokovnjakom.&lt;\/b&gt;<\/p>\n<p>&lt;H2&gt;Zakaj izbrati obnovljeno napravo&lt;\/H2&gt;<br \/>\nObnovljeni prenosniki so izjemna izbira za tiste, ki i\u0161\u010dejo kakovostno napravo po ugodnej\u0161i ceni. Ta HP Pavilion 16 je bil podvr\u017een temeljiti strokovni obnovi in ocenjen s standardiziranim sistemom kakovostnih ocen, kar zagotavlja zanesljivost in odli\u010dno stanje naprave. Poleg finan\u010dne ugodnosti izbira obnovljenega izdelka prispeva tudi k trajnostni prihodnosti, saj zmanj\u0161uje elektronske odpadke in pomaga pri ohranjanju okolja.&lt;h2&gt;Odprta embala\u017ea&lt;\/h2&gt;&#13;<br \/>\n&lt;p&gt;Skoraj nobenih znakov obrabe. Tovarni\u0161ka kvaliteta. V ve\u010dini primerov gre za prese\u017eek proizvodnje in neprodane zaloge, pri katerih razlike v primerjavi z novimi napravami niso opazne.&lt;\/p&gt;&#13;<\/p>\n","protected":false},"excerpt":{"rendered":"<p>AMD Ryzen R5 8540U (3,2 GHz), 8 GB LPDDR5x-6400 (integrated\/non upgradable), 40,6 cm (16\u2033) WUXGA (1920&#215;1200) Multi-Touch AG LED IPS, SSD 512 GB PCIe M.2 NVMe, AMD Radeon Graphics (IGP), HDMI 2.1, 2x USB-C 3.2 Gen2 (10 Gbps &#8211; DisplayPort), 1x USB-A 3.2 Gen1 (10 Gbps), 1x USB-A 3.2 Gen1 (5Gbps), Wi-Fi 6 (2&#215;2), Bluetooth 5.3, Backlit Kbd., Webcam, Microsoft Windows 11 Home (64-bit)<\/p>\n","protected":false},"featured_media":100512,"template":"","meta":[],"product_brand":[26],"product_cat":[1296,1204,1964,1958,1286],"product_tag":[1811],"class_list":{"0":"post-100510","1":"product","2":"type-product","3":"status-publish","4":"has-post-thumbnail","6":"product_brand-hewlett-packard","7":"product_cat-hp-prenosniki","8":"product_cat-prenosniki","9":"product_cat-prenosniki-ultrabook","10":"product_cat-prenosniki-za-domaco-uporabo","11":"product_cat-priljubljena-iskanja","12":"product_tag-pp","13":"pa_odgovorna-oseba-v-eu-hp-reg-23010","15":"first","16":"instock","17":"taxable","18":"shipping-taxable","19":"purchasable","20":"product-type-simple"},"_links":{"self":[{"href":"https:\/\/pracek.si\/racunalniskatrgovina\/wp-json\/wp\/v2\/product\/100510","targetHints":{"allow":["GET"]}}],"collection":[{"href":"https:\/\/pracek.si\/racunalniskatrgovina\/wp-json\/wp\/v2\/product"}],"about":[{"href":"https:\/\/pracek.si\/racunalniskatrgovina\/wp-json\/wp\/v2\/types\/product"}],"version-history":[{"count":2,"href":"https:\/\/pracek.si\/racunalniskatrgovina\/wp-json\/wp\/v2\/product\/100510\/revisions"}],"predecessor-version":[{"id":100611,"href":"https:\/\/pracek.si\/racunalniskatrgovina\/wp-json\/wp\/v2\/product\/100510\/revisions\/100611"}],"wp:featuredmedia":[{"embeddable":true,"href":"https:\/\/pracek.si\/racunalniskatrgovina\/wp-json\/wp\/v2\/media\/100512"}],"wp:attachment":[{"href":"https:\/\/pracek.si\/racunalniskatrgovina\/wp-json\/wp\/v2\/media?parent=100510"}],"wp:term":[{"taxonomy":"product_brand","embeddable":true,"href":"https:\/\/pracek.si\/racunalniskatrgovina\/wp-json\/wp\/v2\/product_brand?post=100510"},{"taxonomy":"product_cat","embeddable":true,"href":"https:\/\/pracek.si\/racunalniskatrgovina\/wp-json\/wp\/v2\/product_cat?post=100510"},{"taxonomy":"product_tag","embeddable":true,"href":"https:\/\/pracek.si\/racunalniskatrgovina\/wp-json\/wp\/v2\/product_tag?post=100510"}],"curies":[{"name":"wp","href":"https:\/\/api.w.org\/{rel}","templated":true}]}}