{"id":100516,"date":"2026-04-04T10:04:29","date_gmt":"2026-04-04T09:04:29","guid":{"rendered":"https:\/\/pracek.si\/racunalniskatrgovina\/izdelek\/prenosnik-hp-pavilion-plus-14-ew1006na-ultra-5-125h-i5-ram-16-gb-ssd-disk-140%e2%80%b3-wqhd\/"},"modified":"2026-04-04T10:04:36","modified_gmt":"2026-04-04T09:04:36","slug":"prenosnik-hp-pavilion-plus-14-ew1006na-ultra-5-125h-i5-ram-16-gb-ssd-disk-140%e2%80%b3-wqhd","status":"publish","type":"product","link":"https:\/\/pracek.si\/racunalniskatrgovina\/izdelek\/prenosnik-hp-pavilion-plus-14-ew1006na-ultra-5-125h-i5-ram-16-gb-ssd-disk-140%e2%80%b3-wqhd\/","title":{"rendered":"Prenosnik HP Pavilion Plus 14-ew1006na | Ultra 5 125H \/ i5 \/ RAM 16 GB \/ SSD Disk \/ 14,0\u2033 WQHD"},"content":{"rendered":"<p>Prenosnik HP Pavilion Plus 14-ew1006na je eleganten in zmogljiv prenosnik, ki zdru\u017euje inovativno oblikovanje s \u0161tevilnimi funkcionalnostmi. Idealen je za uporabnike, ki potrebujejo zanesljivo napravo za vsakodnevne naloge, ustvarjanje vsebin ali multimedijsko zabavo.<\/p>\n<p>&lt;H2&gt;Najve\u010dje prednosti&lt;\/H2&gt;<br \/>\n&lt;ul&gt;<br \/>\n    &lt;li&gt;Visoka lo\u010dljivost zaslona 14,0&#039;&#039; WUXGA (2560 x 1600) omogo\u010da jasen in \u017eivahen prikaz, skupaj s tehnologijo LED IPS za \u0161iroke vidne kote.&lt;\/li&gt;<br \/>\n    &lt;li&gt;Intel Iris Xe grafi\u010dna kartica zagotavlja odli\u010dno grafi\u010dno zmogljivost za ustvarjanje vsebin in u\u017eivanje v multimediji.&lt;\/li&gt;<br \/>\n    &lt;li&gt;Zmogljive mo\u017enosti povezljivosti z &lt;b&gt;Thunderbolt 4&lt;\/b&gt; in ve\u010d vmesniki USB ter HDMI 2.1, s \u010dimer se dose\u017ee popolna povezljivost z dodatnimi napravami.&lt;\/li&gt;<br \/>\n    &lt;li&gt;&lt;b&gt;NVMe&lt;\/b&gt; SSD disk omogo\u010da izjemno hitro hitrost prenosa podatkov, kar zagotavlja hitrej\u0161e nalaganje programov ter dostop do datotek.&lt;\/li&gt;<br \/>\n&lt;\/ul&gt;<\/p>\n<p>&lt;H2&gt;Kdo kupuje ta izdelek&lt;\/H2&gt;<br \/>\nPrenosnik je odli\u010den izbor za profesionalce, ki potrebujejo zanesljivo napravo za delo, \u0161tudente, ki zahtevajo prenosljivost in zmogljivost, ter kreativce, ki i\u0161\u010dejo visoko grafi\u010dno vrednost.<\/p>\n<p>&lt;H2&gt;Mo\u017enosti nadgradnje&lt;\/H2&gt;<br \/>\nTa prenosnik omogo\u010da nadgradnjo diska in pomnilnika, kar omogo\u010da, da ga prilagodite svojim potrebam. Za zagotavljanje optimalne zmogljivosti se pred izvedbo nadgradnje vedno posvetujte s strokovnjakom.<\/p>\n<p>&lt;H2&gt;Zakaj izbrati obnovljeno napravo&lt;\/H2&gt;<br \/>\nObnovljeni prenosniki so skrbno pregledani in ponovno vzpostavljeni v svojem najbolj\u0161em stanju, kar omogo\u010da dostop do visoke kakovosti po ugodni ceni. Obnovljeni izdelki prehajajo skozi standardiziran sistem kakovostnih ocen, ki zagotavlja, da izpolnjujejo najvi\u0161je tehni\u010dne standarde. Izbira obnovljenega prenosnika pripomore tudi k zmanj\u0161anju okolijskega vpliva, saj zmanj\u0161uje potrebo po izdelavi novih naprav.<\/p>\n<p>Z nakupom tega prenosnika ne boste pridobili le zmogljive naprave, temve\u010d tudi dolgoro\u010dno vrednost in podporo za trajnostni razvoj.&lt;h2&gt;Odprta embala\u017ea&lt;\/h2&gt;&#13;<br \/>\n&lt;p&gt;Skoraj nobenih znakov obrabe. Tovarni\u0161ka kvaliteta. V ve\u010dini primerov gre za prese\u017eek proizvodnje in neprodane zaloge, pri katerih razlike v primerjavi z novimi napravami niso opazne.&lt;\/p&gt;&#13;<\/p>\n","protected":false},"excerpt":{"rendered":"<p>Intel Core Ultra5 125H (1,2 GHz), 16 GB LPDDR5x-6400 (integrated\/non upgradable), SSD 512 GB M.2 PCIe NVMe, 35,6 cm (14,0\u2033) WUXGA (2560 x 1600) AG LED IPS 120 Hz, Intel Iris Xe Graphics (IGP), HDMI 2.1, 1x Thunderbolt 4 (40Gbps &#8211; USB-C\/DisplayPort) 2x USB-C 3.2 10Gbps (DisplayPort) 1x USB-A 3.2 Gen1 (5Gbps), Wi-Fi 6E (2&#215;2), Bluetooth 5.3, Webcam, Backlit Kbd., Microsoft Windows 11 Home (64-bit)<\/p>\n","protected":false},"featured_media":100518,"template":"","meta":[],"product_brand":[26],"product_cat":[1296,1204,1291,1964,1958,1286],"product_tag":[1811],"class_list":{"0":"post-100516","1":"product","2":"type-product","3":"status-publish","4":"has-post-thumbnail","6":"product_brand-hewlett-packard","7":"product_cat-hp-prenosniki","8":"product_cat-prenosniki","9":"product_cat-prenosniki-i5","10":"product_cat-prenosniki-ultrabook","11":"product_cat-prenosniki-za-domaco-uporabo","12":"product_cat-priljubljena-iskanja","13":"product_tag-pp","14":"pa_odgovorna-oseba-v-eu-hp-reg-23010","16":"first","17":"instock","18":"taxable","19":"shipping-taxable","20":"purchasable","21":"product-type-simple"},"_links":{"self":[{"href":"https:\/\/pracek.si\/racunalniskatrgovina\/wp-json\/wp\/v2\/product\/100516","targetHints":{"allow":["GET"]}}],"collection":[{"href":"https:\/\/pracek.si\/racunalniskatrgovina\/wp-json\/wp\/v2\/product"}],"about":[{"href":"https:\/\/pracek.si\/racunalniskatrgovina\/wp-json\/wp\/v2\/types\/product"}],"version-history":[{"count":2,"href":"https:\/\/pracek.si\/racunalniskatrgovina\/wp-json\/wp\/v2\/product\/100516\/revisions"}],"predecessor-version":[{"id":100612,"href":"https:\/\/pracek.si\/racunalniskatrgovina\/wp-json\/wp\/v2\/product\/100516\/revisions\/100612"}],"wp:featuredmedia":[{"embeddable":true,"href":"https:\/\/pracek.si\/racunalniskatrgovina\/wp-json\/wp\/v2\/media\/100518"}],"wp:attachment":[{"href":"https:\/\/pracek.si\/racunalniskatrgovina\/wp-json\/wp\/v2\/media?parent=100516"}],"wp:term":[{"taxonomy":"product_brand","embeddable":true,"href":"https:\/\/pracek.si\/racunalniskatrgovina\/wp-json\/wp\/v2\/product_brand?post=100516"},{"taxonomy":"product_cat","embeddable":true,"href":"https:\/\/pracek.si\/racunalniskatrgovina\/wp-json\/wp\/v2\/product_cat?post=100516"},{"taxonomy":"product_tag","embeddable":true,"href":"https:\/\/pracek.si\/racunalniskatrgovina\/wp-json\/wp\/v2\/product_tag?post=100516"}],"curies":[{"name":"wp","href":"https:\/\/api.w.org\/{rel}","templated":true}]}}