{"id":100673,"date":"2026-04-04T10:20:51","date_gmt":"2026-04-04T09:20:51","guid":{"rendered":"https:\/\/pracek.si\/racunalniskatrgovina\/izdelek\/prenosnik-hp-omnibook-3-ngai-15-fn0007np-ryzen-ai-5-330-amd-ryzen-ai-5-ram-24-gb-ssd-disk-156%e2%80%b3-fhd\/"},"modified":"2026-04-04T10:20:55","modified_gmt":"2026-04-04T09:20:55","slug":"prenosnik-hp-omnibook-3-ngai-15-fn0007np-ryzen-ai-5-330-amd-ryzen-ai-5-ram-24-gb-ssd-disk-156%e2%80%b3-fhd","status":"publish","type":"product","link":"https:\/\/pracek.si\/racunalniskatrgovina\/izdelek\/prenosnik-hp-omnibook-3-ngai-15-fn0007np-ryzen-ai-5-330-amd-ryzen-ai-5-ram-24-gb-ssd-disk-156%e2%80%b3-fhd\/","title":{"rendered":"Prenosnik HP OmniBook 3 NGAI 15-fn0007np | Ryzen  AI 5 330 \/ AMD Ryzen\u2122 AI 5 \/ RAM 24 GB \/ SSD Disk \/ 15,6\u2033 FHD"},"content":{"rendered":"<p>Idealno zasnovan za sodobnega uporabnika, HP OmniBook 3 je visoko zmogljiv prenosnik, ki zdru\u017euje impresivno zmogljivost in elegantno obliko. S 15,6-pal\u010dnim FHD zaslonom omogo\u010da osupljivo vizualno izku\u0161njo, ne glede na to, ali delate na pomembnih projektih ali se spro\u0161\u010date ob najljub\u0161ih filmih. Vgrajeni grafi\u010dni procesor in visokozmogljiv procesor zagotavljata teko\u010de delovanje, medtem ko bogate mo\u017enosti povezljivosti odpirajo vrata ne\u0161tetim prilo\u017enostim.<\/p>\n<p><H2>Najve\u010dje prednosti<\/H2><br \/>\n<ul><br \/>\n  <li>\u017divahne vizualne podobe na 15,6-pal\u010dnem FHD zaslonu<\/li><br \/>\n  <li>Visokozmogljiv procesor zagotavlja gladko ve\u010dopravilnost<\/li><br \/>\n  <li><b>Izjemna hitrost<\/b> SSD diska s tehnologijo NVMe za bliskovito hiter dostop do podatkov<\/li><br \/>\n  <li>\u0160irok nabor povezljivosti z vmesniki USB in HDMI<\/li><br \/>\n<\/ul><\/p>\n<p><H2>Kdo kupuje ta izdelek<\/H2><br \/>\nNe glede na to, ali ste \u0161tudent, ki potrebuje zanesljivo napravo za \u0161tudij, profesionalec, ki potrebuje zmogljivo orodje za delo, ali ustvarjalec vsebin, ki ceni hitro obdelavo podatkov \u2013 ta prenosnik je zasnovan z mislijo na vas. Z vrhunsko zmogljivostjo in raznoliko povezljivostjo, je popoln spremljevalec sodobnega \u017eivljenjskega sloga.<\/p>\n<p><H2>Mo\u017enosti nadgradnje<\/H2><br \/>\nHP OmniBook 3 omogo\u010da prilagodljivo konfiguracijo pomnilnika in diska, kar vam ponuja mo\u017enost nadgradnje glede na va\u0161e potrebe. Pove\u010dajte kapaciteto pomnilnika ali hitrosti diska ter dodatno izbolj\u0161ajte zmogljivost. <b>Pred izvedbo nadgradnje se vedno posvetujte s strokovnjakom.<\/b><\/p>\n<p><H2>Zakaj izbrati obnovljeno napravo<\/H2><br \/>\nIzbira obnovljene naprave pomeni, da sprejemate trajnostno odlo\u010ditev, ki prispeva k ohranjanju okolja. Prenosnik se pregledno obnavlja z vrhunsko strokovno storitvijo, kar zagotavlja kakovost in zanesljivost. Obnovljeni izdelki obi\u010dajno vklju\u010dujejo sistem standardiziranih kakovostnih ocen, kar kupcem daje dodatno zaupanje v nakup.<\/p>\n<p>Ob tem se zavedate, da ste izbrali napravo, ki ponuja vrhunsko vrednost za denar in hkrati prispevate k odgovorni rabi virov.<h2>Odprta embala\u017ea<\/h2>&#13;<br \/>\n<p>Skoraj nobenih znakov obrabe. Tovarni\u0161ka kvaliteta. V ve\u010dini primerov gre za prese\u017eek proizvodnje in neprodane zaloge, pri katerih razlike v primerjavi z novimi napravami niso opazne.<\/p>&#13;<\/p>\n","protected":false},"excerpt":{"rendered":"<p>AMD Ryzen AI5 330 (2,0 GHz), 39,6 cm (15,6&#8243;)\u00a0FHD (1920&#215;1080) AG LED, 24\u00a0GB (2x12GB) DDR5-5600, SSD 1 TB M.2 PCIe NVMe, AMD Radeon\u00a0820M (IGP), HDMI 1.4b, 2x USB-A 3.2 Gen1 (5Gbps), 1x USB-C 3.2 Gen2 (10Gbps &#8211; DisplayPort),\u00a0Wi-Fi 6 (2&#215;2), Bluetooth 5.4, Std Kbd, Webcam, Fingerprint, Windows 11 Home (64-bit)<\/p>\n","protected":false},"featured_media":101089,"template":"","meta":[],"product_brand":[26],"product_cat":[1296,1204,1301,1958,1286],"product_tag":[1811],"class_list":{"0":"post-100673","1":"product","2":"type-product","3":"status-publish","4":"has-post-thumbnail","6":"product_brand-hewlett-packard","7":"product_cat-hp-prenosniki","8":"product_cat-prenosniki","9":"product_cat-prenosniki-15-palcni","10":"product_cat-prenosniki-za-domaco-uporabo","11":"product_cat-priljubljena-iskanja","12":"product_tag-pp","13":"pa_odgovorna-oseba-v-eu-hp-tehnicna-regulativna-ekipa","15":"first","16":"instock","17":"taxable","18":"shipping-taxable","19":"purchasable","20":"product-type-simple"},"_links":{"self":[{"href":"https:\/\/pracek.si\/racunalniskatrgovina\/wp-json\/wp\/v2\/product\/100673","targetHints":{"allow":["GET"]}}],"collection":[{"href":"https:\/\/pracek.si\/racunalniskatrgovina\/wp-json\/wp\/v2\/product"}],"about":[{"href":"https:\/\/pracek.si\/racunalniskatrgovina\/wp-json\/wp\/v2\/types\/product"}],"version-history":[{"count":1,"href":"https:\/\/pracek.si\/racunalniskatrgovina\/wp-json\/wp\/v2\/product\/100673\/revisions"}],"predecessor-version":[{"id":100674,"href":"https:\/\/pracek.si\/racunalniskatrgovina\/wp-json\/wp\/v2\/product\/100673\/revisions\/100674"}],"wp:featuredmedia":[{"embeddable":true,"href":"https:\/\/pracek.si\/racunalniskatrgovina\/wp-json\/wp\/v2\/media\/101089"}],"wp:attachment":[{"href":"https:\/\/pracek.si\/racunalniskatrgovina\/wp-json\/wp\/v2\/media?parent=100673"}],"wp:term":[{"taxonomy":"product_brand","embeddable":true,"href":"https:\/\/pracek.si\/racunalniskatrgovina\/wp-json\/wp\/v2\/product_brand?post=100673"},{"taxonomy":"product_cat","embeddable":true,"href":"https:\/\/pracek.si\/racunalniskatrgovina\/wp-json\/wp\/v2\/product_cat?post=100673"},{"taxonomy":"product_tag","embeddable":true,"href":"https:\/\/pracek.si\/racunalniskatrgovina\/wp-json\/wp\/v2\/product_tag?post=100673"}],"curies":[{"name":"wp","href":"https:\/\/api.w.org\/{rel}","templated":true}]}}