{"id":100818,"date":"2026-04-04T10:20:59","date_gmt":"2026-04-04T09:20:59","guid":{"rendered":"https:\/\/pracek.si\/racunalniskatrgovina\/izdelek\/prenosnik-hp-omnibook-x-flip-ngai-16-as0008na-ultra7-256v-touch-ultra-7-ram-16-gb-ssd-disk-160%e2%80%b3-wuxga\/"},"modified":"2026-04-04T10:21:07","modified_gmt":"2026-04-04T09:21:07","slug":"prenosnik-hp-omnibook-x-flip-ngai-16-as0008na-ultra7-256v-touch-ultra-7-ram-16-gb-ssd-disk-160%e2%80%b3-wuxga","status":"publish","type":"product","link":"https:\/\/pracek.si\/racunalniskatrgovina\/izdelek\/prenosnik-hp-omnibook-x-flip-ngai-16-as0008na-ultra7-256v-touch-ultra-7-ram-16-gb-ssd-disk-160%e2%80%b3-wuxga\/","title":{"rendered":"Prenosnik HP OmniBook X Flip NGAI 16-as0008na | Ultra7 256V | Touch \/ Ultra 7 \/ RAM 16 GB \/ SSD Disk \/ 16,0\u2033 WUXGA"},"content":{"rendered":"<p>Prenosnik HP OmniBook X Flip NGAI 16-as0008na je ustvarjen za tiste, ki i\u0161\u010dejo zanesljivost in vsestranskost v prenosni obliki. Ta izjemno eleganten prenosnik prina\u0161a vrhunsko zmogljivost, obenem pa ga odlikujeta izjemna mobilnost in prilagodljivost. S 16&quot; WUXGA zaslonom na dotik, ki ponuja edinstveno barvno \u017eivahnost in ve\u010dto\u010dkovno upravljanje, je popoln za ustvarjanje in prezentacije.<\/p>\n<p><H2>Najve\u010dje prednosti<\/H2><\/p>\n<p><ul><br \/>\n  <li><b>Izjemen zaslon<\/b>: 16-pal\u010dni WUXGA Multi-Touch zaslon prina\u0161a \u017eivahne slike in enostavno interakcijo na dotik<\/li><br \/>\n  <li><b>Prilagodljivost povezljivosti<\/b>: Na voljo so vhodi Thunderbolt 4, USB-A in USB-C, omogo\u010dajo pa najhitrej\u0161e prenose podatkov in \u0161iroko povezljivost<\/li><br \/>\n  <li><b>Hitrost in zmogljivost<\/b>: Zahvaljujo\u010d vgrajenemu NVMe disku zagotavlja ekspresno hitro zagonsko hitrost in dostop do datotek<\/li><br \/>\n  <li><b>Povezava nove generacije<\/b>: Opremljen z naprednim Wi-Fi 6E in Bluetooth 5.3<\/li><br \/>\n<\/ul><\/p>\n<p><H2>Kdo kupuje ta izdelek<\/H2><\/p>\n<p>Ta prenosnik je idealna izbira za profesionalce, kreativce in vse, ki \u017eelijo izjemno zmogljivost v prenosni obliki. Zaradi svoje robustne mobilnosti je kot nala\u0161\u010d za delo na daljavo, potovanja in dinami\u010dne delovne dneve.<\/p>\n<p><H2>Mo\u017enosti nadgradnje<\/H2><\/p>\n<p>Prenosnik omogo\u010da prilagoditev diska in pomnilnika, kar pomeni, da ga lahko nadalje prilagodite glede na va\u0161e potrebe in zahteve. Tudi \u010de se va\u0161e zahteve s\u010dasoma spremenijo, je prenosnik pripravljen na iskanje popolnosti. Pred izvedbo nadgradnje se vedno posvetujte s strokovnjakom.<\/p>\n<p><H2>Zakaj izbrati obnovljeno napravo<\/H2><\/p>\n<p>Izbira obnovljene naprave ni le pametna odlo\u010ditev za va\u0161 prora\u010dun, temve\u010d tudi okolju prijazna. Strokovna storitev obnove zagotavlja, da je vsak prenosnik skrbno obnovljen skladno s standardiziranim sistemom kakovostnih ocen. To pomeni, da dobite napravo, ki je preverjena in deluje kot nova, hkrati pa pripomorete k zmanj\u0161anju elektronskih odpadkov.<h2>Odprta embala\u017ea<\/h2>&#13;<br \/>\n<p>Skoraj nobenih znakov obrabe. Tovarni\u0161ka kvaliteta. V ve\u010dini primerov gre za prese\u017eek proizvodnje in neprodane zaloge, pri katerih razlike v primerjavi z novimi napravami niso opazne.<\/p>&#13;<\/p>\n","protected":false},"excerpt":{"rendered":"<p>Intel Ultra 7 256V(2.2GHz), 16\u00a0GB LPDDR5x-8533, 40,6 cm (16,0&#8243;) WUXGA\u00a0(1920&#215;1200) Multi-Touch BrightView\u00a0IPS LED 60 Hz, SSD 1 TB\u00a0PCIe NVMe, HDMI 2.1, 1x Thunderbolt 4 (DisplayPort &#8211; 40 Gbps), 2x USB-A 3.2 Gen2 (10Gbps), 1x USB-C 3.2 Gen2 (10Gbps &#8211; DP 1.4a), Wi-Fi 6E (AX211), Bluetooth 5.3, Backlit Kbd., Webcam, 65W USB-C PD, Pen-Tilt Silver,\u00a0Microsoft Windows 11 Home (64-bit)<\/p>\n","protected":false},"featured_media":100820,"template":"","meta":[],"product_brand":[26],"product_cat":[1296,1204,1964,1958,1286],"product_tag":[1811],"class_list":{"0":"post-100818","1":"product","2":"type-product","3":"status-publish","4":"has-post-thumbnail","6":"product_brand-hewlett-packard","7":"product_cat-hp-prenosniki","8":"product_cat-prenosniki","9":"product_cat-prenosniki-ultrabook","10":"product_cat-prenosniki-za-domaco-uporabo","11":"product_cat-priljubljena-iskanja","12":"product_tag-pp","13":"pa_odgovorna-oseba-v-eu-hp-tehnicna-regulativna-ekipa","15":"first","16":"instock","17":"taxable","18":"shipping-taxable","19":"purchasable","20":"product-type-simple"},"_links":{"self":[{"href":"https:\/\/pracek.si\/racunalniskatrgovina\/wp-json\/wp\/v2\/product\/100818","targetHints":{"allow":["GET"]}}],"collection":[{"href":"https:\/\/pracek.si\/racunalniskatrgovina\/wp-json\/wp\/v2\/product"}],"about":[{"href":"https:\/\/pracek.si\/racunalniskatrgovina\/wp-json\/wp\/v2\/types\/product"}],"version-history":[{"count":1,"href":"https:\/\/pracek.si\/racunalniskatrgovina\/wp-json\/wp\/v2\/product\/100818\/revisions"}],"predecessor-version":[{"id":100819,"href":"https:\/\/pracek.si\/racunalniskatrgovina\/wp-json\/wp\/v2\/product\/100818\/revisions\/100819"}],"wp:featuredmedia":[{"embeddable":true,"href":"https:\/\/pracek.si\/racunalniskatrgovina\/wp-json\/wp\/v2\/media\/100820"}],"wp:attachment":[{"href":"https:\/\/pracek.si\/racunalniskatrgovina\/wp-json\/wp\/v2\/media?parent=100818"}],"wp:term":[{"taxonomy":"product_brand","embeddable":true,"href":"https:\/\/pracek.si\/racunalniskatrgovina\/wp-json\/wp\/v2\/product_brand?post=100818"},{"taxonomy":"product_cat","embeddable":true,"href":"https:\/\/pracek.si\/racunalniskatrgovina\/wp-json\/wp\/v2\/product_cat?post=100818"},{"taxonomy":"product_tag","embeddable":true,"href":"https:\/\/pracek.si\/racunalniskatrgovina\/wp-json\/wp\/v2\/product_tag?post=100818"}],"curies":[{"name":"wp","href":"https:\/\/api.w.org\/{rel}","templated":true}]}}