{"id":100844,"date":"2026-04-04T10:21:09","date_gmt":"2026-04-04T09:21:09","guid":{"rendered":"https:\/\/pracek.si\/racunalniskatrgovina\/izdelek\/prenosnik-hp-spectre-x360-16-aa0004na-u7-155h-oled-2-8k-touch-ultra-7-ram-16-gb-ssd-disk-160%e2%80%b3-2-8k\/"},"modified":"2026-04-04T10:21:13","modified_gmt":"2026-04-04T09:21:13","slug":"prenosnik-hp-spectre-x360-16-aa0004na-u7-155h-oled-2-8k-touch-ultra-7-ram-16-gb-ssd-disk-160%e2%80%b3-2-8k","status":"publish","type":"product","link":"https:\/\/pracek.si\/racunalniskatrgovina\/izdelek\/prenosnik-hp-spectre-x360-16-aa0004na-u7-155h-oled-2-8k-touch-ultra-7-ram-16-gb-ssd-disk-160%e2%80%b3-2-8k\/","title":{"rendered":"Prenosnik HP Spectre x360 16-aa0004na | U7 155H | OLED 2.8K Touch \/ Ultra 7 \/ RAM 16 GB \/ SSD Disk \/ 16,0\u2033 2.8K"},"content":{"rendered":"<p>HP Spectre x360 16-aa0004na je napreden prenosnik, ki zdru\u017euje eleganco in zmogljivost v eni izjemni napravi. Zasnovan je tako, da zadovolji tako profesionalne uporabnike kot tudi navdu\u0161ence nad tehnologijo, ki potrebujejo napravo za razli\u010dne naloge. Njegov 16-pal\u010dni zaslon OLED z lo\u010dljivostjo 2.8K in ob\u010dutljivostjo na dotik zagotavlja osupljiv prikaz in enostavno navigacijo.<\/p>\n<p><H2>Najve\u010dje prednosti<\/H2><br \/>\n<ul><br \/>\n<li><b>Izjemna vizualna do\u017eivetja<\/b> zahvaljujo\u010d 16-pal\u010dnemu OLED zaslonu z lo\u010dljivostjo 2.8K, ki ponuja bogate barve in kristalno jasno sliko. <\/li><br \/>\n<li><b>Izjemna hitrost in zmogljivost<\/b> z vgrajenim naprednim procesorjem in hitrim NVMe SSD za hiter zagon in zmogljivo delovanje.<\/li><br \/>\n<li><b>Prilagodljive mo\u017enosti povezovanja<\/b> s priklju\u010dki HDMI, Thunderbolt in USB za popolno fleksibilnost pri povezovanju zunanjih naprav.<\/li><br \/>\n<li><b>Vrhunska brez\u017ei\u010dna izku\u0161nja<\/b> z najnovej\u0161o Wi-Fi tehnologijo in Bluetooth.<\/li><br \/>\n<\/ul><\/p>\n<p><H2>Kdo kupuje ta izdelek<\/H2><br \/>\nTa prenosnik je idealen za zahtevne uporabnike, kot so oblikovalci, razvijalci programske opreme in poslovni strokovnjaki. Prav tako ustreza potrebam \u0161tudentov vi\u0161jih \u0161ol, ki i\u0161\u010dejo zanesljivo napravo za zahtevnej\u0161e naloge in zabavo.<\/p>\n<p><H2>Mo\u017enosti nadgradnje<\/H2><br \/>\nHP Spectre x360 ponuja razli\u010dne mo\u017enosti nadgradnje, vklju\u010dno z raz\u0161iritvijo diska in pomnilnika, kar omogo\u010da prilagoditev prenosnika va\u0161im potrebam. <b>Pred izvedbo nadgradnje se vedno posvetujte s strokovnjakom.<\/b><\/p>\n<p><H2>Zakaj izbrati obnovljeno napravo<\/H2><br \/>\nOdlo\u010ditev za obnovljeno napravo prina\u0161a \u0161tevilne koristi. Strokovno obnovljen prenosnik HP Spectre x360 vedno ustreza strogim kriterijem kakovosti, kar zagotavlja, da deluje, kot bi bil nov. Poleg tega prispeva k trajnostni prihodnosti z zmanj\u0161anjem elektronskih odpadkov. Je popolna izbira za tiste, ki i\u0161\u010dejo odli\u010dno vrednost za svoj denar brez kompromisov pri kakovosti in zmogljivosti.<\/p>\n<p>Izberite HP Spectre x360 in izkusite brezkompromisno mo\u010d ter eleganco na vsakem koraku.<h2>Odprta embala\u017ea<\/h2>&#13;<br \/>\n<p>Skoraj nobenih znakov obrabe. Tovarni\u0161ka kvaliteta. V ve\u010dini primerov gre za prese\u017eek proizvodnje in neprodane zaloge, pri katerih razlike v primerjavi z novimi napravami niso opazne.<\/p>&#13;<\/p>\n","protected":false},"excerpt":{"rendered":"<p>Intel Core Ultra 7 155H (2,2 &#8211; 4,8 GHz), 16\u00a0GB LPDDR5x-6400, SSD 1\u00a0TB M.2 PCIe NVMe, 40,6 cm (16,0&#8243;) 2.8K (2880&#215;1800) Multi-Touch BV OLED VRR 48-120 Hz, Intel Arc Graphics\u00a0(IGP), 1x HDMI 2.1, 2x Thunderbolt (USB-C\/DisplayPort &#8211; 40 Gbps), 1x USB-A 3.2 Gen2 (10 Gbps), Wi-Fi 7 BE200 (2&#215;2), Bluetooth 5.4, Backlit Kbd., Microsoft Windows 11 Home (64-bit)<\/p>\n","protected":false},"featured_media":100846,"template":"","meta":[],"product_brand":[26],"product_cat":[1296,1204,1964,1958,1286],"product_tag":[1811],"class_list":{"0":"post-100844","1":"product","2":"type-product","3":"status-publish","4":"has-post-thumbnail","6":"product_brand-hewlett-packard","7":"product_cat-hp-prenosniki","8":"product_cat-prenosniki","9":"product_cat-prenosniki-ultrabook","10":"product_cat-prenosniki-za-domaco-uporabo","11":"product_cat-priljubljena-iskanja","12":"product_tag-pp","13":"pa_odgovorna-oseba-v-eu-hp-tehnicna-regulativna-ekipa","15":"first","16":"instock","17":"taxable","18":"shipping-taxable","19":"purchasable","20":"product-type-simple"},"_links":{"self":[{"href":"https:\/\/pracek.si\/racunalniskatrgovina\/wp-json\/wp\/v2\/product\/100844","targetHints":{"allow":["GET"]}}],"collection":[{"href":"https:\/\/pracek.si\/racunalniskatrgovina\/wp-json\/wp\/v2\/product"}],"about":[{"href":"https:\/\/pracek.si\/racunalniskatrgovina\/wp-json\/wp\/v2\/types\/product"}],"version-history":[{"count":1,"href":"https:\/\/pracek.si\/racunalniskatrgovina\/wp-json\/wp\/v2\/product\/100844\/revisions"}],"predecessor-version":[{"id":100845,"href":"https:\/\/pracek.si\/racunalniskatrgovina\/wp-json\/wp\/v2\/product\/100844\/revisions\/100845"}],"wp:featuredmedia":[{"embeddable":true,"href":"https:\/\/pracek.si\/racunalniskatrgovina\/wp-json\/wp\/v2\/media\/100846"}],"wp:attachment":[{"href":"https:\/\/pracek.si\/racunalniskatrgovina\/wp-json\/wp\/v2\/media?parent=100844"}],"wp:term":[{"taxonomy":"product_brand","embeddable":true,"href":"https:\/\/pracek.si\/racunalniskatrgovina\/wp-json\/wp\/v2\/product_brand?post=100844"},{"taxonomy":"product_cat","embeddable":true,"href":"https:\/\/pracek.si\/racunalniskatrgovina\/wp-json\/wp\/v2\/product_cat?post=100844"},{"taxonomy":"product_tag","embeddable":true,"href":"https:\/\/pracek.si\/racunalniskatrgovina\/wp-json\/wp\/v2\/product_tag?post=100844"}],"curies":[{"name":"wp","href":"https:\/\/api.w.org\/{rel}","templated":true}]}}