{"id":101553,"date":"2026-04-04T10:14:27","date_gmt":"2026-04-04T09:14:27","guid":{"rendered":"https:\/\/pracek.si\/racunalniskatrgovina\/izdelek\/racunalnik-hp-proone-240-g10-aio-i5-1334u-i5-ram-16-gb-ssd-disk-2\/"},"modified":"2026-04-04T10:14:28","modified_gmt":"2026-04-04T09:14:28","slug":"racunalnik-hp-proone-240-g10-aio-i5-1334u-i5-ram-16-gb-ssd-disk-2","status":"publish","type":"product","link":"https:\/\/pracek.si\/racunalniskatrgovina\/izdelek\/racunalnik-hp-proone-240-g10-aio-i5-1334u-i5-ram-16-gb-ssd-disk-2\/","title":{"rendered":"Ra\u010dunalnik HP ProOne 240 G10 AiO | i5-1334U \/ i5 \/ RAM 16 GB \/ SSD Disk"},"content":{"rendered":"<p>HP ProOne 240 G10 AiO vas bo osvojil s svojo eleganco in zmogljivostjo, ki zdru\u017euje vse, kar potrebujete za udobje in u\u010dinkovitost na enem mestu. Ta vsestranski ra\u010dunalnik prina\u0161a optimalno povezljivost, zanesljivost in zmogljivost v privla\u010dnem in kompaktno zasnovanem ohi\u0161ju.<\/p>\n<p>&lt;H2&gt;Najve\u010dje prednosti&lt;\/H2&gt;<br \/>\n&lt;ul&gt;<br \/>\n  &lt;li&gt;&lt;b&gt;Vrhunska zmogljivost:&lt;\/b&gt; Opremite se s procesorjem, ki omogo\u010da hitro in nemoteno delovanje pri ve\u010dopravilnosti.&lt;\/li&gt;<br \/>\n  &lt;li&gt;&lt;b&gt;Izjemno hitri NVMe SSD:&lt;\/b&gt; Odpiranje datotek in aplikacij je kar do 6-krat hitrej\u0161e kot pri tradicionalnih SSD diskih.&lt;\/li&gt;<br \/>\n  &lt;li&gt;&lt;b&gt;Odli\u010dna slika:&lt;\/b&gt; U\u017eivajte v kristalno \u010disti sliki na 23,8-pal\u010dnem zaslonu z lo\u010dljivostjo FHD.&lt;\/li&gt;<br \/>\n  &lt;li&gt;&lt;b&gt;Povezljivost brez primere:&lt;\/b&gt; Najnovej\u0161a Wi-Fi 6 tehnologija in Bluetooth 5.3 zagotavljata stabilno in hitro brez\u017ei\u010dno povezavo.&lt;\/li&gt;<br \/>\n&lt;\/ul&gt;<\/p>\n<p>&lt;H2&gt;Kdo kupuje ta izdelek&lt;\/H2&gt;<br \/>\nTovrstni ra\u010dunalnik je idealen za profesionalce, ki i\u0161\u010dejo zanesljivo delovno postajo v pisarni ali doma\u010dem okolju. Prav tako je primeren za \u0161tudente, ki potrebujejo robustno napravo za izvajanje zahtevnej\u0161ih projektov. Njegova prilagodljivost in brezhibnost pri izvajanju vsakodnevnih nalog ga naredi popolnega za pisarni\u0161ko delo, ra\u010dunalni\u0161ko grafiko in analizo podatkov.<\/p>\n<p>&lt;H2&gt;Mo\u017enosti nadgradnje&lt;\/H2&gt;<br \/>\nTa model omogo\u010da nadgradnjo diska in pomnilnika, kar pomeni, da lahko ra\u010dunalnik raste skupaj z va\u0161imi potrebami. Raz\u0161irite prostor za shranjevanje ali izbolj\u0161ajte zmogljivost pomnilnika za \u0161e bolj\u0161e delovanje. &lt;i&gt;Pred izvedbo nadgradnje se vedno posvetujte s strokovnjakom.&lt;\/i&gt;<\/p>\n<p>&lt;H2&gt;Zakaj izbrati obnovljeno napravo&lt;\/H2&gt;<br \/>\nIzberite obnovljen ra\u010dunalnik in koristite tako za okolje kot za va\u0161o denarnico. U\u017eivajte v napravi, ki je bila podvr\u017eena skrbni obdelavi s strokovno storitvijo obnove in stroge kvalitetne preglede, s \u010dimer je zagotovo v odli\u010dnem stanju. Obnovljeni izdelki so odli\u010dna prilo\u017enost za podjetja in posameznike, ki \u017eelijo pridobiti vrhunsko opremo po bolj dostopnih cenah, obenem pa prispevajo k trajnostnemu ravnanju.&lt;h2&gt;Odprta embala\u017ea&lt;\/h2&gt;&#13;<br \/>\n&lt;p&gt;Skoraj nobenih znakov obrabe. Tovarni\u0161ka kvaliteta. V ve\u010dini primerov gre za prese\u017eek proizvodnje in neprodane zaloge, pri katerih razlike v primerjavi z novimi napravami niso opazne.&lt;\/p&gt;&#13;<\/p>\n","protected":false},"excerpt":{"rendered":"<p>Intel Core i5-1334U (1,3 GHz), 16\u00a0GB DDR4-3200, SSD 512\u00a0GB PCIe NVMe, Intel Iris Xe Graphics (IGP), Wi-Fi 6 (802.11ax), Bluetooth 5.3, Webcam, 60,5 cm (23,8&#8243;) FHD (1920&#215;1080) AG LED, HDMI, 1x USB-C 3.2 Gen1 (5Gbps), 2x USB-A 3.2 Gen2 (5Gbps), 2x USB-A 2.0, Free DOS<\/p>\n","protected":false},"featured_media":100331,"template":"","meta":[],"product_brand":[26],"product_cat":[1287,1286,1218,1288,1957,1961],"product_tag":[1811],"class_list":{"0":"post-101553","1":"product","2":"type-product","3":"status-publish","4":"has-post-thumbnail","6":"product_brand-hewlett-packard","7":"product_cat-hp-racunalniki","8":"product_cat-priljubljena-iskanja","9":"product_cat-racunalniki","10":"product_cat-racunalniki-i7","11":"product_cat-racunalniki-za-domaco-uporabo","12":"product_cat-racunalniki-za-poslovno-uporabo","13":"product_tag-pp","14":"pa_odgovorna-oseba-v-eu-hp-tehnicna-regulativna-ekipa","16":"first","17":"instock","18":"taxable","19":"shipping-taxable","20":"purchasable","21":"product-type-simple"},"_links":{"self":[{"href":"https:\/\/pracek.si\/racunalniskatrgovina\/wp-json\/wp\/v2\/product\/101553","targetHints":{"allow":["GET"]}}],"collection":[{"href":"https:\/\/pracek.si\/racunalniskatrgovina\/wp-json\/wp\/v2\/product"}],"about":[{"href":"https:\/\/pracek.si\/racunalniskatrgovina\/wp-json\/wp\/v2\/types\/product"}],"version-history":[{"count":2,"href":"https:\/\/pracek.si\/racunalniskatrgovina\/wp-json\/wp\/v2\/product\/101553\/revisions"}],"predecessor-version":[{"id":101709,"href":"https:\/\/pracek.si\/racunalniskatrgovina\/wp-json\/wp\/v2\/product\/101553\/revisions\/101709"}],"wp:featuredmedia":[{"embeddable":true,"href":"https:\/\/pracek.si\/racunalniskatrgovina\/wp-json\/wp\/v2\/media\/100331"}],"wp:attachment":[{"href":"https:\/\/pracek.si\/racunalniskatrgovina\/wp-json\/wp\/v2\/media?parent=101553"}],"wp:term":[{"taxonomy":"product_brand","embeddable":true,"href":"https:\/\/pracek.si\/racunalniskatrgovina\/wp-json\/wp\/v2\/product_brand?post=101553"},{"taxonomy":"product_cat","embeddable":true,"href":"https:\/\/pracek.si\/racunalniskatrgovina\/wp-json\/wp\/v2\/product_cat?post=101553"},{"taxonomy":"product_tag","embeddable":true,"href":"https:\/\/pracek.si\/racunalniskatrgovina\/wp-json\/wp\/v2\/product_tag?post=101553"}],"curies":[{"name":"wp","href":"https:\/\/api.w.org\/{rel}","templated":true}]}}