{"id":101589,"date":"2026-04-04T10:12:51","date_gmt":"2026-04-04T09:12:51","guid":{"rendered":"https:\/\/pracek.si\/racunalniskatrgovina\/izdelek\/prenosnik-hp-probook-4-g1i-16-u7-255h-24gb-ram-win-10-pro-ultra-7-ram-24-gb-ssd-disk-160%e2%80%b3-wuxga\/"},"modified":"2026-04-04T10:12:52","modified_gmt":"2026-04-04T09:12:52","slug":"prenosnik-hp-probook-4-g1i-16-u7-255u-24gb-ram-win-10-pro-ultra-7-ram-24-gb-ssd-disk-160%e2%80%b3-wuxga","status":"publish","type":"product","link":"https:\/\/pracek.si\/racunalniskatrgovina\/izdelek\/prenosnik-hp-probook-4-g1i-16-u7-255u-24gb-ram-win-10-pro-ultra-7-ram-24-gb-ssd-disk-160%e2%80%b3-wuxga\/","title":{"rendered":"Prenosnik HP ProBook 4 G1i 16 | U7 255U | 24GB RAM | Win 10 Pro \/ Ultra 7 \/ RAM 24 GB \/ SSD Disk \/ 16,0\u2033 WUXGA"},"content":{"rendered":"<p>Elegantno oblikovan HP ProBook vam omogo\u010da zmogljivost in zanesljivost v sodobnem paketu. Ponuja impresiven 16-pal\u010dni zaslon z visoko lo\u010dljivostjo, ki zagotavlja jasne in \u017eivahne slike. Opremljen z zmogljivim procesorjem in veliko pomnilnika je idealen za tiste, ki i\u0161\u010dejo zanesljivega spremljevalca za delo in zabavo.<\/p>\n<p>&lt;H2&gt;Najve\u010dje prednosti&lt;\/H2&gt;<br \/>\n&lt;ul&gt;<br \/>\n    &lt;li&gt;16-pal\u010dni WUXGA zaslon s &lt;b&gt;\u0161irokimi koti vidljivosti&lt;\/b&gt;&lt;\/li&gt;<br \/>\n    &lt;li&gt;&lt;b&gt;Hitri NVMe SSD&lt;\/b&gt; za bliskovito odzivnost in hitrej\u0161i prenos podatkov&lt;\/li&gt;<br \/>\n    &lt;li&gt;Ve\u010d priklju\u010dkov vklju\u010dno s &lt;b&gt;HDMI 2.1&lt;\/b&gt; in &lt;b&gt;USB-C 3.2 Gen2&lt;\/b&gt;&lt;\/li&gt;<br \/>\n    &lt;li&gt;Napredna za\u0161\u010dita z vgrajenim &lt;b&gt;\u010ditalnikom prstnih odtisov&lt;\/b&gt; in osvetljeno tipkovnico&lt;\/li&gt;<br \/>\n&lt;\/ul&gt;<\/p>\n<p>&lt;H2&gt;Kdo kupuje ta izdelek&lt;\/H2&gt;<br \/>\nHP ProBook je prava izbira za profesionalce, ki potrebujejo zanesljivo napravo za vsakodnevno delo. Primerno je tudi za \u0161tudente in kreativce, ki i\u0161\u010dejo napravo, ki omogo\u010da prijetno izku\u0161njo dela z mediji in ve\u010dopravilnost. S priro\u010dnim dizajnom in robustnostjo je tudi odli\u010den prenosnik za potovanja.<\/p>\n<p>&lt;H2&gt;Mo\u017enosti nadgradnje&lt;\/H2&gt;<br \/>\nPri prenosniku je omogo\u010dena nadgradnja diska in pomnilnika, kar omogo\u010da prilagoditev naprave va\u0161im potrebam po zmogljivosti v prihodnosti. &lt;b&gt;Pred izvedbo nadgradnje se vedno posvetujte s strokovnjakom.&lt;\/b&gt;<\/p>\n<p>&lt;H2&gt;Zakaj izbrati obnovljeno napravo&lt;\/H2&gt;<br \/>\nObnovljeni HP ProBook prina\u0161a &lt;b&gt;odli\u010dno vrednost za va\u0161 denar&lt;\/b&gt;, saj zdru\u017euje vrhunske komponente in skrbno obnovitveno storitev, ki zagotavlja, da je naprava kot nova. Vsak obnovljen izdelek je preizku\u0161en s standardiziranim sistemom kakovostnih ocen, ki zagotavlja visoko kakovost in zanesljivost. Izbira obnovljenega ra\u010dunalnika ni samo pametnej\u0161a izbira za va\u0161o denarnico, temve\u010d tudi prispevek k ohranjanju narave, kar vam omogo\u010da, da sodelujete v kro\u017enem gospodarstvu z manj\u0161o obremenitvijo na okolje.&lt;h2&gt;Odprta embala\u017ea&lt;\/h2&gt;&#13;<br \/>\n&lt;p&gt;Skoraj nobenih znakov obrabe. Tovarni\u0161ka kvaliteta. V ve\u010dini primerov gre za prese\u017eek proizvodnje in neprodane zaloge, pri katerih razlike v primerjavi z novimi napravami niso opazne.&lt;\/p&gt;&#13;<\/p>\n","protected":false},"excerpt":{"rendered":"<p>Intel Core Ultra 7\u00a0255U\u00a0(2,0\u00a0GHz),\u00a040,6 cm (16,0&#8243;)\u00a0WUXGA (1920&#215;1200) IPS AG WLED, 24\u00a0GB DDR5-5600, SSD 1 TB M.2\u00a0PCIe NVMe, Intel Graphics (IGP), 1x HDMI 2.1,\u00a02x USB-C 3.2 Gen2 (10Gbps &#8211; DisplayPort), 2x USB-A 3.2 Gen1 (5Gbps), Wi-Fi 6E AX211, Bluetooth 5.3,\u00a0Webcam, Fingerprint, Backlit\u00a0Kbd., Microsoft\u00a0Windows 10 Pro (64-bit)<\/p>\n","protected":false},"featured_media":101591,"template":"","meta":[],"product_brand":[26],"product_cat":[1296,1204,1958,1959,1286],"product_tag":[1811],"class_list":{"0":"post-101589","1":"product","2":"type-product","3":"status-publish","4":"has-post-thumbnail","6":"product_brand-hewlett-packard","7":"product_cat-hp-prenosniki","8":"product_cat-prenosniki","9":"product_cat-prenosniki-za-domaco-uporabo","10":"product_cat-prenosniki-za-poslovno-uporabo","11":"product_cat-priljubljena-iskanja","12":"product_tag-pp","13":"pa_odgovorna-oseba-v-eu-hp-tehnicna-regulativna-ekipa","15":"first","16":"instock","17":"taxable","18":"shipping-taxable","19":"purchasable","20":"product-type-simple"},"_links":{"self":[{"href":"https:\/\/pracek.si\/racunalniskatrgovina\/wp-json\/wp\/v2\/product\/101589","targetHints":{"allow":["GET"]}}],"collection":[{"href":"https:\/\/pracek.si\/racunalniskatrgovina\/wp-json\/wp\/v2\/product"}],"about":[{"href":"https:\/\/pracek.si\/racunalniskatrgovina\/wp-json\/wp\/v2\/types\/product"}],"version-history":[{"count":2,"href":"https:\/\/pracek.si\/racunalniskatrgovina\/wp-json\/wp\/v2\/product\/101589\/revisions"}],"predecessor-version":[{"id":101995,"href":"https:\/\/pracek.si\/racunalniskatrgovina\/wp-json\/wp\/v2\/product\/101589\/revisions\/101995"}],"wp:featuredmedia":[{"embeddable":true,"href":"https:\/\/pracek.si\/racunalniskatrgovina\/wp-json\/wp\/v2\/media\/101591"}],"wp:attachment":[{"href":"https:\/\/pracek.si\/racunalniskatrgovina\/wp-json\/wp\/v2\/media?parent=101589"}],"wp:term":[{"taxonomy":"product_brand","embeddable":true,"href":"https:\/\/pracek.si\/racunalniskatrgovina\/wp-json\/wp\/v2\/product_brand?post=101589"},{"taxonomy":"product_cat","embeddable":true,"href":"https:\/\/pracek.si\/racunalniskatrgovina\/wp-json\/wp\/v2\/product_cat?post=101589"},{"taxonomy":"product_tag","embeddable":true,"href":"https:\/\/pracek.si\/racunalniskatrgovina\/wp-json\/wp\/v2\/product_tag?post=101589"}],"curies":[{"name":"wp","href":"https:\/\/api.w.org\/{rel}","templated":true}]}}