{"id":101915,"date":"2026-04-03T23:12:38","date_gmt":"2026-04-03T22:12:38","guid":{"rendered":"https:\/\/pracek.si\/racunalniskatrgovina\/izdelek\/prenosnik-hp-probook-4-g1a-14-r5-230-w11p-amd-ryzen-5-ram-16-gb-ssd-disk-140%e2%80%b3-wuxga\/"},"modified":"2026-04-03T23:12:38","modified_gmt":"2026-04-03T22:12:38","slug":"prenosnik-hp-probook-4-g1a-14-r5-230-w11p-amd-ryzen-5-ram-16-gb-ssd-disk-140%e2%80%b3-wuxga","status":"publish","type":"product","link":"https:\/\/pracek.si\/racunalniskatrgovina\/izdelek\/prenosnik-hp-probook-4-g1a-14-r5-230-w11p-amd-ryzen-5-ram-16-gb-ssd-disk-140%e2%80%b3-wuxga\/","title":{"rendered":"Prenosnik HP ProBook 4 G1a 14 | R5-230 | W11P \/ AMD Ryzen\u2122 5 \/ RAM 16 GB \/ SSD Disk \/ 14,0\u2033 WUXGA"},"content":{"rendered":"<p>HP ProBook 4 G1a 14 je eleganten prenosnik, zasnovan za u\u010dinkovito delo v vsakem okolju. Odlikujejo ga izjemna zmogljivost, prilagodljivost in varnost, zaradi \u010desar se odli\u010dno znajde v razli\u010dnih delovnih in osebnih scenarijih.<\/p>\n<p>&lt;H2&gt;Najve\u010dje prednosti&lt;\/H2&gt;<br \/>\n&lt;ul&gt;<br \/>\n    &lt;li&gt;Tanek in lahek dizajn omogo\u010da enostavno prenosljivost&lt;\/li&gt;<br \/>\n    &lt;li&gt;14-pal\u010dni WUXGA zaslon z LED osvetlitvijo nudi jasno in ostro sliko&lt;\/li&gt;<br \/>\n    &lt;li&gt;Vgrajena Wi-Fi 6E in Bluetooth 5.3 tehnologija omogo\u010data hitro in zanesljivo povezljivost&lt;\/li&gt;<br \/>\n    &lt;li&gt;Vgrajeni HDMI in USB-C vhodi ponujajo ve\u010d mo\u017enosti priklju\u010ditve zunanjih naprav&lt;\/li&gt;<br \/>\n    &lt;li&gt;Zaslon na dotik, spletna kamera in osvetljena tipkovnica za izbolj\u0161ano uporabni\u0161ko izku\u0161njo&lt;\/li&gt;<br \/>\n&lt;\/ul&gt;<\/p>\n<p>&lt;H2&gt;Kdo kupuje ta izdelek&lt;\/H2&gt;<br \/>\nPrenosnik HP ProBook 4 G1a 14 je idealen za poslovne uporabnike, \u0161tudente in profesionalce, ki potrebujejo zanesljivo, zmogljivo in elegantno napravo. Njegova vsestranskost ga naredi primernrega tudi za uporabnike, ki pogosto potujejo ali delajo na daljavo.<\/p>\n<p>&lt;H2&gt;Mo\u017enosti nadgradnje&lt;\/H2&gt;<br \/>\nPrenosnik ponuja mo\u017enost nadgraditve pomnilnika in diska, kar omogo\u010da prilagajanje naprave specifi\u010dnim potrebam uporabnika. &lt;b&gt;SSD M.2 PCIe NVMe&lt;\/b&gt; zagotavlja izjemno hitro branje in zapisovanje podatkov, kar pripomore k u\u010dinkovitemu delu. Pred izvedbo nadgradnje se vedno posvetujte s strokovnjakom.<\/p>\n<p>&lt;H2&gt;Zakaj izbrati obnovljeno napravo&lt;\/H2&gt;<br \/>\nIzbira obnovljenega prenosnika je okolju prijazna in stro\u0161kovno u\u010dinkovita odlo\u010ditev. Vsaka obnovljena naprava je bila temeljito preverjena s strani strokovne obnove, kar zagotavlja visoke standarde kakovosti. Obnavljanje pripomore k zmanj\u0161anju elektronskih odpadkov in hkrati ponuja vrhunsko napravo po ugodnej\u0161i ceni, kar izbolj\u0161a vrednost ponudbe.&lt;h2&gt;Odprta embala\u017ea&lt;\/h2&gt;&#13;<br \/>\n&lt;p&gt;Skoraj nobenih znakov obrabe. Tovarni\u0161ka kvaliteta. V ve\u010dini primerov gre za prese\u017eek proizvodnje in neprodane zaloge, pri katerih razlike v primerjavi z novimi napravami niso opazne.&lt;\/p&gt;&#13;<\/p>\n","protected":false},"excerpt":{"rendered":"<p>AMD Ryzen 5 230 (3,5 GHz), 16 GB DDR5-5600, SSD 256 GB M.2 PCIe NVMe, 35,6 cm (14.0\u2033)\u00a0WUXGA (1920&#215;1200) AG LED UWVA 60 Hz, AMD Radeon\u00a0760M (IGP), 1x HDMI 2.1, 2x USB-C 3.2 Gen2 (DisplayPort &#8211; 10Gbps) 2x USB-A 3.2 Gen1 (5Gbps),\u00a0Wi-Fi 6E (2&#215;2), Bluetooth 5.3, Webcam, Fingerprint, Backlit Kbd.,\u00a0Microsoft\u00a0Windows 11 Pro (64-bit)<\/p>\n","protected":false},"featured_media":101917,"template":"","meta":[],"product_brand":[26],"product_cat":[1296,1204,1964,1959,1286],"product_tag":[1811],"class_list":{"0":"post-101915","1":"product","2":"type-product","3":"status-publish","4":"has-post-thumbnail","6":"product_brand-hewlett-packard","7":"product_cat-hp-prenosniki","8":"product_cat-prenosniki","9":"product_cat-prenosniki-ultrabook","10":"product_cat-prenosniki-za-poslovno-uporabo","11":"product_cat-priljubljena-iskanja","12":"product_tag-pp","13":"pa_odgovorna-oseba-v-eu-hp-tehnicna-regulativna-ekipa","15":"first","16":"instock","17":"taxable","18":"shipping-taxable","19":"purchasable","20":"product-type-simple"},"_links":{"self":[{"href":"https:\/\/pracek.si\/racunalniskatrgovina\/wp-json\/wp\/v2\/product\/101915","targetHints":{"allow":["GET"]}}],"collection":[{"href":"https:\/\/pracek.si\/racunalniskatrgovina\/wp-json\/wp\/v2\/product"}],"about":[{"href":"https:\/\/pracek.si\/racunalniskatrgovina\/wp-json\/wp\/v2\/types\/product"}],"version-history":[{"count":1,"href":"https:\/\/pracek.si\/racunalniskatrgovina\/wp-json\/wp\/v2\/product\/101915\/revisions"}],"predecessor-version":[{"id":101916,"href":"https:\/\/pracek.si\/racunalniskatrgovina\/wp-json\/wp\/v2\/product\/101915\/revisions\/101916"}],"wp:featuredmedia":[{"embeddable":true,"href":"https:\/\/pracek.si\/racunalniskatrgovina\/wp-json\/wp\/v2\/media\/101917"}],"wp:attachment":[{"href":"https:\/\/pracek.si\/racunalniskatrgovina\/wp-json\/wp\/v2\/media?parent=101915"}],"wp:term":[{"taxonomy":"product_brand","embeddable":true,"href":"https:\/\/pracek.si\/racunalniskatrgovina\/wp-json\/wp\/v2\/product_brand?post=101915"},{"taxonomy":"product_cat","embeddable":true,"href":"https:\/\/pracek.si\/racunalniskatrgovina\/wp-json\/wp\/v2\/product_cat?post=101915"},{"taxonomy":"product_tag","embeddable":true,"href":"https:\/\/pracek.si\/racunalniskatrgovina\/wp-json\/wp\/v2\/product_tag?post=101915"}],"curies":[{"name":"wp","href":"https:\/\/api.w.org\/{rel}","templated":true}]}}