{"id":102141,"date":"2026-04-04T10:10:40","date_gmt":"2026-04-04T09:10:40","guid":{"rendered":"https:\/\/pracek.si\/racunalniskatrgovina\/izdelek\/racunalnik-hp-proone-440-g9-aio-i5-13500t-touch-i5-ram-16-gb-ssd-disk\/"},"modified":"2026-04-04T10:10:44","modified_gmt":"2026-04-04T09:10:44","slug":"racunalnik-hp-proone-440-g9-aio-i5-13500t-touch-i5-ram-16-gb-ssd-disk","status":"publish","type":"product","link":"https:\/\/pracek.si\/racunalniskatrgovina\/izdelek\/racunalnik-hp-proone-440-g9-aio-i5-13500t-touch-i5-ram-16-gb-ssd-disk\/","title":{"rendered":"Ra\u010dunalnik HP ProOne 440 G9 AiO | i5-13500T | Touch \/ i5 \/ RAM 16 GB \/ SSD Disk"},"content":{"rendered":"<p>Ra\u010dunalnik HP ProOne 440 G9 AiO predstavlja funkcionalno in estetsko privla\u010dno re\u0161itev za sodobno delovno okolje. Z njegovim elegantnim dizajnom in zmogljivo notranjostjo je ta ra\u010dunalnik idealen za razli\u010dna delovna okolja, saj ponuja ve\u010dopravilnost in zanesljivost.<\/p>\n<p>&lt;H2&gt;Najve\u010dje prednosti&lt;\/H2&gt;<br \/>\n&lt;ul&gt;<br \/>\n    &lt;li&gt;&lt;b&gt;Ve\u010dto\u010dkovni zaslon&lt;\/b&gt;: Z 23,8-pal\u010dnim FHD zaslonom na dotik ponuja edinstveno uporabni\u0161ko izku\u0161njo s kristalno jasno sliko.&lt;\/li&gt;<br \/>\n    &lt;li&gt;&lt;b&gt;Zmogljiv procesor&lt;\/b&gt;: S procesorjem, ki omogo\u010da hitro obdelavo podatkov, je pripravljen na vse izzive.&lt;\/li&gt;<br \/>\n    &lt;li&gt;&lt;b&gt;Hitrost NVMe diska&lt;\/b&gt;: 512 GB SSD disk M.2 PCIe NVMe zagotavlja izjemno hitro nalaganje aplikacij in dokumentov.&lt;\/li&gt;<br \/>\n    &lt;li&gt;&lt;b&gt;Povezljivost&lt;\/b&gt;: Vsebuje \u0161irok nabor priklju\u010dkov, vklju\u010dno z DisplayPort, HDMI, ve\u010d USB-A in USB-C vhodi, omogo\u010da veliko mo\u017enosti povezljivosti.&lt;\/li&gt;<br \/>\n    &lt;li&gt;&lt;b&gt;Brez\u017ei\u010dne povezave&lt;\/b&gt;: Opremeljen je z Wi-Fi 6 in Bluetooth 5.3 za sodobno povezljivost.&lt;\/li&gt;<br \/>\n&lt;\/ul&gt;<\/p>\n<p>&lt;H2&gt;Kdo kupuje ta izdelek&lt;\/H2&gt;<br \/>\nTa ra\u010dunalnik je popolna izbira za podjetja in posameznike, ki potrebujejo zmogljivost in zanesljivost v elegantni obliki. Prav tako je idealen za izobra\u017eevalne ustanove, kjer je potreba po robustnih napravah s \u0161tevilnimi povezljivostnimi mo\u017enostmi klju\u010dnega pomena.<\/p>\n<p>&lt;H2&gt;Mo\u017enosti nadgradnje&lt;\/H2&gt;<br \/>\nOpcije nadgradnje omogo\u010dajo, da \u0161e naprej izkoristite zmogljive zmogljivosti tega ra\u010dunalnika, saj omogo\u010da nadgradnjo pomnilnika in diska, da ostane v koraku s prihodnjimi aplikacijami in posodobitvami. Pred izvedbo nadgradnje se vedno posvetujte s strokovnjakom.<\/p>\n<p>&lt;H2&gt;Zakaj izbrati obnovljeno napravo&lt;\/H2&gt;<br \/>\nIzbrati obnovljeno napravo pomeni, da podpirate okoljsko trajnost brez \u017ertvovanja kakovosti. Naprava je obnovljena in pregledana po standardiziranem sistemu kakovostnih ocen, kar zagotavlja, da izpolnjuje najvi\u0161je standarde delovanja in videza. Pridobite vrhunsko tehnologijo po dostopnej\u0161i ceni, obenem pa prispevate k zmanj\u0161evanju elektronskih odpadkov.&lt;h2&gt;Odprta embala\u017ea&lt;\/h2&gt;&#13;<br \/>\n&lt;p&gt;Skoraj nobenih znakov obrabe. Tovarni\u0161ka kvaliteta. V ve\u010dini primerov gre za prese\u017eek proizvodnje in neprodane zaloge, pri katerih razlike v primerjavi z novimi napravami niso opazne.&lt;\/p&gt;&#13;<\/p>\n","protected":false},"excerpt":{"rendered":"<p>Intel\u00a0Core i5-13500T (1,6 &#8211; 4,6 GHz), 60,45 cm (23,8\u2033) FHD (1920&#215;1080) Multi-Touch LED 60 Hz, 16\u00a0GB DDR4-3200, SSD 512\u00a0GB\u00a0M.2 PCIe NVMe, Intel\u00a0UHD Graphics 770 (IGP), 1x DisplayPort, 1x HDMI 1.4, 3x USB-A 3.2 Gen2 (10Gbps), 1x USB-C 3.2 (10Gbps), 2x USB-A 3.2 Gen1 (5Gbps), Wi-Fi 6, Bluetooth 5.3, Gb LAN, Webcam, Microsoft Windows 11\u00a0Pro (64-bit)<\/p>\n","protected":false},"featured_media":102143,"template":"","meta":[],"product_brand":[26],"product_cat":[1287,1286,1218,1288,1957,1961],"product_tag":[1811],"class_list":{"0":"post-102141","1":"product","2":"type-product","3":"status-publish","4":"has-post-thumbnail","6":"product_brand-hewlett-packard","7":"product_cat-hp-racunalniki","8":"product_cat-priljubljena-iskanja","9":"product_cat-racunalniki","10":"product_cat-racunalniki-i7","11":"product_cat-racunalniki-za-domaco-uporabo","12":"product_cat-racunalniki-za-poslovno-uporabo","13":"product_tag-pp","14":"pa_odgovorna-oseba-v-eu-hp-tehnicna-regulativna-ekipa","16":"first","17":"instock","18":"taxable","19":"shipping-taxable","20":"purchasable","21":"product-type-simple"},"_links":{"self":[{"href":"https:\/\/pracek.si\/racunalniskatrgovina\/wp-json\/wp\/v2\/product\/102141","targetHints":{"allow":["GET"]}}],"collection":[{"href":"https:\/\/pracek.si\/racunalniskatrgovina\/wp-json\/wp\/v2\/product"}],"about":[{"href":"https:\/\/pracek.si\/racunalniskatrgovina\/wp-json\/wp\/v2\/types\/product"}],"version-history":[{"count":1,"href":"https:\/\/pracek.si\/racunalniskatrgovina\/wp-json\/wp\/v2\/product\/102141\/revisions"}],"predecessor-version":[{"id":102142,"href":"https:\/\/pracek.si\/racunalniskatrgovina\/wp-json\/wp\/v2\/product\/102141\/revisions\/102142"}],"wp:featuredmedia":[{"embeddable":true,"href":"https:\/\/pracek.si\/racunalniskatrgovina\/wp-json\/wp\/v2\/media\/102143"}],"wp:attachment":[{"href":"https:\/\/pracek.si\/racunalniskatrgovina\/wp-json\/wp\/v2\/media?parent=102141"}],"wp:term":[{"taxonomy":"product_brand","embeddable":true,"href":"https:\/\/pracek.si\/racunalniskatrgovina\/wp-json\/wp\/v2\/product_brand?post=102141"},{"taxonomy":"product_cat","embeddable":true,"href":"https:\/\/pracek.si\/racunalniskatrgovina\/wp-json\/wp\/v2\/product_cat?post=102141"},{"taxonomy":"product_tag","embeddable":true,"href":"https:\/\/pracek.si\/racunalniskatrgovina\/wp-json\/wp\/v2\/product_tag?post=102141"}],"curies":[{"name":"wp","href":"https:\/\/api.w.org\/{rel}","templated":true}]}}