{"id":52361,"date":"2025-07-30T12:19:25","date_gmt":"2025-07-30T11:19:25","guid":{"rendered":"https:\/\/pracek.si\/racunalniskatrgovina\/?post_type=product&#038;p=52361"},"modified":"2026-02-10T09:38:07","modified_gmt":"2026-02-10T08:38:07","slug":"lenovo-thinkpad-t440-t450-14-cmos-rtc-bios-baterija-0a90099-04w1642-08k8050","status":"publish","type":"product","link":"https:\/\/pracek.si\/racunalniskatrgovina\/izdelek\/lenovo-thinkpad-t440-t450-14-cmos-rtc-bios-baterija-0a90099-04w1642-08k8050\/","title":{"rendered":"Lenovo ThinkPad T440 T450 14&#8243; Cmos RTC bios baterija 0A90099 04W1642 08K8050"},"content":{"rendered":"<p>Baterija Lenovo ThinkPad T440 T450 14&#8243; Cmos RTC bios (\u0161tevilke delov: 0A90099, 04W1642, 08K8050) je originalna nadomestna komponenta, zasnovana za prenosnike ThinkPad T440 in T450. Zagotavlja ohranjanje sistemskih nastavitev ter to\u010dne informacije o \u010dasu in datumu. To visokokakovostno baterijo je enostavno namestiti in zagotavlja zanesljivo delovanje za vzdr\u017eevanje funkcionalnosti BIOS-a va\u0161ega prenosnika.<\/p>\n","protected":false},"excerpt":{"rendered":"<p>Baterija Lenovo ThinkPad T440 T450 14&#8243; Cmos RTC bios (\u0161tevilke delov: 0A90099, 04W1642, 08K8050) je originalna nadomestna komponenta, zasnovana posebej za modele prenosnikov ThinkPad T440 in T450. Ta bios baterija CMOS RTC (Real-Time Clock) je odgovorna za ohranjanje pomembnih sistemskih nastavitev in vzdr\u017eevanje to\u010dnega \u010dasa in informacije o datumu.<\/p>\n<p>Baterija Lenovo ThinkPad T440 T450 CMOS RTC bios, izdelana z natan\u010dnostjo in z uporabo visokokakovostnih materialov, zagotavlja zanesljivo in dolgotrajno delovanje. Zasnovan je za brezhibno integracijo s prenosnikom, kar olaj\u0161a zamenjavo stare ali izrabljene baterije.<\/p>\n<p>Postopek namestitve bios baterije CMOS RTC je preprost in omogo\u010da preprosto zamenjavo ali nadgradnjo. Z zamenjavo stare baterije s tem pristnim delom Lenovo lahko zagotovite pravilno delovanje BIOS-a in ohranite to\u010dne nastavitve \u010dasa in datuma na va\u0161em ThinkPad T440 ali T450.<\/p>\n<p>Nalo\u017eba v ta originalni nadomestni del Lenovo zagotavlja zdru\u017eljivost in zanesljivost. Baterija Lenovo ThinkPad T440 T450 CMOS RTC bios (\u0161tevilke delov: 0A90099, 04W1642, 08K8050) zagotavlja zanesljiv vir napajanja za ohranjanje sistemskih nastavitev in vzdr\u017eevanje to\u010dnih informacij o \u010dasu in datumu na va\u0161em prenosniku.<\/p>\n","protected":false},"featured_media":38027,"template":"","meta":[],"product_brand":[],"product_cat":[2062],"product_tag":[2061,1818],"class_list":{"0":"post-52361","1":"product","2":"type-product","3":"status-publish","4":"has-post-thumbnail","6":"product_cat-maticne-plosce-in-deli-plosc","7":"product_tag-lenovo","8":"product_tag-rezervni-deli","10":"first","11":"outofstock","12":"taxable","13":"shipping-taxable","14":"purchasable","15":"product-type-simple"},"_links":{"self":[{"href":"https:\/\/pracek.si\/racunalniskatrgovina\/wp-json\/wp\/v2\/product\/52361","targetHints":{"allow":["GET"]}}],"collection":[{"href":"https:\/\/pracek.si\/racunalniskatrgovina\/wp-json\/wp\/v2\/product"}],"about":[{"href":"https:\/\/pracek.si\/racunalniskatrgovina\/wp-json\/wp\/v2\/types\/product"}],"version-history":[{"count":0,"href":"https:\/\/pracek.si\/racunalniskatrgovina\/wp-json\/wp\/v2\/product\/52361\/revisions"}],"wp:featuredmedia":[{"embeddable":true,"href":"https:\/\/pracek.si\/racunalniskatrgovina\/wp-json\/wp\/v2\/media\/38027"}],"wp:attachment":[{"href":"https:\/\/pracek.si\/racunalniskatrgovina\/wp-json\/wp\/v2\/media?parent=52361"}],"wp:term":[{"taxonomy":"product_brand","embeddable":true,"href":"https:\/\/pracek.si\/racunalniskatrgovina\/wp-json\/wp\/v2\/product_brand?post=52361"},{"taxonomy":"product_cat","embeddable":true,"href":"https:\/\/pracek.si\/racunalniskatrgovina\/wp-json\/wp\/v2\/product_cat?post=52361"},{"taxonomy":"product_tag","embeddable":true,"href":"https:\/\/pracek.si\/racunalniskatrgovina\/wp-json\/wp\/v2\/product_tag?post=52361"}],"curies":[{"name":"wp","href":"https:\/\/api.w.org\/{rel}","templated":true}]}}