{"id":52443,"date":"2025-07-30T12:23:16","date_gmt":"2025-07-30T11:23:16","guid":{"rendered":"https:\/\/pracek.si\/racunalniskatrgovina\/?post_type=product&#038;p=52443"},"modified":"2026-03-13T06:20:13","modified_gmt":"2026-03-13T05:20:13","slug":"hp-ex900-m-2-250-gb-pcie-3-1-x-4-nvme-3d-tlc-nand-notranji-pogon-ssd-ssd","status":"publish","type":"product","link":"https:\/\/pracek.si\/racunalniskatrgovina\/izdelek\/hp-ex900-m-2-250-gb-pcie-3-1-x-4-nvme-3d-tlc-nand-notranji-pogon-ssd-ssd\/","title":{"rendered":"HP EX900 M.2 250 GB PCIe 3.1 x 4 NVMe 3D TLC NAND notranji pogon SSD (SSD)"},"content":{"rendered":"<p>Disk health: 100%<\/p>\n<p>HP EX900 M.2 250 GB PCIe 3.1 x4 NVMe 3D TLC NAND notranji pogon SSD (SSD), izjemna me\u0161anica vrhunske tehnologije in neprekosljive zmogljivosti. Ta eleganten shranjevalni \u010dude\u017e na novo opredeljuje meje hitrosti in u\u010dinkovitosti ter skrbi za tiste, ki zahtevajo le najbolj\u0161e.<\/p>\n","protected":false},"excerpt":{"rendered":"<p>Predstavljamo HP EX900 M.2 250 GB PCIe 3.1 x4 NVMe 3D TLC NAND notranji polprevodni\u0161ki pogon (SSD), izjemno me\u0161anico vrhunske tehnologije in neprimerljive zmogljivosti. Ta eleganten shranjevalni \u010dude\u017e na novo opredeljuje meje hitrosti in u\u010dinkovitosti ter skrbi za tiste, ki zahtevajo le najbolj\u0161e.<\/p>\n<p>HP EX900 z vmesnikom PCIe 3.1 x4 v celoti izkori\u0161\u010da najnovej\u0161i protokol NVMe in zagotavlja izjemno hiter prenos podatkov, ki vas bo navdu\u0161il. Ta pogon, ki ga poganja bliskovni pomnilnik TLC NAND, zdru\u017euje izjemno vzdr\u017eljivost z bliskovito hitro odzivnostjo, kar zagotavlja brezhibno ra\u010dunalni\u0161ko izku\u0161njo kot noben drug.<\/p>\n<p>HP EX900 se pona\u0161a z edinstveno arhitekturo 3D TLC NAND, ki izkori\u0161\u010da napredne tehnike zlaganja za pove\u010danje zmogljivosti shranjevanja brez ogro\u017eanja zanesljivosti. Ta domiselna zasnova zagotavlja, da so va\u0161i dragoceni podatki varno shranjeni, za\u0161\u010diteni pred napori vsakodnevne uporabe in \u010dasom.<\/p>\n<p>Eleganten in kompakten faktor oblike M.2 omogo\u010da enostavno integracijo v \u0161iroko paleto sistemov, zaradi \u010desar je idealen za namizne in prenosne namestitve. Ne glede na to, ali ste igralec, ki i\u0161\u010de bliskovito hitro nalaganje, ali profesionalec, ki potrebuje hiter dostop do podatkov, je HP EX900 kos prilo\u017enosti in ponuja osupljivih 250 GB prostora za shranjevanje, ki ustreza vsem va\u0161im potrebam.<\/p>\n<p>Opremljen z najsodobnej\u0161imi tehnologijami za odpravljanje napak in izbolj\u0161ano za\u0161\u010dito podatkov od konca do konca, HP EX900 zagotavlja, da ostane celovitost va\u0161ih podatkov nedotaknjena, kar zagotavlja brezskrbnost v nenehno razvijajo\u010dem se digitalnem okolju. Ne glede na to, ali ustvarjate, oblikujete ali preprosto u\u017eivate v ve\u010dpredstavnostnih vsebinah, ta SSD zagotavlja teko\u010d in neprekinjen potek dela.<\/p>\n<p>\u010ce povzamemo, notranji disk (SSD) HP EX900 M.2 250 GB PCIe 3.1 x4 NVMe 3D TLC NAND je prava mojstrovina tehnologije shranjevanja. Njegova izjemna hitrost, neprekosljiva zanesljivost in u\u010dinkovita zasnova skupaj ponujajo nepozabno izku\u0161njo shranjevanja, ki bo spremenilo va\u0161 na\u010din interakcije z va\u0161im digitalnim svetom. Poslovite se od omejitev in sprejmite novo dobo zmogljivosti s HP EX900.<\/p>\n","protected":false},"featured_media":38167,"template":"","meta":[],"product_brand":[],"product_cat":[2067,2066],"product_tag":[1818],"class_list":{"0":"post-52443","1":"product","2":"type-product","3":"status-publish","4":"has-post-thumbnail","6":"product_cat-nvme","7":"product_cat-ssd-in-hdd-diski","8":"product_tag-rezervni-deli","10":"first","11":"outofstock","12":"taxable","13":"shipping-taxable","14":"purchasable","15":"product-type-simple"},"_links":{"self":[{"href":"https:\/\/pracek.si\/racunalniskatrgovina\/wp-json\/wp\/v2\/product\/52443","targetHints":{"allow":["GET"]}}],"collection":[{"href":"https:\/\/pracek.si\/racunalniskatrgovina\/wp-json\/wp\/v2\/product"}],"about":[{"href":"https:\/\/pracek.si\/racunalniskatrgovina\/wp-json\/wp\/v2\/types\/product"}],"version-history":[{"count":0,"href":"https:\/\/pracek.si\/racunalniskatrgovina\/wp-json\/wp\/v2\/product\/52443\/revisions"}],"wp:featuredmedia":[{"embeddable":true,"href":"https:\/\/pracek.si\/racunalniskatrgovina\/wp-json\/wp\/v2\/media\/38167"}],"wp:attachment":[{"href":"https:\/\/pracek.si\/racunalniskatrgovina\/wp-json\/wp\/v2\/media?parent=52443"}],"wp:term":[{"taxonomy":"product_brand","embeddable":true,"href":"https:\/\/pracek.si\/racunalniskatrgovina\/wp-json\/wp\/v2\/product_brand?post=52443"},{"taxonomy":"product_cat","embeddable":true,"href":"https:\/\/pracek.si\/racunalniskatrgovina\/wp-json\/wp\/v2\/product_cat?post=52443"},{"taxonomy":"product_tag","embeddable":true,"href":"https:\/\/pracek.si\/racunalniskatrgovina\/wp-json\/wp\/v2\/product_tag?post=52443"}],"curies":[{"name":"wp","href":"https:\/\/api.w.org\/{rel}","templated":true}]}}