{"id":53161,"date":"2025-07-30T12:58:55","date_gmt":"2025-07-30T11:58:55","guid":{"rendered":"https:\/\/pracek.si\/racunalniskatrgovina\/?post_type=product&#038;p=53161"},"modified":"2026-01-09T13:11:46","modified_gmt":"2026-01-09T12:11:46","slug":"originalna-zvocna-plosca-dell-latitude-e7440-usb-ls-9591p-h65f0-0h65f0","status":"publish","type":"product","link":"https:\/\/pracek.si\/racunalniskatrgovina\/izdelek\/originalna-zvocna-plosca-dell-latitude-e7440-usb-ls-9591p-h65f0-0h65f0\/","title":{"rendered":"Originalna zvo\u010dna plo\u0161\u010da Dell Latitude E7440 USB LS-9591P H65F0 0H65F0"},"content":{"rendered":"<p>Originalna zvo\u010dna plo\u0161\u010da Dell Latitude E7440 USB LS-9591P H65F0 0H65F0 je visokokakovosten nadomestni del, zasnovan za prenosni ra\u010dunalnik Dell Latitude E7440. Omogo\u010da povezljivost za naprave USB in avdio periferne naprave, kar zagotavlja brezhibno delovanje va\u0161ega prenosnika.<\/p>\n","protected":false},"excerpt":{"rendered":"<p>Originalna zvo\u010dna plo\u0161\u010da Dell Latitude E7440 USB LS-9591P H65F0 0H65F0 je originalen nadomestni del Dell, posebej zasnovan za serijo prenosnikov Dell Latitude E7440. Ta zvo\u010dna plo\u0161\u010da USB je klju\u010dna komponenta, ki olaj\u0161a povezavo naprav USB in zunanjih zvo\u010dnih naprav z va\u0161im prenosnikom ter zagotavlja nemoteno delovanje brez te\u017eav.<\/p>\n<p>Ne glede na to, ali morate priklju\u010diti zunanje pomnilni\u0161ke pogone, mi\u0161ko, tipkovnico ali katero koli drugo napravo USB, ta zvo\u010dna plo\u0161\u010da USB ponuja bistvena vrata za brezhibno povezljivost. Poleg tega vam omogo\u010da priklop perifernih zvo\u010dnih naprav, kot so zvo\u010dniki ali slu\u0161alke, kar zagotavlja, da lahko u\u017eivate v visokokakovostnem zvo\u010dnem izhodu.<\/p>\n<p>Pristna zvo\u010dna plo\u0161\u010da USB Dell Latitude E7440 LS-9591P H65F0 0H65F0 je izdelana po enakih visokih standardih kot originalna oprema, name\u0161\u010dena v va\u0161em prenosniku. Podvr\u017een je strogemu testiranju, da se zagotovi zdru\u017eljivost in zanesljivost, zaradi \u010desar je zanesljiva zamenjava za po\u0161kodovane ali okvarjene avdio plo\u0161\u010de USB.<\/p>\n<p>Namestitev tega pristnega dela Dell bo povrnila polno funkcionalnost va\u0161ega prenosnika Dell Latitude E7440, s \u010dimer boste lahko \u0161e naprej delali, se igrali in komunicirali brez prekinitev. Ne glede na to, ali ste profesionalni uporabnik, \u0161tudent ali ob\u010dasni uporabnik ra\u010dunalnika, je za brezhibno ra\u010dunalni\u0161ko izku\u0161njo bistvenega pomena imeti zanesljivo zvo\u010dno plo\u0161\u010do USB.<\/p>\n<p>Za hitro in u\u010dinkovito re\u0161itev te\u017eav s povezljivostjo USB in zvoka na va\u0161em prenosnem ra\u010dunalniku Dell Latitude E7440 je originalna zvo\u010dna plo\u0161\u010da USB Dell Latitude E7440 LS-9591P H65F0 0H65F0 odli\u010dna izbira. S tem visokokakovostnim nadomestnim delom obnovite zmogljivost svojega prenosnika in u\u017eivajte v neprekinjenem dostopu do naprav USB in avdio perifernih naprav.<\/p>\n","protected":false},"featured_media":39384,"template":"","meta":[],"product_brand":[],"product_cat":[2062],"product_tag":[2052,1818],"class_list":{"0":"post-53161","1":"product","2":"type-product","3":"status-publish","4":"has-post-thumbnail","6":"product_cat-maticne-plosce-in-deli-plosc","7":"product_tag-dell","8":"product_tag-rezervni-deli","10":"first","11":"instock","12":"taxable","13":"shipping-taxable","14":"purchasable","15":"product-type-simple"},"_links":{"self":[{"href":"https:\/\/pracek.si\/racunalniskatrgovina\/wp-json\/wp\/v2\/product\/53161","targetHints":{"allow":["GET"]}}],"collection":[{"href":"https:\/\/pracek.si\/racunalniskatrgovina\/wp-json\/wp\/v2\/product"}],"about":[{"href":"https:\/\/pracek.si\/racunalniskatrgovina\/wp-json\/wp\/v2\/types\/product"}],"version-history":[{"count":0,"href":"https:\/\/pracek.si\/racunalniskatrgovina\/wp-json\/wp\/v2\/product\/53161\/revisions"}],"wp:featuredmedia":[{"embeddable":true,"href":"https:\/\/pracek.si\/racunalniskatrgovina\/wp-json\/wp\/v2\/media\/39384"}],"wp:attachment":[{"href":"https:\/\/pracek.si\/racunalniskatrgovina\/wp-json\/wp\/v2\/media?parent=53161"}],"wp:term":[{"taxonomy":"product_brand","embeddable":true,"href":"https:\/\/pracek.si\/racunalniskatrgovina\/wp-json\/wp\/v2\/product_brand?post=53161"},{"taxonomy":"product_cat","embeddable":true,"href":"https:\/\/pracek.si\/racunalniskatrgovina\/wp-json\/wp\/v2\/product_cat?post=53161"},{"taxonomy":"product_tag","embeddable":true,"href":"https:\/\/pracek.si\/racunalniskatrgovina\/wp-json\/wp\/v2\/product_tag?post=53161"}],"curies":[{"name":"wp","href":"https:\/\/api.w.org\/{rel}","templated":true}]}}