{"id":53462,"date":"2025-07-30T14:40:15","date_gmt":"2025-07-30T13:40:15","guid":{"rendered":"https:\/\/pracek.si\/racunalniskatrgovina\/?post_type=product&#038;p=53462"},"modified":"2026-01-14T09:11:06","modified_gmt":"2026-01-14T08:11:06","slug":"rtl8723be-802-11b-g-n-wifi-brezzicna-kartica-rtl8723be","status":"publish","type":"product","link":"https:\/\/pracek.si\/racunalniskatrgovina\/izdelek\/rtl8723be-802-11b-g-n-wifi-brezzicna-kartica-rtl8723be\/","title":{"rendered":"Rtl8723be 802.11b\/g\/n Wifi brez\u017ei\u010dna kartica RTL8723BE"},"content":{"rendered":"<p>Nadgradite svoje naprave z zanesljivo brez\u017ei\u010dno povezljivostjo z brez\u017ei\u010dno kartico WiFi RTL8723BE 802.11b\/g\/n. Ta kartica je zasnovana za zagotavljanje brezhibnih zmogljivosti Wi-Fi in ponuja zanesljivo re\u0161itev za izbolj\u0161anje brez\u017ei\u010dne zmogljivosti va\u0161e naprave.<\/p>\n<p>Z\u00a0 brez\u017ei\u010dno kartico RTL8723BE WiFi lahko u\u017eivate v izbolj\u0161ani mo\u010di signala in stabilnih brez\u017ei\u010dnih povezavah na razli\u010dnih napravah. Ta kartica je zasnovana tako, da zagotavlja zanesljivo povezljivost Wi-Fi, ponuja prakti\u010dne prednosti in izbolj\u0161ano uporabnost.<\/p>\n<p>Ta kartica podpira standarde Wi-Fi 802.11b\/g\/n, kar zagotavlja zdru\u017eljivost s \u0161tevilnimi napravami. Ne glede na to, ali jo uporabljate za brskanje, pretakanje ali spletne dejavnosti, ta kartica zagotavlja dosledno in u\u010dinkovito brez\u017ei\u010dno delovanje.<\/p>\n<p>Namestitev je enostavna, saj je brez\u017ei\u010dna kartica RTL8723BE WiFi zasnovana tako, da se prilega v dolo\u010deno re\u017eo va\u0161e naprave. Nadgradite svoje naprave z brez\u017ei\u010dno kartico RTL8723BE 802.11b\/g\/n WiFi in u\u017eivajte v brezhibni in u\u010dinkoviti komunikaciji Wi-Fi za izbolj\u0161ano spletno izku\u0161njo.<\/p>\n<p>Pred nakupom preverite zdru\u017eljivost z dolo\u010denim modelom naprave.<\/p>\n","protected":false},"excerpt":{"rendered":"<p>Nadgradite svoje naprave z zanesljivo brez\u017ei\u010dno kartico BULK RTL8723BE 802.11b\/g\/n WiFi. U\u017eivajte v izbolj\u0161ani povezljivosti Wi-Fi in u\u010dinkoviti komunikaciji za izbolj\u0161ano spletno izku\u0161njo.<\/p>\n","protected":false},"featured_media":39860,"template":"","meta":[],"product_brand":[],"product_cat":[2062],"product_tag":[1818],"class_list":{"0":"post-53462","1":"product","2":"type-product","3":"status-publish","4":"has-post-thumbnail","6":"product_cat-maticne-plosce-in-deli-plosc","7":"product_tag-rezervni-deli","9":"first","10":"instock","11":"taxable","12":"shipping-taxable","13":"purchasable","14":"product-type-simple"},"_links":{"self":[{"href":"https:\/\/pracek.si\/racunalniskatrgovina\/wp-json\/wp\/v2\/product\/53462","targetHints":{"allow":["GET"]}}],"collection":[{"href":"https:\/\/pracek.si\/racunalniskatrgovina\/wp-json\/wp\/v2\/product"}],"about":[{"href":"https:\/\/pracek.si\/racunalniskatrgovina\/wp-json\/wp\/v2\/types\/product"}],"version-history":[{"count":0,"href":"https:\/\/pracek.si\/racunalniskatrgovina\/wp-json\/wp\/v2\/product\/53462\/revisions"}],"wp:featuredmedia":[{"embeddable":true,"href":"https:\/\/pracek.si\/racunalniskatrgovina\/wp-json\/wp\/v2\/media\/39860"}],"wp:attachment":[{"href":"https:\/\/pracek.si\/racunalniskatrgovina\/wp-json\/wp\/v2\/media?parent=53462"}],"wp:term":[{"taxonomy":"product_brand","embeddable":true,"href":"https:\/\/pracek.si\/racunalniskatrgovina\/wp-json\/wp\/v2\/product_brand?post=53462"},{"taxonomy":"product_cat","embeddable":true,"href":"https:\/\/pracek.si\/racunalniskatrgovina\/wp-json\/wp\/v2\/product_cat?post=53462"},{"taxonomy":"product_tag","embeddable":true,"href":"https:\/\/pracek.si\/racunalniskatrgovina\/wp-json\/wp\/v2\/product_tag?post=53462"}],"curies":[{"name":"wp","href":"https:\/\/api.w.org\/{rel}","templated":true}]}}