{"id":53840,"date":"2025-07-30T15:02:26","date_gmt":"2025-07-30T14:02:26","guid":{"rendered":"https:\/\/pracek.si\/racunalniskatrgovina\/?post_type=product&#038;p=53840"},"modified":"2025-07-30T15:06:23","modified_gmt":"2025-07-30T14:06:23","slug":"cp633788-01-sata-dvd-rw-pogon-uj8e2","status":"publish","type":"product","link":"https:\/\/pracek.si\/racunalniskatrgovina\/izdelek\/cp633788-01-sata-dvd-rw-pogon-uj8e2\/","title":{"rendered":"cp633788-01 SATA DVD RW pogon UJ8E2"},"content":{"rendered":"<p>Nadgradite zmo\u017enosti opti\u010dnega shranjevanja va\u0161ega prenosnika s pogonom cp633788-01 SATA DVD RW UJ8E2. Ta pristni pogon DVD RW, izdelan za optimizacijo zmo\u017enosti va\u0161ega prenosnika za branje in zapisovanje DVD-jev, zagotavlja brezhibno integracijo in izbolj\u0161ano funkcionalnost za izbolj\u0161ano ra\u010dunalni\u0161ko izku\u0161njo.<\/p>\n<p>Pogon cp633788-01 SATA DVD RW UJ8E2, ki ga proizvaja Panasonic, zaupanja vreden vodja na podro\u010dju ra\u010dunalni\u0161ke tehnologije, je zasnovan tako, da zagotavlja zanesljivo funkcijo opti\u010dnega shranjevanja. Kot bistvena komponenta notranjih sistemov va\u0161ega prenosnika ima ta pogon osrednjo vlogo pri omogo\u010danju dostopa do, ustvarjanja in shranjevanja podatkov na DVD-jih z lahkoto.<\/p>\n<p>Ne glede na to, ali morate gledati DVD-je, ustvariti diske z varnostnimi kopijami ali namestiti programsko opremo, ta pogon DVD RW ponuja udobje in u\u010dinkovitost, ki ju potrebujete. Bere in zapisuje razli\u010dne formate DVD-jev, kar vam nudi vsestranske mo\u017enosti za upravljanje va\u0161e digitalne vsebine.<\/p>\n","protected":false},"excerpt":{"rendered":"<p>Izbolj\u0161ajte zmo\u017enosti opti\u010dnega shranjevanja va\u0161ega prenosnika s pogonom cp633788-01 SATA DVD RW UJ8E2. U\u017eivajte v vsestranski funkciji DVD za gledanje, ustvarjanje in shranjevanje podatkov.<\/p>\n","protected":false},"featured_media":40532,"template":"","meta":[],"product_brand":[],"product_cat":[2062],"product_tag":[1818],"class_list":{"0":"post-53840","1":"product","2":"type-product","3":"status-publish","4":"has-post-thumbnail","6":"product_cat-maticne-plosce-in-deli-plosc","7":"product_tag-rezervni-deli","9":"first","10":"instock","11":"taxable","12":"shipping-taxable","13":"purchasable","14":"product-type-simple"},"_links":{"self":[{"href":"https:\/\/pracek.si\/racunalniskatrgovina\/wp-json\/wp\/v2\/product\/53840","targetHints":{"allow":["GET"]}}],"collection":[{"href":"https:\/\/pracek.si\/racunalniskatrgovina\/wp-json\/wp\/v2\/product"}],"about":[{"href":"https:\/\/pracek.si\/racunalniskatrgovina\/wp-json\/wp\/v2\/types\/product"}],"version-history":[{"count":0,"href":"https:\/\/pracek.si\/racunalniskatrgovina\/wp-json\/wp\/v2\/product\/53840\/revisions"}],"wp:featuredmedia":[{"embeddable":true,"href":"https:\/\/pracek.si\/racunalniskatrgovina\/wp-json\/wp\/v2\/media\/40532"}],"wp:attachment":[{"href":"https:\/\/pracek.si\/racunalniskatrgovina\/wp-json\/wp\/v2\/media?parent=53840"}],"wp:term":[{"taxonomy":"product_brand","embeddable":true,"href":"https:\/\/pracek.si\/racunalniskatrgovina\/wp-json\/wp\/v2\/product_brand?post=53840"},{"taxonomy":"product_cat","embeddable":true,"href":"https:\/\/pracek.si\/racunalniskatrgovina\/wp-json\/wp\/v2\/product_cat?post=53840"},{"taxonomy":"product_tag","embeddable":true,"href":"https:\/\/pracek.si\/racunalniskatrgovina\/wp-json\/wp\/v2\/product_tag?post=53840"}],"curies":[{"name":"wp","href":"https:\/\/api.w.org\/{rel}","templated":true}]}}