{"id":54146,"date":"2025-07-30T15:22:07","date_gmt":"2025-07-30T14:22:07","guid":{"rendered":"https:\/\/pracek.si\/racunalniskatrgovina\/?post_type=product&#038;p=54146"},"modified":"2026-01-09T14:22:11","modified_gmt":"2026-01-09T13:22:11","slug":"628824-001-originalna-hp-jeva-modemska-kartica-probook-6450b","status":"publish","type":"product","link":"https:\/\/pracek.si\/racunalniskatrgovina\/izdelek\/628824-001-originalna-hp-jeva-modemska-kartica-probook-6450b\/","title":{"rendered":"628824-001 ORIGINALNA HP-jeva MODEMSKA KARTICA PROBOOK 6450B"},"content":{"rendered":"<p>Izbolj\u0161ajte povezljivost svojega prenosnika HP ProBook 6450B z originalno HP-jevo modemsko kartico 628824-001. Ta avtenti\u010dna modemska kartica je zasnovana tako, da zagotavlja zanesljive in u\u010dinkovite mo\u017enosti povezovanja, kar zagotavlja brezhibno integracijo za izbolj\u0161ano ra\u010dunalni\u0161ko izku\u0161njo.<\/p>\n<p>Modemska kartica 628824-001, ki jo je izdelal HP, zaupanja vreden vodja na podro\u010dju ra\u010dunalni\u0161ke tehnologije, ponuja zdru\u017eljivost in zanesljivost. Kot bistvena komponenta notranjih sistemov va\u0161ega prenosnika ima ta modemska kartica klju\u010dno vlogo pri raz\u0161iritvi mo\u017enosti povezljivosti.<\/p>\n<p>Ne glede na to, ali morate vzpostaviti varno internetno povezavo, dostopati do oddaljenih omre\u017eij ali ostati povezani, ko ste na poti, ta modemska kartica ponuja udobje in u\u010dinkovitost, ki ju potrebujete. Ostanite povezani, dostopajte do kriti\u010dnih informacij in ohranjajte produktivnost s to pristno HP-jevo komponento.<\/p>\n<p>Namestitev je enostavna zaradi zasnove OEM, ki je usklajena z originalnimi komponentami va\u0161ega prenosnika.\u00a0 Z izbiro pristnih delov HP vlagate v kakovost in zanesljivost povezljivosti va\u0161ega prenosnika.<\/p>\n<p>Nadgradite povezljivost svojega prenosnika z originalno HP-jevo modemsko kartico 628824-001. U\u017eivajte v brezhibnem dostopu do interneta, zanesljivih omre\u017enih povezavah in u\u010dinkovitem prenosu podatkov na va\u0161em HP ProBook 6450B. Izbolj\u0161ajte svojo ra\u010dunalni\u0161ko izku\u0161njo s to zanesljivo in u\u010dinkovito modemsko kartico.<\/p>\n<p>Pred nakupom preverite zdru\u017eljivost z va\u0161im modelom prenosnika.<\/p>\n","protected":false},"excerpt":{"rendered":"<p>Izbolj\u0161ajte povezljivost na va\u0161em HP ProBook 6450B z originalno HP-jevo modemsko kartico 628824-001. U\u017eivajte v zanesljivem dostopu do interneta in u\u010dinkovitem prenosu podatkov s to pristno komponento HP.<\/p>\n","protected":false},"featured_media":41043,"template":"","meta":[],"product_brand":[],"product_cat":[2062],"product_tag":[2060,1818],"class_list":{"0":"post-54146","1":"product","2":"type-product","3":"status-publish","4":"has-post-thumbnail","6":"product_cat-maticne-plosce-in-deli-plosc","7":"product_tag-hp","8":"product_tag-rezervni-deli","10":"first","11":"instock","12":"taxable","13":"shipping-taxable","14":"purchasable","15":"product-type-simple"},"_links":{"self":[{"href":"https:\/\/pracek.si\/racunalniskatrgovina\/wp-json\/wp\/v2\/product\/54146","targetHints":{"allow":["GET"]}}],"collection":[{"href":"https:\/\/pracek.si\/racunalniskatrgovina\/wp-json\/wp\/v2\/product"}],"about":[{"href":"https:\/\/pracek.si\/racunalniskatrgovina\/wp-json\/wp\/v2\/types\/product"}],"version-history":[{"count":0,"href":"https:\/\/pracek.si\/racunalniskatrgovina\/wp-json\/wp\/v2\/product\/54146\/revisions"}],"wp:featuredmedia":[{"embeddable":true,"href":"https:\/\/pracek.si\/racunalniskatrgovina\/wp-json\/wp\/v2\/media\/41043"}],"wp:attachment":[{"href":"https:\/\/pracek.si\/racunalniskatrgovina\/wp-json\/wp\/v2\/media?parent=54146"}],"wp:term":[{"taxonomy":"product_brand","embeddable":true,"href":"https:\/\/pracek.si\/racunalniskatrgovina\/wp-json\/wp\/v2\/product_brand?post=54146"},{"taxonomy":"product_cat","embeddable":true,"href":"https:\/\/pracek.si\/racunalniskatrgovina\/wp-json\/wp\/v2\/product_cat?post=54146"},{"taxonomy":"product_tag","embeddable":true,"href":"https:\/\/pracek.si\/racunalniskatrgovina\/wp-json\/wp\/v2\/product_tag?post=54146"}],"curies":[{"name":"wp","href":"https:\/\/api.w.org\/{rel}","templated":true}]}}