{"id":54158,"date":"2025-07-30T15:22:50","date_gmt":"2025-07-30T14:22:50","guid":{"rendered":"https:\/\/pracek.si\/racunalniskatrgovina\/?post_type=product&#038;p=54158"},"modified":"2025-07-30T15:25:25","modified_gmt":"2025-07-30T14:25:25","slug":"originalni-pogon-hp-pavilion-g7-1117cl-cd-dvd-rw-z-okvirjem-ts-l633-574285-fc1","status":"publish","type":"product","link":"https:\/\/pracek.si\/racunalniskatrgovina\/izdelek\/originalni-pogon-hp-pavilion-g7-1117cl-cd-dvd-rw-z-okvirjem-ts-l633-574285-fc1\/","title":{"rendered":"Originalni pogon HP Pavilion G7-1117CL CD DVD-RW z okvirjem &#8211; TS-L633 574285-FC1"},"content":{"rendered":"<p>Izbolj\u0161ajte ve\u010dpredstavnostne zmogljivosti svojega prenosnika HP Pavilion G7-1117CL z originalnim pogonom HP Pavilion G7-1117CL CD DVD-RW z okvirjem &#8211; TS-L633 574285-FC1. Ta originalni pogon CD DVD-RW z okvirjem, zasnovan za optimizacijo branja in zapisovanja opti\u010dnih diskov va\u0161ega prenosnika, zagotavlja brezhibno integracijo in izbolj\u0161ano uporabnost za obogateno ra\u010dunalni\u0161ko izku\u0161njo.<\/p>\n<p>Izdelal ga je HP, zaupanja vredno ime v ra\u010dunalni\u0161ki tehnologiji, originalni pogon HP Pavilion G7-1117CL CD DVD-RW z okvirjem &#8211; TS-L633 574285-FC1, ki je zasnovan tako, da zagotavlja zanesljivo in u\u010dinkovito delovanje opti\u010dnih diskov. Kot bistvena komponenta notranjih sistemov va\u0161ega prenosnika vam ta pogon omogo\u010da enostavno branje, pisanje in upravljanje CD-jev in DVD-jev.<\/p>\n<p>Ne glede na to, ali morate namestiti programsko opremo z diska, zapisati ve\u010dpredstavnostno vsebino ali ustvariti varnostne kopije CD-jev\/DVD-jev, ta opti\u010dni pogon ponuja udobje in vsestranskost, ki ju potrebujete. Njegova natan\u010dna zasnova zagotavlja natan\u010dno branje in zapisovanje diskov, kar vam zagotavlja zanesljiv dostop do va\u0161ih opti\u010dnih medijev.<\/p>\n<p>Namestitev je enostavna zaradi zasnove OEM, ki je usklajena z originalnimi komponentami va\u0161ega prenosnika. Z izbiro pristnih HP-jevih delov vlagate v kakovost in zanesljivost delovanja opti\u010dnega diska va\u0161ega prenosnika.<\/p>\n<p>Nadgradite zmogljivosti opti\u010dnega diska va\u0161ega prenosnika z originalnim pogonom HP Pavilion G7-1117CL CD DVD-RW z okvirjem &#8211; TS-L633 574285-FC1. U\u017eivajte v u\u010dinkovitem branju in zapisovanju diskov, vsestranskem upravljanju ve\u010dpredstavnosti in brezhibni uporabnosti na va\u0161em HP Pavilion G7-1117CL. Izbolj\u0161ajte svojo ra\u010dunalni\u0161ko izku\u0161njo s tem zanesljivim in u\u010dinkovitim pogonom CD DVD-RW in okvirjem.<\/p>\n<p>Pred nakupom preverite zdru\u017eljivost z va\u0161im modelom prenosnika.<\/p>\n","protected":false},"excerpt":{"rendered":"<p>Izbolj\u0161ajte ve\u010dpredstavnostne zmogljivosti svojega prenosnika HP Pavilion G7-1117CL z originalnim pogonom HP Pavilion G7-1117CL CD DVD-RW z okvirjem &#8211; TS-L633 574285-FC1. U\u017eivajte v u\u010dinkovitem branju in zapisovanju diskov, vsestranskem upravljanju ve\u010dpredstavnosti in brezhibni uporabnosti.<\/p>\n","protected":false},"featured_media":41068,"template":"","meta":[],"product_brand":[],"product_cat":[2062],"product_tag":[2060,1818],"class_list":{"0":"post-54158","1":"product","2":"type-product","3":"status-publish","4":"has-post-thumbnail","6":"product_cat-maticne-plosce-in-deli-plosc","7":"product_tag-hp","8":"product_tag-rezervni-deli","10":"first","11":"instock","12":"taxable","13":"shipping-taxable","14":"purchasable","15":"product-type-simple"},"_links":{"self":[{"href":"https:\/\/pracek.si\/racunalniskatrgovina\/wp-json\/wp\/v2\/product\/54158","targetHints":{"allow":["GET"]}}],"collection":[{"href":"https:\/\/pracek.si\/racunalniskatrgovina\/wp-json\/wp\/v2\/product"}],"about":[{"href":"https:\/\/pracek.si\/racunalniskatrgovina\/wp-json\/wp\/v2\/types\/product"}],"version-history":[{"count":0,"href":"https:\/\/pracek.si\/racunalniskatrgovina\/wp-json\/wp\/v2\/product\/54158\/revisions"}],"wp:featuredmedia":[{"embeddable":true,"href":"https:\/\/pracek.si\/racunalniskatrgovina\/wp-json\/wp\/v2\/media\/41068"}],"wp:attachment":[{"href":"https:\/\/pracek.si\/racunalniskatrgovina\/wp-json\/wp\/v2\/media?parent=54158"}],"wp:term":[{"taxonomy":"product_brand","embeddable":true,"href":"https:\/\/pracek.si\/racunalniskatrgovina\/wp-json\/wp\/v2\/product_brand?post=54158"},{"taxonomy":"product_cat","embeddable":true,"href":"https:\/\/pracek.si\/racunalniskatrgovina\/wp-json\/wp\/v2\/product_cat?post=54158"},{"taxonomy":"product_tag","embeddable":true,"href":"https:\/\/pracek.si\/racunalniskatrgovina\/wp-json\/wp\/v2\/product_tag?post=54158"}],"curies":[{"name":"wp","href":"https:\/\/api.w.org\/{rel}","templated":true}]}}