{"id":54181,"date":"2025-07-30T15:24:20","date_gmt":"2025-07-30T14:24:20","guid":{"rendered":"https:\/\/pracek.si\/racunalniskatrgovina\/?post_type=product&#038;p=54181"},"modified":"2026-01-10T14:43:27","modified_gmt":"2026-01-10T13:43:27","slug":"lenovo-thinkpad-x1-carbon-usb-port-connectors-switch","status":"publish","type":"product","link":"https:\/\/pracek.si\/racunalniskatrgovina\/izdelek\/lenovo-thinkpad-x1-carbon-usb-port-connectors-switch\/","title":{"rendered":"Lenovo Thinkpad X1 Carbon USB Port Connectors Switch"},"content":{"rendered":"<p>Izbolj\u0161ajte povezljivost in uporabnost va\u0161ega prenosnika Lenovo ThinkPad X1 Carbon s stikalom USB Port Connectors Lenovo Thinkpad X1 Carbon. To pristno stikalo, izdelano za optimizacijo delovanja USB va\u0161ega prenosnika, ponuja brezhibno integracijo in izbolj\u0161ano uporabnost za izbolj\u0161ano ra\u010dunalni\u0161ko izku\u0161njo.<\/p>\n<p>Stikalo Thinkpad X1 Carbon USB Port Connectors, ki ga je zasnoval Lenovo, zaupanja vredno ime na podro\u010dju ra\u010dunalni\u0161ke tehnologije, zagotavlja zanesljivo povezljivost USB in brezhibno preklapljanje med vrati USB. Kot bistvena komponenta notranjih sistemov va\u0161ega prenosnika ima to stikalo osrednjo vlogo pri raz\u0161iritvi mo\u017enosti povezave USB.<\/p>\n<p>Ne glede na to, ali morate priklju\u010diti zunanje naprave, prenesti podatke ali polniti zunanje naprave, to stikalo za priklju\u010dke vrat USB ponuja udobje in u\u010dinkovitost, ki ju potrebujete. Z ve\u010d vrati USB, ki so vam na voljo in zmo\u017enostjo preprostega preklapljanja med njimi, lahko enostavno namestite razli\u010dne naprave brez potrebe po dodatnih adapterjih ali vozli\u0161\u010dih.<\/p>\n<p>Namestitev je enostavna zaradi zasnove OEM, ki je usklajena z originalnimi komponentami va\u0161ega prenosnika.\u00a0 Z izbiro pristnih delov Lenovo vlagate v kakovost in zanesljivost povezljivosti va\u0161ega prenosnika.<\/p>\n<p>Nadgradite povezljivost USB va\u0161ega prenosnika s stikalom za priklju\u010dke USB Lenovo Thinkpad X1 Carbon. S tem zanesljivim in u\u010dinkovitim stikalom izbolj\u0161ajte zmogljivosti USB, poenostavite delovne tokove in brez te\u017eav pove\u017eite zunanje naprave.<\/p>\n<p>Pred nakupom preverite zdru\u017eljivost z va\u0161im modelom prenosnika.<\/p>\n","protected":false},"excerpt":{"rendered":"<p>Izbolj\u0161ajte povezljivost USB na prenosnem ra\u010dunalniku Lenovo ThinkPad X1 Carbon s stikalom za konektorje vrat Lenovo Thinkpad X1 Carbon USB. U\u017eivajte v brezhibnem preklapljanju med vrati USB za izbolj\u0161ano uporabnost.<\/p>\n","protected":false},"featured_media":41097,"template":"","meta":[],"product_brand":[],"product_cat":[2062],"product_tag":[2061,1818],"class_list":{"0":"post-54181","1":"product","2":"type-product","3":"status-publish","4":"has-post-thumbnail","6":"product_cat-maticne-plosce-in-deli-plosc","7":"product_tag-lenovo","8":"product_tag-rezervni-deli","10":"first","11":"instock","12":"taxable","13":"shipping-taxable","14":"purchasable","15":"product-type-simple"},"_links":{"self":[{"href":"https:\/\/pracek.si\/racunalniskatrgovina\/wp-json\/wp\/v2\/product\/54181","targetHints":{"allow":["GET"]}}],"collection":[{"href":"https:\/\/pracek.si\/racunalniskatrgovina\/wp-json\/wp\/v2\/product"}],"about":[{"href":"https:\/\/pracek.si\/racunalniskatrgovina\/wp-json\/wp\/v2\/types\/product"}],"version-history":[{"count":0,"href":"https:\/\/pracek.si\/racunalniskatrgovina\/wp-json\/wp\/v2\/product\/54181\/revisions"}],"wp:featuredmedia":[{"embeddable":true,"href":"https:\/\/pracek.si\/racunalniskatrgovina\/wp-json\/wp\/v2\/media\/41097"}],"wp:attachment":[{"href":"https:\/\/pracek.si\/racunalniskatrgovina\/wp-json\/wp\/v2\/media?parent=54181"}],"wp:term":[{"taxonomy":"product_brand","embeddable":true,"href":"https:\/\/pracek.si\/racunalniskatrgovina\/wp-json\/wp\/v2\/product_brand?post=54181"},{"taxonomy":"product_cat","embeddable":true,"href":"https:\/\/pracek.si\/racunalniskatrgovina\/wp-json\/wp\/v2\/product_cat?post=54181"},{"taxonomy":"product_tag","embeddable":true,"href":"https:\/\/pracek.si\/racunalniskatrgovina\/wp-json\/wp\/v2\/product_tag?post=54181"}],"curies":[{"name":"wp","href":"https:\/\/api.w.org\/{rel}","templated":true}]}}