{"id":54229,"date":"2025-07-30T15:26:33","date_gmt":"2025-07-30T14:26:33","guid":{"rendered":"https:\/\/pracek.si\/racunalniskatrgovina\/?post_type=product&#038;p=54229"},"modified":"2025-07-30T15:28:58","modified_gmt":"2025-07-30T14:28:58","slug":"tecaji-zaslona-hp-probook-4540s-4545s-34-45j03-34-45j04","status":"publish","type":"product","link":"https:\/\/pracek.si\/racunalniskatrgovina\/izdelek\/tecaji-zaslona-hp-probook-4540s-4545s-34-45j03-34-45j04\/","title":{"rendered":"Te\u010daji zaslona HP Probook 4540s 4545S 34.45J03, 34.45J04"},"content":{"rendered":"<p>Nadgradite funkcionalnost in vzdr\u017eljivost va\u0161ega prenosnika HP ProBook 4540s 4545S 34.45J03, 34.45J04 s temi visokokakovostnimi te\u010daji zaslona. Ti te\u010daji, zasnovani za zagotavljanje zanesljive podpore in gladkega premikanja, zagotavljajo stabilno in natan\u010dno odpiranje in zapiranje zaslona va\u0161ega prenosnika.<\/p>\n<p>Ti te\u010daji zaslona HP ProBook 4540s 4545S, izdelani za zdru\u017eljivost in dolgo \u017eivljenjsko dobo, so pristna zamenjava OEM, zasnovana za brezhibno integracijo z va\u0161im prenosnikom. Ne glede na to, ali ste profesionalec, ki se zana\u0161a na prenosni ra\u010dunalnik za delo, ali \u0161tudent, ki ga uporablja za \u0161tudij, so ti te\u010daji bistveni za ohranjanje strukturne celovitosti va\u0161e naprave.<\/p>\n<p>Namestitev teh te\u010dajev je enostavna zahvaljujo\u010d natan\u010dni zasnovi, ki se ujema z originalnimi komponentami va\u0161ega HP ProBook 4540s.<\/p>\n<p>Nadgradite te\u010daje zaslona svojega prenosnika \u0161e danes, da zagotovite zanesljivo in trajno delovanje. Ti te\u010daji so idealna izbira za uporabnike, ki i\u0161\u010dejo izbolj\u0161ano stabilnost zaslona in dolgo \u017eivljenjsko dobo za svoj HP ProBook 4540s 4545S.<\/p>\n<p>Pred nakupom preverite zdru\u017eljivost z va\u0161im modelom prenosnika.<\/p>\n","protected":false},"excerpt":{"rendered":"<p>Izbolj\u0161ajte svoj prenosni ra\u010dunalnik HP ProBook 4540s 4545S\u00a0 s temi pristnimi OEM te\u010daji zaslona. U\u017eivajte v gladkem in stabilnem gibanju zaslona za izbolj\u0161ano funkcionalnost in vzdr\u017eljivost.<\/p>\n","protected":false},"featured_media":41185,"template":"","meta":[],"product_brand":[],"product_cat":[2054],"product_tag":[2060,1818],"class_list":{"0":"post-54229","1":"product","2":"type-product","3":"status-publish","4":"has-post-thumbnail","6":"product_cat-panti-za-prenosnike","7":"product_tag-hp","8":"product_tag-rezervni-deli","10":"first","11":"instock","12":"taxable","13":"shipping-taxable","14":"purchasable","15":"product-type-simple"},"_links":{"self":[{"href":"https:\/\/pracek.si\/racunalniskatrgovina\/wp-json\/wp\/v2\/product\/54229","targetHints":{"allow":["GET"]}}],"collection":[{"href":"https:\/\/pracek.si\/racunalniskatrgovina\/wp-json\/wp\/v2\/product"}],"about":[{"href":"https:\/\/pracek.si\/racunalniskatrgovina\/wp-json\/wp\/v2\/types\/product"}],"version-history":[{"count":0,"href":"https:\/\/pracek.si\/racunalniskatrgovina\/wp-json\/wp\/v2\/product\/54229\/revisions"}],"wp:featuredmedia":[{"embeddable":true,"href":"https:\/\/pracek.si\/racunalniskatrgovina\/wp-json\/wp\/v2\/media\/41185"}],"wp:attachment":[{"href":"https:\/\/pracek.si\/racunalniskatrgovina\/wp-json\/wp\/v2\/media?parent=54229"}],"wp:term":[{"taxonomy":"product_brand","embeddable":true,"href":"https:\/\/pracek.si\/racunalniskatrgovina\/wp-json\/wp\/v2\/product_brand?post=54229"},{"taxonomy":"product_cat","embeddable":true,"href":"https:\/\/pracek.si\/racunalniskatrgovina\/wp-json\/wp\/v2\/product_cat?post=54229"},{"taxonomy":"product_tag","embeddable":true,"href":"https:\/\/pracek.si\/racunalniskatrgovina\/wp-json\/wp\/v2\/product_tag?post=54229"}],"curies":[{"name":"wp","href":"https:\/\/api.w.org\/{rel}","templated":true}]}}