{"id":54475,"date":"2025-07-30T15:40:56","date_gmt":"2025-07-30T14:40:56","guid":{"rendered":"https:\/\/pracek.si\/racunalniskatrgovina\/?post_type=product&#038;p=54475"},"modified":"2025-07-30T15:42:46","modified_gmt":"2025-07-30T14:42:46","slug":"originalna-kartica-bluetooth-toshiba-eytfxcs-pa3608u-1btm-originalna-zamenjava","status":"publish","type":"product","link":"https:\/\/pracek.si\/racunalniskatrgovina\/izdelek\/originalna-kartica-bluetooth-toshiba-eytfxcs-pa3608u-1btm-originalna-zamenjava\/","title":{"rendered":"Originalna KARTICA BLUETOOTH Toshiba EYTFXCS PA3608U-1BTM &#8211; originalna zamenjava"},"content":{"rendered":"<p>Originalna Toshibina KARTICA BLUETOOTH EYTFXCS PA3608U-1BTM je pristna nadomestna kartica, zasnovana za izbolj\u0161anje povezljivosti va\u0161ega prenosnika. Ne glede na to, ali zamenjate okvarjeno kartico Bluetooth ali \u017eelite nadgraditi svoj prenosnik, je ta kartica Toshiba odli\u010dna izbira.<\/p>\n<p>Klju\u010dne lastnosti:<\/p>\n<ul>\n<li>Originalna zamenjava Toshiba<\/li>\n<li>Zanesljiva povezljivost Bluetooth<\/li>\n<li>Model: EYTFXCS PA3608U-1BTM<\/li>\n<\/ul>\n<p>Ta kartica Bluetooth zagotavlja brezhibne brez\u017ei\u010dne povezave, kar olaj\u0161a seznanjanje va\u0161ega prenosnika z razli\u010dnimi napravami, ki podpirajo Bluetooth. Od slu\u0161alk in zvo\u010dnikov do pametnih telefonov in zunanjih naprav boste u\u017eivali v izku\u0161nji brez te\u017eav in \u017eic.<\/p>\n<p>Upo\u0161tevajte, da so na tem seznamu dejanske fotografije izdelkov, navodila za namestitev pa niso na voljo. \u010ce imate kakr\u0161na koli vpra\u0161anja ali potrebujete dodatne informacije, se obrnite na nas. Nadgradite povezljivost svojega prenosnika z originalno Toshibino KARTICO BLUETOOTH EYTFXCS PA3608U-1BTM in u\u017eivajte v prednostih zanesljive tehnologije Bluetooth.<\/p>\n","protected":false},"excerpt":{"rendered":"<p>Nadgradite svoj prenosnik z originalno Toshibino KARTICO BLUETOOTH EYTFXCS PA3608U-1BTM. Ta pristna nadomestna kartica je zasnovana za izbolj\u0161anje povezljivosti va\u0161ega prenosnika. Ne glede na to, ali morate zamenjati pokvarjeno kartico Bluetooth ali nadgraditi sistem, je ta kartica Toshiba odli\u010dna re\u0161itev. U\u017eivajte v brezhibnih brez\u017ei\u010dnih povezavah s to visokokakovostno komponento.<\/p>\n","protected":false},"featured_media":41591,"template":"","meta":[],"product_brand":[],"product_cat":[2062],"product_tag":[1818],"class_list":{"0":"post-54475","1":"product","2":"type-product","3":"status-publish","4":"has-post-thumbnail","6":"product_cat-maticne-plosce-in-deli-plosc","7":"product_tag-rezervni-deli","9":"first","10":"instock","11":"taxable","12":"shipping-taxable","13":"purchasable","14":"product-type-simple"},"_links":{"self":[{"href":"https:\/\/pracek.si\/racunalniskatrgovina\/wp-json\/wp\/v2\/product\/54475","targetHints":{"allow":["GET"]}}],"collection":[{"href":"https:\/\/pracek.si\/racunalniskatrgovina\/wp-json\/wp\/v2\/product"}],"about":[{"href":"https:\/\/pracek.si\/racunalniskatrgovina\/wp-json\/wp\/v2\/types\/product"}],"version-history":[{"count":0,"href":"https:\/\/pracek.si\/racunalniskatrgovina\/wp-json\/wp\/v2\/product\/54475\/revisions"}],"wp:featuredmedia":[{"embeddable":true,"href":"https:\/\/pracek.si\/racunalniskatrgovina\/wp-json\/wp\/v2\/media\/41591"}],"wp:attachment":[{"href":"https:\/\/pracek.si\/racunalniskatrgovina\/wp-json\/wp\/v2\/media?parent=54475"}],"wp:term":[{"taxonomy":"product_brand","embeddable":true,"href":"https:\/\/pracek.si\/racunalniskatrgovina\/wp-json\/wp\/v2\/product_brand?post=54475"},{"taxonomy":"product_cat","embeddable":true,"href":"https:\/\/pracek.si\/racunalniskatrgovina\/wp-json\/wp\/v2\/product_cat?post=54475"},{"taxonomy":"product_tag","embeddable":true,"href":"https:\/\/pracek.si\/racunalniskatrgovina\/wp-json\/wp\/v2\/product_tag?post=54475"}],"curies":[{"name":"wp","href":"https:\/\/api.w.org\/{rel}","templated":true}]}}