{"id":54742,"date":"2025-07-30T15:54:35","date_gmt":"2025-07-30T14:54:35","guid":{"rendered":"https:\/\/pracek.si\/racunalniskatrgovina\/?post_type=product&#038;p=54742"},"modified":"2026-01-18T11:16:38","modified_gmt":"2026-01-18T10:16:38","slug":"lenovo-thinkpad-t440s-sensor-footprint-reader-0c45851","status":"publish","type":"product","link":"https:\/\/pracek.si\/racunalniskatrgovina\/izdelek\/lenovo-thinkpad-t440s-sensor-footprint-reader-0c45851\/","title":{"rendered":"Lenovo THINKPAD T440s Sensor Footprint Reader 0C45851"},"content":{"rendered":"<p>Bralnik odtisov senzorjev Lenovo THINKPAD T440s 0C45851 je pristen nadomestni del, izdelan za obnovitev delovanja senzorja va\u0161ega prenosnika. Zasnovan je tako, da se ujema z originalnim delom, kar zagotavlja popolno prileganje in zanesljivo delovanje.<\/p>\n<p>Ta originalni bralnik pomaga ohranjati natan\u010dnost in funkcionalnost senzorja va\u0161ega prenosnika ter zagotavlja, da va\u0161 prenosnik deluje po najbolj\u0161ih mo\u010deh. Enostaven za namestitev, omogo\u010da nemoten postopek zamenjave, kar daje va\u0161emu Lenovo THINKPAD T440s natan\u010dnost, ki jo potrebuje.<\/p>\n<p>Klju\u010dne lastnosti:<\/p>\n<ul>\n<li>Zdru\u017eljivo z Lenovo THINKPAD T440s<\/li>\n<li>Originalni nadomestni del Lenovo<\/li>\n<li>Zasnovan za odtis senzorja<\/li>\n<\/ul>\n<p>Upo\u0161tevajte, da ta seznam vklju\u010duje resni\u010dne fotografije bralnika odtisov senzorja Lenovo THINKPAD T440s 0C45851 in da niso na voljo nobena navodila za namestitev. \u010ce potrebujete dodatno pomo\u010d ali imate kakr\u0161na koli vpra\u0161anja, se obrnite na nas. Obnovite natan\u010dnost in zmogljivost senzorja va\u0161ega prenosnika s tem pristnim nadomestnim delom Lenovo.<\/p>\n","protected":false},"excerpt":{"rendered":"<p>Spravite svoj Lenovo THINKPAD T440s nazaj v optimalno stanje s pristnim bralnikom senzorskih odtisov 0C45851. Ta uradni nadomestni del zagotavlja pravilno delovanje senzorja va\u0161ega prenosnika in prispeva k izbolj\u0161ani uporabni\u0161ki izku\u0161nji. Ta komponenta, ki jo je enostavno namestiti, je zasnovana tako, da se brezhibno prilega ter obnovi delovanje in natan\u010dnost senzorja va\u0161ega prenosnika.<\/p>\n","protected":false},"featured_media":41988,"template":"","meta":[],"product_brand":[],"product_cat":[2062],"product_tag":[2061,1818],"class_list":{"0":"post-54742","1":"product","2":"type-product","3":"status-publish","4":"has-post-thumbnail","6":"product_cat-maticne-plosce-in-deli-plosc","7":"product_tag-lenovo","8":"product_tag-rezervni-deli","10":"first","11":"instock","12":"taxable","13":"shipping-taxable","14":"purchasable","15":"product-type-simple"},"_links":{"self":[{"href":"https:\/\/pracek.si\/racunalniskatrgovina\/wp-json\/wp\/v2\/product\/54742","targetHints":{"allow":["GET"]}}],"collection":[{"href":"https:\/\/pracek.si\/racunalniskatrgovina\/wp-json\/wp\/v2\/product"}],"about":[{"href":"https:\/\/pracek.si\/racunalniskatrgovina\/wp-json\/wp\/v2\/types\/product"}],"version-history":[{"count":0,"href":"https:\/\/pracek.si\/racunalniskatrgovina\/wp-json\/wp\/v2\/product\/54742\/revisions"}],"wp:featuredmedia":[{"embeddable":true,"href":"https:\/\/pracek.si\/racunalniskatrgovina\/wp-json\/wp\/v2\/media\/41988"}],"wp:attachment":[{"href":"https:\/\/pracek.si\/racunalniskatrgovina\/wp-json\/wp\/v2\/media?parent=54742"}],"wp:term":[{"taxonomy":"product_brand","embeddable":true,"href":"https:\/\/pracek.si\/racunalniskatrgovina\/wp-json\/wp\/v2\/product_brand?post=54742"},{"taxonomy":"product_cat","embeddable":true,"href":"https:\/\/pracek.si\/racunalniskatrgovina\/wp-json\/wp\/v2\/product_cat?post=54742"},{"taxonomy":"product_tag","embeddable":true,"href":"https:\/\/pracek.si\/racunalniskatrgovina\/wp-json\/wp\/v2\/product_tag?post=54742"}],"curies":[{"name":"wp","href":"https:\/\/api.w.org\/{rel}","templated":true}]}}