{"id":54757,"date":"2025-07-30T15:55:31","date_gmt":"2025-07-30T14:55:31","guid":{"rendered":"https:\/\/pracek.si\/racunalniskatrgovina\/?post_type=product&#038;p=54757"},"modified":"2026-01-18T11:18:31","modified_gmt":"2026-01-18T10:18:31","slug":"lenovo-wlan-wifi-kartica-3-generacije-00jt464-originalna-zamenjava","status":"publish","type":"product","link":"https:\/\/pracek.si\/racunalniskatrgovina\/izdelek\/lenovo-wlan-wifi-kartica-3-generacije-00jt464-originalna-zamenjava\/","title":{"rendered":"Lenovo WLAN WiFi kartica 3. generacije 00JT464 &#8211; originalna zamenjava!"},"content":{"rendered":"<p>Nadgradite svoj prenosni ra\u010dunalnik Lenovo THINKPAD X1 Carbon 3. generacije s pristno kartico Lenovo WLAN WiFi 00JT464. Ta originalni del je izdelan tako, da zagotavlja izjemno brez\u017ei\u010dno povezljivost in je posebej zasnovan za prileganje in brezhibno delovanje z va\u0161im modelom X1 Carbon 3rd Gen.<\/p>\n<p>Klju\u010dne lastnosti:<\/p>\n<ul>\n<li>Model: 00JT464<\/li>\n<li>Zdru\u017eljivo z Lenovo THINKPAD X1 Carbon 3rd Gen<\/li>\n<li>Zagotavlja zanesljivo in hitro brez\u017ei\u010dno povezljivost<\/li>\n<li>Originalni nadomestni del Lenovo<\/li>\n<li>Nekateri zdru\u017eljivi prenosniki: Lenovo THINKPAD L450, Lenovo THINKPAD X250, Lenovo THINKPAD T450, T550, T450s, THINKPAD X1 Carbon 3rd Gen<\/li>\n<\/ul>\n<p>Izkusite neprekinjeno povezljivost za potrebe brskanja, pretakanja in prenosa podatkov. U\u017eivajte v brezskrbnosti, ki ga prina\u0161a uporaba pristnega nadomestnega dela Lenovo, ki je prilagojen za zagotavljanje najbolj\u0161e zmogljivosti za va\u0161 X1 Carbon 3rd Gen.<\/p>\n<p>Upo\u0161tevajte, da so na seznamu dejanske fotografije izdelkov in da navodila za namestitev niso na voljo. Za vsa vpra\u0161anja ali dodatne informacije nas kontaktirajte. Izbolj\u0161ajte povezljivost va\u0161ega Lenovo X1 Carbon 3. generacije s to originalno kartico Lenovo WLAN WiFi 00JT464.<\/p>\n","protected":false},"excerpt":{"rendered":"<p>Izbolj\u0161ajte svoj Lenovo THINKPAD X1 Carbon 3rd Gen z originalno kartico Lenovo WLAN WiFi 00JT464. Ta visokokakovostna nadomestna kartica zagotavlja zanesljivo in hitro brez\u017ei\u010dno povezljivost, prilagojeno va\u0161emu prenosniku. U\u017eivajte v brezhibnem brskanju, pretakanju in povezljivosti s to izvirno kartico Lenovo, zasnovano za va\u0161 X1 Carbon 3rd Gen.<\/p>\n","protected":false},"featured_media":42004,"template":"","meta":[],"product_brand":[],"product_cat":[2062],"product_tag":[2061,1818],"class_list":{"0":"post-54757","1":"product","2":"type-product","3":"status-publish","4":"has-post-thumbnail","6":"product_cat-maticne-plosce-in-deli-plosc","7":"product_tag-lenovo","8":"product_tag-rezervni-deli","10":"first","11":"instock","12":"taxable","13":"shipping-taxable","14":"purchasable","15":"product-type-simple"},"_links":{"self":[{"href":"https:\/\/pracek.si\/racunalniskatrgovina\/wp-json\/wp\/v2\/product\/54757","targetHints":{"allow":["GET"]}}],"collection":[{"href":"https:\/\/pracek.si\/racunalniskatrgovina\/wp-json\/wp\/v2\/product"}],"about":[{"href":"https:\/\/pracek.si\/racunalniskatrgovina\/wp-json\/wp\/v2\/types\/product"}],"version-history":[{"count":0,"href":"https:\/\/pracek.si\/racunalniskatrgovina\/wp-json\/wp\/v2\/product\/54757\/revisions"}],"wp:featuredmedia":[{"embeddable":true,"href":"https:\/\/pracek.si\/racunalniskatrgovina\/wp-json\/wp\/v2\/media\/42004"}],"wp:attachment":[{"href":"https:\/\/pracek.si\/racunalniskatrgovina\/wp-json\/wp\/v2\/media?parent=54757"}],"wp:term":[{"taxonomy":"product_brand","embeddable":true,"href":"https:\/\/pracek.si\/racunalniskatrgovina\/wp-json\/wp\/v2\/product_brand?post=54757"},{"taxonomy":"product_cat","embeddable":true,"href":"https:\/\/pracek.si\/racunalniskatrgovina\/wp-json\/wp\/v2\/product_cat?post=54757"},{"taxonomy":"product_tag","embeddable":true,"href":"https:\/\/pracek.si\/racunalniskatrgovina\/wp-json\/wp\/v2\/product_tag?post=54757"}],"curies":[{"name":"wp","href":"https:\/\/api.w.org\/{rel}","templated":true}]}}