{"id":54769,"date":"2025-07-30T15:56:18","date_gmt":"2025-07-30T14:56:18","guid":{"rendered":"https:\/\/pracek.si\/racunalniskatrgovina\/?post_type=product&#038;p=54769"},"modified":"2026-01-18T11:19:32","modified_gmt":"2026-01-18T10:19:32","slug":"vrata-pokrova-pomnilniskega-pomnilnika-prenosnika-lenovo-thinkpad-sl510","status":"publish","type":"product","link":"https:\/\/pracek.si\/racunalniskatrgovina\/izdelek\/vrata-pokrova-pomnilniskega-pomnilnika-prenosnika-lenovo-thinkpad-sl510\/","title":{"rendered":"Vrata pokrova pomnilni\u0161kega pomnilnika prenosnika Lenovo Thinkpad SL510"},"content":{"rendered":"<p>Vrata pokrova pomnilni\u0161kega pomnilnika prenosnega ra\u010dunalnika Lenovo Thinkpad SL510 &#8211;\u00a0 Plasti\u010dni osnovni pokrov prenosnega ra\u010dunalnika ponuja zanesljivo re\u0161itev za zamenjavo obrabljenih ali po\u0161kodovanih osnovnih pokrovov.<\/p>\n<p>Ta pokrov, izdelan z mislijo na vzdr\u017eljivost, slu\u017ei kot idealen nadomestni del za prenosnike, ki potrebujejo sve\u017eo, robustno podlago. Povrnite estetiko prenosnika in za\u0161\u010ditite njegove notranje komponente.<\/p>\n<p>Klju\u010dne lastnosti:<\/p>\n<ul>\n<li>Zdru\u017eljivost: Lenovo Thinkpad SL510<\/li>\n<li>Material: trpe\u017ena plastika<\/li>\n<li>Zagotavlja za\u0161\u010dito notranjih komponent prenosnika<\/li>\n<li>Nadomestni del, ki se natan\u010dno prilega<\/li>\n<\/ul>\n<p>&nbsp;<\/p>\n","protected":false},"excerpt":{"rendered":"<p>Vrata pokrova pomnilni\u0161kega pomnilnika prenosnika Lenovo Thinkpad SL510.<\/p>\n","protected":false},"featured_media":42028,"template":"","meta":[],"product_brand":[],"product_cat":[2051],"product_tag":[2061,1818],"class_list":{"0":"post-54769","1":"product","2":"type-product","3":"status-publish","4":"has-post-thumbnail","6":"product_cat-ohisje-prenosnika","7":"product_tag-lenovo","8":"product_tag-rezervni-deli","10":"first","11":"instock","12":"taxable","13":"shipping-taxable","14":"purchasable","15":"product-type-simple"},"_links":{"self":[{"href":"https:\/\/pracek.si\/racunalniskatrgovina\/wp-json\/wp\/v2\/product\/54769","targetHints":{"allow":["GET"]}}],"collection":[{"href":"https:\/\/pracek.si\/racunalniskatrgovina\/wp-json\/wp\/v2\/product"}],"about":[{"href":"https:\/\/pracek.si\/racunalniskatrgovina\/wp-json\/wp\/v2\/types\/product"}],"version-history":[{"count":0,"href":"https:\/\/pracek.si\/racunalniskatrgovina\/wp-json\/wp\/v2\/product\/54769\/revisions"}],"wp:featuredmedia":[{"embeddable":true,"href":"https:\/\/pracek.si\/racunalniskatrgovina\/wp-json\/wp\/v2\/media\/42028"}],"wp:attachment":[{"href":"https:\/\/pracek.si\/racunalniskatrgovina\/wp-json\/wp\/v2\/media?parent=54769"}],"wp:term":[{"taxonomy":"product_brand","embeddable":true,"href":"https:\/\/pracek.si\/racunalniskatrgovina\/wp-json\/wp\/v2\/product_brand?post=54769"},{"taxonomy":"product_cat","embeddable":true,"href":"https:\/\/pracek.si\/racunalniskatrgovina\/wp-json\/wp\/v2\/product_cat?post=54769"},{"taxonomy":"product_tag","embeddable":true,"href":"https:\/\/pracek.si\/racunalniskatrgovina\/wp-json\/wp\/v2\/product_tag?post=54769"}],"curies":[{"name":"wp","href":"https:\/\/api.w.org\/{rel}","templated":true}]}}