{"id":55624,"date":"2025-07-31T08:46:28","date_gmt":"2025-07-31T07:46:28","guid":{"rendered":"https:\/\/pracek.si\/racunalniskatrgovina\/?post_type=product&#038;p=55624"},"modified":"2026-01-19T08:05:19","modified_gmt":"2026-01-19T07:05:19","slug":"intel-7260ngw-802-11ac-ngff-brezzicna-kartica-wifi-bluetooth-bt-4-0-mini-wlan-2","status":"publish","type":"product","link":"https:\/\/pracek.si\/racunalniskatrgovina\/izdelek\/intel-7260ngw-802-11ac-ngff-brezzicna-kartica-wifi-bluetooth-bt-4-0-mini-wlan-2\/","title":{"rendered":"Intel 7260NGW 802.11AC NGFF brez\u017ei\u010dna kartica Wifi + Bluetooth BT 4.0 Mini WLAN"},"content":{"rendered":"<p>Nadgradite brez\u017ei\u010dne zmogljivosti svojega prenosnika s kartico Intel 7260NGW Mini WLAN. Ta kartica zdru\u017euje hitri WiFi z najnovej\u0161o tehnologijo 802.11ac, kar vam omogo\u010da hitro in zanesljivo brez\u017ei\u010dno povezljivost. Vsebuje tudi tehnologijo Bluetooth 4.0 za povezovanje brez\u017ei\u010dnih zunanjih naprav in naprav. Izbolj\u0161ajte zmogljivost svojega prenosnika s to kartico Intel Mini WLAN.<\/p>\n","protected":false},"excerpt":{"rendered":"<p>Izbolj\u0161ajte brez\u017ei\u010dne zmogljivosti svojega prenosnika s kartico Intel 7260NGW Mini WLAN. Ta visoko zmogljiva kartica je zasnovana za zagotavljanje hitre in zanesljive brez\u017ei\u010dne povezave, zaradi \u010desar je popolna za brskanje, pretakanje, igranje iger in drugo.<\/p>\n<p>Mini kartica WLAN Intel 7260NGW podpira standard 802.11ac in ponuja hitri WiFi z izbolj\u0161anim dosegom in zmogljivostjo v primerjavi s starej\u0161imi standardi WiFi. S hitrostmi do Gigabitov lahko u\u017eivate v gladkem pretakanju videoposnetkov visoke lo\u010dljivosti, spletnem igranju brez zamikov ter hitrej\u0161ih prenosih in nalaganjih. Kartica deluje na obeh frekven\u010dnih pasovih 2,4 GHz in 5 GHz, kar vam omogo\u010da, da izberete najbolj\u0161e razpolo\u017eljivo omre\u017eje WiFi.<\/p>\n<p>Poleg povezljivosti Wi-Fi ima Mini WLAN kartica Intel 7260NGW tehnologijo Bluetooth 4.0. To vam omogo\u010da povezovanje in seznanjanje brez\u017ei\u010dnih zunanjih naprav, kot so tipkovnice, mi\u0161ke, slu\u0161alke in zvo\u010dniki, brez potrebe po dodatnih klju\u010dkih ali kablih.<\/p>\n<p>Namestitev kartice Intel 7260NGW Mini WLAN je razmeroma preprost postopek. Prepri\u010dajte se, da je va\u0161 prenosnik izklopljen in odklopljen od vira napajanja. Odprite dostopno plo\u0161\u010do na dnu prenosnika, da poi\u0161\u010dete re\u017eo za kartico Mini WLAN. Odstranite obstoje\u010do kartico (\u010de je na voljo) in vstavite kartico Intel 7260NGW v re\u017eo. Pravilno ga zavarujte in znova sestavite prenosnik.<\/p>\n<p>Nadgradite brez\u017ei\u010dne zmogljivosti svojega prenosnika s kartico Intel 7260NGW Mini WLAN. Izkusite hitro in zanesljivo WiFi povezljivost s standardom 802.11ac in brez te\u017eav pove\u017eite brez\u017ei\u010dne zunanje naprave s tehnologijo Bluetooth 4.0. U\u017eivajte v izbolj\u0161ani zmogljivosti, izbolj\u0161anem dosegu in brezhibni povezljivosti s to kartico Intel Mini WLAN.<\/p>\n","protected":false},"featured_media":43420,"template":"","meta":[],"product_brand":[],"product_cat":[2062],"product_tag":[1818],"class_list":{"0":"post-55624","1":"product","2":"type-product","3":"status-publish","4":"has-post-thumbnail","6":"product_cat-maticne-plosce-in-deli-plosc","7":"product_tag-rezervni-deli","9":"first","10":"instock","11":"taxable","12":"shipping-taxable","13":"purchasable","14":"product-type-simple"},"_links":{"self":[{"href":"https:\/\/pracek.si\/racunalniskatrgovina\/wp-json\/wp\/v2\/product\/55624","targetHints":{"allow":["GET"]}}],"collection":[{"href":"https:\/\/pracek.si\/racunalniskatrgovina\/wp-json\/wp\/v2\/product"}],"about":[{"href":"https:\/\/pracek.si\/racunalniskatrgovina\/wp-json\/wp\/v2\/types\/product"}],"version-history":[{"count":0,"href":"https:\/\/pracek.si\/racunalniskatrgovina\/wp-json\/wp\/v2\/product\/55624\/revisions"}],"wp:featuredmedia":[{"embeddable":true,"href":"https:\/\/pracek.si\/racunalniskatrgovina\/wp-json\/wp\/v2\/media\/43420"}],"wp:attachment":[{"href":"https:\/\/pracek.si\/racunalniskatrgovina\/wp-json\/wp\/v2\/media?parent=55624"}],"wp:term":[{"taxonomy":"product_brand","embeddable":true,"href":"https:\/\/pracek.si\/racunalniskatrgovina\/wp-json\/wp\/v2\/product_brand?post=55624"},{"taxonomy":"product_cat","embeddable":true,"href":"https:\/\/pracek.si\/racunalniskatrgovina\/wp-json\/wp\/v2\/product_cat?post=55624"},{"taxonomy":"product_tag","embeddable":true,"href":"https:\/\/pracek.si\/racunalniskatrgovina\/wp-json\/wp\/v2\/product_tag?post=55624"}],"curies":[{"name":"wp","href":"https:\/\/api.w.org\/{rel}","templated":true}]}}