{"id":55859,"date":"2025-07-31T09:02:34","date_gmt":"2025-07-31T08:02:34","guid":{"rendered":"https:\/\/pracek.si\/racunalniskatrgovina\/?post_type=product&#038;p=55859"},"modified":"2026-01-19T09:36:25","modified_gmt":"2026-01-19T08:36:25","slug":"originalni-deli-prenosnega-racunalnika-dell-latitude-e5430-plosca-za-branje-pametnih-kartic-ls-790ep-0d5kxg","status":"publish","type":"product","link":"https:\/\/pracek.si\/racunalniskatrgovina\/izdelek\/originalni-deli-prenosnega-racunalnika-dell-latitude-e5430-plosca-za-branje-pametnih-kartic-ls-790ep-0d5kxg\/","title":{"rendered":"Originalni deli prenosnega ra\u010dunalnika Dell Latitude E5430 plo\u0161\u010da za branje pametnih kartic LS-790EP 0D5KXG"},"content":{"rendered":"<p>Izbolj\u0161ajte svoj Dell Latitude E5430 s to originalno plo\u0161\u010do za branje pametnih kartic (\u0161tevilka dela: LS-790EP, Dell P\/N: 0D5KXG). U\u017eivajte v ve\u010dji varnosti in udobju s tem pristnim delom prenosnika Dell. Na voljo je hitra dostava po Evropi in po vsem svetu. Za kakr\u0161no koli pomo\u010d nas kontaktirajte!<\/p>\n","protected":false},"excerpt":{"rendered":"<p>Nadgradite svoj Dell Latitude E5430 z originalno plo\u0161\u010do za branje pametnih kartic Dell (\u0161tevilka dela: LS-790EP, Dell P\/N: 0D5KXG). Ta avtenti\u010dni del prenosnika zagotavlja zdru\u017eljivost in zanesljivost ter vam nudi izbolj\u0161ane varnostne funkcije.<\/p>\n<p><strong>Podrobnosti o izdelku:<\/strong><\/p>\n<ul>\n<li><strong>Zdru\u017eljivost:<\/strong> Dell Latitude E5430<\/li>\n<li><strong>\u0160tevilka dela:<\/strong> LS-790EP, Dell P\/N: 0D5KXG<\/li>\n<li><strong>Stanje:<\/strong> originalno, preizku\u0161eno in zagotovljeno delovanje<\/li>\n<li><strong>Izbolj\u0161ana varnost:<\/strong> plo\u0161\u010da bralnika pametnih kartic va\u0161emu prenosnemu ra\u010dunalniku doda dodatno plast varnosti in tako zagotovi, da so va\u0161i podatki varni.<\/li>\n<\/ul>\n<p><strong>Informacije o po\u0161iljanju:<\/strong><\/p>\n<ul>\n<li>Nudimo hitro in zanesljivo dostavo po Evropi in po vsem svetu.<\/li>\n<li>Vse slike izdelkov so resni\u010dne fotografije dela, ki ga boste prejeli.<\/li>\n<li>Ponosni smo na to, da na\u0161im strankam dobavljamo kakovostne dele prenosnikov.<\/li>\n<\/ul>\n<p><strong>Opomba:<\/strong><\/p>\n<ul>\n<li>Navodila za zamenjavo dela niso prilo\u017eena, vendar se za pomo\u010d obrnite na nas.<\/li>\n<li>Va\u0161e zadovoljstvo je na\u0161a prioriteta. \u010ce imate kakr\u0161na koli vpra\u0161anja ali skrbi, nam pi\u0161ite.<\/li>\n<\/ul>\n<p>Nadgradite svoj Dell Latitude E5430 s to pristno plo\u0161\u010do za branje pametnih kartic in izkusite udobje in varnost, ki ju prina\u0161a. Naro\u010dite zdaj in u\u017eivajte v brezhibni nakupovalni izku\u0161nji s Siggmo!<\/p>\n","protected":false},"featured_media":43849,"template":"","meta":[],"product_brand":[],"product_cat":[2062],"product_tag":[2052,1818],"class_list":{"0":"post-55859","1":"product","2":"type-product","3":"status-publish","4":"has-post-thumbnail","6":"product_cat-maticne-plosce-in-deli-plosc","7":"product_tag-dell","8":"product_tag-rezervni-deli","10":"first","11":"instock","12":"taxable","13":"shipping-taxable","14":"purchasable","15":"product-type-simple"},"_links":{"self":[{"href":"https:\/\/pracek.si\/racunalniskatrgovina\/wp-json\/wp\/v2\/product\/55859","targetHints":{"allow":["GET"]}}],"collection":[{"href":"https:\/\/pracek.si\/racunalniskatrgovina\/wp-json\/wp\/v2\/product"}],"about":[{"href":"https:\/\/pracek.si\/racunalniskatrgovina\/wp-json\/wp\/v2\/types\/product"}],"version-history":[{"count":0,"href":"https:\/\/pracek.si\/racunalniskatrgovina\/wp-json\/wp\/v2\/product\/55859\/revisions"}],"wp:featuredmedia":[{"embeddable":true,"href":"https:\/\/pracek.si\/racunalniskatrgovina\/wp-json\/wp\/v2\/media\/43849"}],"wp:attachment":[{"href":"https:\/\/pracek.si\/racunalniskatrgovina\/wp-json\/wp\/v2\/media?parent=55859"}],"wp:term":[{"taxonomy":"product_brand","embeddable":true,"href":"https:\/\/pracek.si\/racunalniskatrgovina\/wp-json\/wp\/v2\/product_brand?post=55859"},{"taxonomy":"product_cat","embeddable":true,"href":"https:\/\/pracek.si\/racunalniskatrgovina\/wp-json\/wp\/v2\/product_cat?post=55859"},{"taxonomy":"product_tag","embeddable":true,"href":"https:\/\/pracek.si\/racunalniskatrgovina\/wp-json\/wp\/v2\/product_tag?post=55859"}],"curies":[{"name":"wp","href":"https:\/\/api.w.org\/{rel}","templated":true}]}}