{"id":55878,"date":"2025-07-31T09:04:15","date_gmt":"2025-07-31T08:04:15","guid":{"rendered":"https:\/\/pracek.si\/racunalniskatrgovina\/?post_type=product&#038;p=55878"},"modified":"2025-07-31T09:07:06","modified_gmt":"2025-07-31T08:07:06","slug":"originalni-deli-za-prenosnik-hp-zbook-15-g1-g2-shell-lcd-bezel-734302-001-ap0tj000600","status":"publish","type":"product","link":"https:\/\/pracek.si\/racunalniskatrgovina\/izdelek\/originalni-deli-za-prenosnik-hp-zbook-15-g1-g2-shell-lcd-bezel-734302-001-ap0tj000600\/","title":{"rendered":"Originalni deli za prenosnik HP ZBOOK 15 G1\/G2 Shell LCD Bezel 734302-001 AP0TJ000600"},"content":{"rendered":"<p>Izbolj\u0161ajte svoj HP ZBOOK 15 G1\/G2 s tem pristnim LCD okvirjem B Shell (\u0161t. dela: 734302-001, model: AP0TJ000600). Ta okvir, izdelan za natan\u010dnost in vzdr\u017eljivost, zagotavlja brezhibno prileganje zaslonu va\u0161ega prenosnika. Izbolj\u0161ajte estetiko svojega prenosnika in hkrati zagotovite bistveno za\u0161\u010dito. Naro\u010dite zdaj za hitro dostavo in izbolj\u0161ajte izku\u0161njo svojega prenosnika!<\/p>\n","protected":false},"excerpt":{"rendered":"<p>Odkrijte neprimerljivo vzdr\u017eljivost in elegantno obliko z na\u0161im pristnim okvirjem LCD-ohi\u0161ja HP ZBOOK 15 G1\/G2. Ta avtenti\u010dni nadomestni del, ozna\u010den s \u0161tevilkama dela 734302-001 in AP0TJ000600, je izdelan posebej za va\u0161a modela HP ZBOOK 15 G1 in G2 ter zagotavlja popolno prileganje in brezhibno delovanje. Ta okvir, izdelan iz visokokakovostnih materialov, ne le \u0161\u010diti LCD-zaslon va\u0161ega prenosnika, temve\u010d s profesionalno obdelavo izbolj\u0161a njegovo estetsko privla\u010dnost. Ne glede na to, ali zamenjujete po\u0161kodovan okvir ali prenavljate svojo napravo, ta originalni HP-jev del zagotavlja zdru\u017eljivost in zmogljivost, ki jo podpira zaupanja vredno ime HP. Izbolj\u0161ajte videz in dolgo \u017eivljenjsko dobo svojega prenosnika s tem vrhunskim, natan\u010dno izdelanim okvirjem.<\/p>\n","protected":false},"featured_media":43880,"template":"","meta":[],"product_brand":[],"product_cat":[2051],"product_tag":[2052,1818],"class_list":{"0":"post-55878","1":"product","2":"type-product","3":"status-publish","4":"has-post-thumbnail","6":"product_cat-ohisje-prenosnika","7":"product_tag-dell","8":"product_tag-rezervni-deli","10":"first","11":"instock","12":"taxable","13":"shipping-taxable","14":"purchasable","15":"product-type-simple"},"_links":{"self":[{"href":"https:\/\/pracek.si\/racunalniskatrgovina\/wp-json\/wp\/v2\/product\/55878","targetHints":{"allow":["GET"]}}],"collection":[{"href":"https:\/\/pracek.si\/racunalniskatrgovina\/wp-json\/wp\/v2\/product"}],"about":[{"href":"https:\/\/pracek.si\/racunalniskatrgovina\/wp-json\/wp\/v2\/types\/product"}],"version-history":[{"count":0,"href":"https:\/\/pracek.si\/racunalniskatrgovina\/wp-json\/wp\/v2\/product\/55878\/revisions"}],"wp:featuredmedia":[{"embeddable":true,"href":"https:\/\/pracek.si\/racunalniskatrgovina\/wp-json\/wp\/v2\/media\/43880"}],"wp:attachment":[{"href":"https:\/\/pracek.si\/racunalniskatrgovina\/wp-json\/wp\/v2\/media?parent=55878"}],"wp:term":[{"taxonomy":"product_brand","embeddable":true,"href":"https:\/\/pracek.si\/racunalniskatrgovina\/wp-json\/wp\/v2\/product_brand?post=55878"},{"taxonomy":"product_cat","embeddable":true,"href":"https:\/\/pracek.si\/racunalniskatrgovina\/wp-json\/wp\/v2\/product_cat?post=55878"},{"taxonomy":"product_tag","embeddable":true,"href":"https:\/\/pracek.si\/racunalniskatrgovina\/wp-json\/wp\/v2\/product_tag?post=55878"}],"curies":[{"name":"wp","href":"https:\/\/api.w.org\/{rel}","templated":true}]}}