{"id":56147,"date":"2025-07-31T09:22:30","date_gmt":"2025-07-31T08:22:30","guid":{"rendered":"https:\/\/pracek.si\/racunalniskatrgovina\/?post_type=product&#038;p=56147"},"modified":"2025-07-31T09:24:28","modified_gmt":"2025-07-31T08:24:28","slug":"originalni-deli-prenosnega-racunalnika-z-okvirjem-lenovo-thinkpad-x260-naslon-za-dlani-ap0zk000200","status":"publish","type":"product","link":"https:\/\/pracek.si\/racunalniskatrgovina\/izdelek\/originalni-deli-prenosnega-racunalnika-z-okvirjem-lenovo-thinkpad-x260-naslon-za-dlani-ap0zk000200\/","title":{"rendered":"Originalni deli prenosnega ra\u010dunalnika z okvirjem Lenovo ThinkPad X260 naslon za dlani AP0ZK000200"},"content":{"rendered":"<p>Nadgradite svoj Lenovo ThinkPad X260 s tem originalnim okvirjem naslona za dlani (\u0161tevilka dela AP0ZK000200). Ta visokokakovosten okvir, izdelan do popolnosti, je pristen izdelek Lenovo, zasnovan za brezhibno prileganje. Izbolj\u0161ajte estetiko in funkcionalnost svojega prenosnika s tem originalnim nadomestnim delom. Na voljo je dostava po vsem svetu.<\/p>\n","protected":false},"excerpt":{"rendered":"<p>Izbolj\u0161ajte zmogljivost in videz va\u0161ega Lenovo ThinkPad X260 s pristnim okvirjem naslona za dlani AP0ZK000200. Ta pristen del prenosnega ra\u010dunalnika Lenovo je natan\u010dno izdelan za popolno prileganje, zagotavlja vzdr\u017eljivost in elegantno obliko.<\/p>\n<p><strong>Zdru\u017eljivost:<\/strong><\/p>\n<ul>\n<li>Zasnovan posebej za prenosnike Lenovo ThinkPad X260.<\/li>\n<\/ul>\n<p><strong>Lastnosti:<\/strong><\/p>\n<ul>\n<li>Pristen izdelek Lenovo za zanesljivo in varno prileganje.<\/li>\n<li>Izbolj\u0161a splo\u0161no estetiko va\u0161ega prenosnika.<\/li>\n<li>Izdelan z natan\u010dnostjo za dolgotrajno vzdr\u017eljivost.<\/li>\n<li>Za va\u0161e udobje je na voljo dostava po vsem svetu.<\/li>\n<\/ul>\n<p><strong>Namestitev:<\/strong><\/p>\n<ul>\n<li>Enostaven za namestitev z minimalnim tehni\u010dnim znanjem.<\/li>\n<li>\u010ceprav ne nudimo navodil po korakih, se obrnite na nas, \u010de imate kakr\u0161na koli vpra\u0161anja ali potrebujete pomo\u010d.<\/li>\n<\/ul>\n<p><strong>Opomba:<\/strong><\/p>\n<ul>\n<li>Ta seznam je samo za okvir naslona za dlani AP0ZK000200. Druge komponente, prikazane na fotografijah, so ilustrativne narave.<\/li>\n<li>Prave fotografije zagotavljajo preglednost \u2013 kar vidite, to dobite.<\/li>\n<\/ul>\n<p>Nadgradite svoj prenosnik \u0161e danes z okvirjem Lenovo ThinkPad X260 Palmrest AP0ZK000200 Frame \u2013 bistvena komponenta za brezhibno delovanje in uglajen videz. \u010ce imate kakr\u0161na koli vpra\u0161anja ali potrebujete dodatno pomo\u010d, ne oklevajte in nas kontaktirajte. Tukaj smo, da vam pomagamo kar najbolje izkoristiti va\u0161 prenosnik.<\/p>\n","protected":false},"featured_media":44341,"template":"","meta":[],"product_brand":[],"product_cat":[2051],"product_tag":[2061,1818],"class_list":{"0":"post-56147","1":"product","2":"type-product","3":"status-publish","4":"has-post-thumbnail","6":"product_cat-ohisje-prenosnika","7":"product_tag-lenovo","8":"product_tag-rezervni-deli","10":"first","11":"instock","12":"taxable","13":"shipping-taxable","14":"purchasable","15":"product-type-simple"},"_links":{"self":[{"href":"https:\/\/pracek.si\/racunalniskatrgovina\/wp-json\/wp\/v2\/product\/56147","targetHints":{"allow":["GET"]}}],"collection":[{"href":"https:\/\/pracek.si\/racunalniskatrgovina\/wp-json\/wp\/v2\/product"}],"about":[{"href":"https:\/\/pracek.si\/racunalniskatrgovina\/wp-json\/wp\/v2\/types\/product"}],"version-history":[{"count":0,"href":"https:\/\/pracek.si\/racunalniskatrgovina\/wp-json\/wp\/v2\/product\/56147\/revisions"}],"wp:featuredmedia":[{"embeddable":true,"href":"https:\/\/pracek.si\/racunalniskatrgovina\/wp-json\/wp\/v2\/media\/44341"}],"wp:attachment":[{"href":"https:\/\/pracek.si\/racunalniskatrgovina\/wp-json\/wp\/v2\/media?parent=56147"}],"wp:term":[{"taxonomy":"product_brand","embeddable":true,"href":"https:\/\/pracek.si\/racunalniskatrgovina\/wp-json\/wp\/v2\/product_brand?post=56147"},{"taxonomy":"product_cat","embeddable":true,"href":"https:\/\/pracek.si\/racunalniskatrgovina\/wp-json\/wp\/v2\/product_cat?post=56147"},{"taxonomy":"product_tag","embeddable":true,"href":"https:\/\/pracek.si\/racunalniskatrgovina\/wp-json\/wp\/v2\/product_tag?post=56147"}],"curies":[{"name":"wp","href":"https:\/\/api.w.org\/{rel}","templated":true}]}}