{"id":56148,"date":"2025-07-31T09:22:30","date_gmt":"2025-07-31T08:22:30","guid":{"rendered":"https:\/\/pracek.si\/racunalniskatrgovina\/?post_type=product&#038;p=56148"},"modified":"2025-07-31T09:24:31","modified_gmt":"2025-07-31T08:24:31","slug":"originalna-maticna-plosca-lenovo-thinkpad-x260-i5-6200u-00up190-01yt037-01hx027-01en193","status":"publish","type":"product","link":"https:\/\/pracek.si\/racunalniskatrgovina\/izdelek\/originalna-maticna-plosca-lenovo-thinkpad-x260-i5-6200u-00up190-01yt037-01hx027-01en193\/","title":{"rendered":"Originalna mati\u010dna plo\u0161\u010da Lenovo ThinkPad X260 I5-6200U 00UP190 01YT037 01HX027 01EN193"},"content":{"rendered":"<p>Nadgradite svoj Lenovo ThinkPad X260 s to originalno mati\u010dno plo\u0161\u010do s procesorjem Intel Core i5\u20136200U. \u0160tevilke modelov 00UP190, 01YT037, 01HX027 in 01EN193 zagotavljajo zdru\u017eljivost. Zaupajte kakovosti in zmogljivosti za potrebe delov va\u0161ega prenosnika.<\/p>\n","protected":false},"excerpt":{"rendered":"<p>Izbolj\u0161ajte zmogljivosti va\u0161ega Lenovo ThinkPad X260 z na\u0161o pristno mati\u010dno plo\u0161\u010do, zanesljivo zamenjavo ali nadgradnjo za va\u0161 prenosnik. Ta mati\u010dna plo\u0161\u010da, ki jo poganja procesor Intel Core i5\u20136200U, zagotavlja brezhibno delovanje, zaradi \u010desar je idealna za razli\u010dne ra\u010dunalni\u0161ke naloge.<\/p>\n<p><strong>Zdru\u017eljivost, ki ji lahko zaupate:<\/strong> Ta mati\u010dna plo\u0161\u010da, ozna\u010dena s \u0161tevilkami modelov 00UP190, 01YT037, 01HX027 in 01EN193, je zasnovana za brezhibno integracijo z va\u0161im Lenovo ThinkPad X260. Zagotovite zdru\u017eljivost in u\u017eivajte v postopku namestitve brez te\u017eav.<\/p>\n<p><strong>Kakovost, ki si jo zaslu\u017eite:<\/strong> Pri [Ime va\u0161ega spletnega mesta] dajemo prednost kakovosti, da vam zagotovimo najbolj\u0161e dele prenosnikov na trgu. Na\u0161e mati\u010dne plo\u0161\u010de so podvr\u017eene strogemu testiranju za izpolnjevanje industrijskih standardov, kar zagotavlja zanesljivost in dolgo \u017eivljenjsko dobo va\u0161e naprave.<\/p>\n<p><strong>Enostavna namestitev:<\/strong> \u010ceprav ne zagotavljamo posebnih navodil za zamenjavo, je na\u0161a mati\u010dna plo\u0161\u010da zasnovana za preprosto namestitev. \u010ce potrebujete pomo\u010d, nam pi\u0161ite in z veseljem vas bomo vodili skozi postopek.<\/p>\n<p><strong>Prave fotografije, pravi deli:<\/strong> Slike na tem seznamu prikazujejo dejansko mati\u010dno plo\u0161\u010do, ki jo boste prejeli. Verjamemo v preglednost in te fotografije prikazujejo kakovost in pristnost na\u0161ih izdelkov.<\/p>\n<p>Nadgradite svoj Lenovo ThinkPad X260 \u0161e danes z mo\u010djo in zanesljivostjo na\u0161e pristne mati\u010dne plo\u0161\u010de. Zaupajte [Ime va\u0161ega spletnega mesta] za vse potrebe po delih va\u0161ega prenosnika in izkusite ra\u010dunalni\u0161tvo na najbolj\u0161i mo\u017eni na\u010din.<\/p>\n","protected":false},"featured_media":44345,"template":"","meta":[],"product_brand":[],"product_cat":[2062],"product_tag":[2061,1818],"class_list":{"0":"post-56148","1":"product","2":"type-product","3":"status-publish","4":"has-post-thumbnail","6":"product_cat-maticne-plosce-in-deli-plosc","7":"product_tag-lenovo","8":"product_tag-rezervni-deli","10":"first","11":"instock","12":"taxable","13":"shipping-taxable","14":"purchasable","15":"product-type-simple"},"_links":{"self":[{"href":"https:\/\/pracek.si\/racunalniskatrgovina\/wp-json\/wp\/v2\/product\/56148","targetHints":{"allow":["GET"]}}],"collection":[{"href":"https:\/\/pracek.si\/racunalniskatrgovina\/wp-json\/wp\/v2\/product"}],"about":[{"href":"https:\/\/pracek.si\/racunalniskatrgovina\/wp-json\/wp\/v2\/types\/product"}],"version-history":[{"count":0,"href":"https:\/\/pracek.si\/racunalniskatrgovina\/wp-json\/wp\/v2\/product\/56148\/revisions"}],"wp:featuredmedia":[{"embeddable":true,"href":"https:\/\/pracek.si\/racunalniskatrgovina\/wp-json\/wp\/v2\/media\/44345"}],"wp:attachment":[{"href":"https:\/\/pracek.si\/racunalniskatrgovina\/wp-json\/wp\/v2\/media?parent=56148"}],"wp:term":[{"taxonomy":"product_brand","embeddable":true,"href":"https:\/\/pracek.si\/racunalniskatrgovina\/wp-json\/wp\/v2\/product_brand?post=56148"},{"taxonomy":"product_cat","embeddable":true,"href":"https:\/\/pracek.si\/racunalniskatrgovina\/wp-json\/wp\/v2\/product_cat?post=56148"},{"taxonomy":"product_tag","embeddable":true,"href":"https:\/\/pracek.si\/racunalniskatrgovina\/wp-json\/wp\/v2\/product_tag?post=56148"}],"curies":[{"name":"wp","href":"https:\/\/api.w.org\/{rel}","templated":true}]}}