{"id":56316,"date":"2025-07-31T09:32:53","date_gmt":"2025-07-31T08:32:53","guid":{"rendered":"https:\/\/pracek.si\/racunalniskatrgovina\/?post_type=product&#038;p=56316"},"modified":"2025-07-31T09:34:49","modified_gmt":"2025-07-31T08:34:49","slug":"originalna-stikalna-plosca-hp-compaq-8710p-series-ls-3331p-deli-za-prenosnike-po-vsem-svetu","status":"publish","type":"product","link":"https:\/\/pracek.si\/racunalniskatrgovina\/izdelek\/originalna-stikalna-plosca-hp-compaq-8710p-series-ls-3331p-deli-za-prenosnike-po-vsem-svetu\/","title":{"rendered":"Originalna stikalna plo\u0161\u010da HP Compaq 8710p Series LS-3331P &#8211; deli za prenosnike po vsem svetu"},"content":{"rendered":"<p>Izbolj\u0161ajte svoj prenosni ra\u010dunalnik HP Compaq 8710p z na\u0161o originalno stikalno plo\u0161\u010do LS-3331P. Zagotovljena zdru\u017eljivost in zmogljivost. Na voljo je dostava po vsem svetu.<\/p>\n","protected":false},"excerpt":{"rendered":"<p>Nadgradite svoj prenosni ra\u010dunalnik serije HP Compaq 8710p z na\u0161o pristno stikalno plo\u0161\u010do LS-3331P. Ta visokokakovosten prenosni del zagotavlja brezhibno delovanje in zanesljivost. Ne glede na to, ali zamenjate pokvarjeno stikalno plo\u0161\u010do ali \u017eelite izbolj\u0161ati zmogljivosti svojega prenosnika, je na\u0161 LS-3331P popolna izbira.<\/p>\n<p><strong>Klju\u010dne lastnosti:<\/strong><\/p>\n<ul>\n<li><strong>Pristna HP-jeva komponenta:<\/strong> Ta stikalna plo\u0161\u010da je pristen HP-jev izdelek, ki zagotavlja zdru\u017eljivost in optimalno delovanje z va\u0161im prenosnim ra\u010dunalnikom HP Compaq 8710p.<\/li>\n<li><strong>Izbolj\u0161anje funkcionalnosti prenosnega ra\u010dunalnika:<\/strong> Stikalna plo\u0161\u010da LS-3331P je zasnovana za izbolj\u0161anje in ohranjanje funkcionalnosti va\u0161ega prenosnega ra\u010dunalnika ter zagotavlja brezhibno ra\u010dunalni\u0161ko izku\u0161njo.<\/li>\n<li><strong>Dostava po vsem svetu:<\/strong> Ponujamo dostavo po vsem svetu, tako da lahko ne glede na to, kje ste, izkoristite na\u0161e visokokakovostne dele za prenosnike.<\/li>\n<\/ul>\n<p><strong>Zdru\u017eljivost:<\/strong><\/p>\n<ul>\n<li>Zasnovan posebej za prenosne ra\u010dunalnike serije HP Compaq 8710p, ki zagotavlja popolno prileganje.<\/li>\n<\/ul>\n<p><strong>Opomba:<\/strong> Ne ponujamo navodil za namestitev, vendar se obrnite na nas, \u010de imate kakr\u0161na koli vpra\u0161anja. Prave fotografije stikalne plo\u0161\u010de, prikazane na seznamu, so natan\u010dni deli, ki jih boste prejeli.<\/p>\n<p>Nadgradite svoj prenosni ra\u010dunalnik HP Compaq 8710p \u0161e danes s stikalno plo\u0161\u010do LS-3331P. Naro\u010dite zdaj za zanesljivo in u\u010dinkovito ra\u010dunalni\u0161ko izku\u0161njo. \u010ce imate kakr\u0161na koli vpra\u0161anja ali potrebujete pomo\u010d, nam ne oklevajte in nam pi\u0161ite.<\/p>\n","protected":false},"featured_media":44627,"template":"","meta":[],"product_brand":[],"product_cat":[2062],"product_tag":[2060,1818],"class_list":{"0":"post-56316","1":"product","2":"type-product","3":"status-publish","4":"has-post-thumbnail","6":"product_cat-maticne-plosce-in-deli-plosc","7":"product_tag-hp","8":"product_tag-rezervni-deli","10":"first","11":"instock","12":"taxable","13":"shipping-taxable","14":"purchasable","15":"product-type-simple"},"_links":{"self":[{"href":"https:\/\/pracek.si\/racunalniskatrgovina\/wp-json\/wp\/v2\/product\/56316","targetHints":{"allow":["GET"]}}],"collection":[{"href":"https:\/\/pracek.si\/racunalniskatrgovina\/wp-json\/wp\/v2\/product"}],"about":[{"href":"https:\/\/pracek.si\/racunalniskatrgovina\/wp-json\/wp\/v2\/types\/product"}],"version-history":[{"count":0,"href":"https:\/\/pracek.si\/racunalniskatrgovina\/wp-json\/wp\/v2\/product\/56316\/revisions"}],"wp:featuredmedia":[{"embeddable":true,"href":"https:\/\/pracek.si\/racunalniskatrgovina\/wp-json\/wp\/v2\/media\/44627"}],"wp:attachment":[{"href":"https:\/\/pracek.si\/racunalniskatrgovina\/wp-json\/wp\/v2\/media?parent=56316"}],"wp:term":[{"taxonomy":"product_brand","embeddable":true,"href":"https:\/\/pracek.si\/racunalniskatrgovina\/wp-json\/wp\/v2\/product_brand?post=56316"},{"taxonomy":"product_cat","embeddable":true,"href":"https:\/\/pracek.si\/racunalniskatrgovina\/wp-json\/wp\/v2\/product_cat?post=56316"},{"taxonomy":"product_tag","embeddable":true,"href":"https:\/\/pracek.si\/racunalniskatrgovina\/wp-json\/wp\/v2\/product_tag?post=56316"}],"curies":[{"name":"wp","href":"https:\/\/api.w.org\/{rel}","templated":true}]}}