{"id":56751,"date":"2025-07-31T10:00:58","date_gmt":"2025-07-31T09:00:58","guid":{"rendered":"https:\/\/pracek.si\/racunalniskatrgovina\/?post_type=product&#038;p=56751"},"modified":"2025-07-31T10:04:46","modified_gmt":"2025-07-31T09:04:46","slug":"originalni-notranji-zvocniki-za-prenosnik-hp-probook-430-g4-bx81satp10","status":"publish","type":"product","link":"https:\/\/pracek.si\/racunalniskatrgovina\/izdelek\/originalni-notranji-zvocniki-za-prenosnik-hp-probook-430-g4-bx81satp10\/","title":{"rendered":"Originalni notranji zvo\u010dniki za prenosnik HP Probook 430 G4 &#8211; BX81SATP10"},"content":{"rendered":"<p>Nadgradite zvo\u010dno izku\u0161njo prenosnika HP Probook 430 G4 s temi originalnimi notranjimi zvo\u010dniki. Ti zvo\u010dniki, zasnovani posebej za va\u0161 model prenosnika, zagotavljajo kristalno \u010dist zvok. Originalni deli HP zagotavljajo zdru\u017eljivost in optimalno delovanje. Izbolj\u0161ajte svojo multimedijsko in komunikacijsko izku\u0161njo \u0161e danes.<\/p>\n","protected":false},"excerpt":{"rendered":"<p>Nadgradite zvo\u010dno zmogljivost va\u0161ega prenosnika HP Probook 430 G4 s temi originalnimi notranjimi zvo\u010dniki. Ti zvo\u010dniki, izdelani tako, da se brezhibno prilegajo va\u0161emu prenosniku, zagotavljajo pristno zvo\u010dno izku\u0161njo in zagotavljajo, da jasno sli\u0161ite vsako podrobnost. Ne glede na to, ali gledate videoposnetke, sodelujete na virtualnih sestankih ali u\u017eivate v glasbi, ti zvo\u010dniki zagotavljajo izjemno kakovost zvoka. HP \u0161tevilka dela: BX81SATP10.<\/p>\n<p><strong>Klju\u010dne lastnosti:<\/strong><\/p>\n<ul>\n<li><strong>Originalni HP-jevi deli:<\/strong> Ti notranji zvo\u010dniki so originalne HP-jeve komponente, ki zagotavljajo zdru\u017eljivost in optimalno delovanje va\u0161ega prenosnika Probook 430 G4.<\/li>\n<li><strong>Izbolj\u0161ajte ve\u010dpredstavnostno izku\u0161njo:<\/strong> U\u017eivajte v izjemni kakovosti zvoka za videoposnetke, glasbo in virtualna sre\u010danja. Ti zvo\u010dniki so zasnovani tako, da dopolnjujejo multimedijske funkcije va\u0161ega prenosnika.<\/li>\n<li><strong>Enostavna namestitev:<\/strong> Brez te\u017eav nadgradite zvok svojega prenosnika. Ti zvo\u010dniki so zasnovani za preprosto namestitev in niso potrebna nobena posebna orodja.<\/li>\n<li><strong>Zdru\u017eljivost:<\/strong> Ti notranji zvo\u010dniki, zasnovani posebej za HP Probook 430 G4, zagotavljajo popolno prileganje in ohranjajo elegantno obliko va\u0161ega prenosnika.<\/li>\n<li><strong>Pravi izdelek, resni\u010dne fotografije:<\/strong> Slike izdelkov, ki jih vidite, so pristne fotografije zvo\u010dnikov, ki jih boste prejeli. Kar vidite, to dobite.<\/li>\n<\/ul>\n","protected":false},"featured_media":45362,"template":"","meta":[],"product_brand":[],"product_cat":[2053],"product_tag":[2060,1818],"class_list":{"0":"post-56751","1":"product","2":"type-product","3":"status-publish","4":"has-post-thumbnail","6":"product_cat-zvocniki-za-prenosnike","7":"product_tag-hp","8":"product_tag-rezervni-deli","10":"first","11":"instock","12":"taxable","13":"shipping-taxable","14":"purchasable","15":"product-type-simple"},"_links":{"self":[{"href":"https:\/\/pracek.si\/racunalniskatrgovina\/wp-json\/wp\/v2\/product\/56751","targetHints":{"allow":["GET"]}}],"collection":[{"href":"https:\/\/pracek.si\/racunalniskatrgovina\/wp-json\/wp\/v2\/product"}],"about":[{"href":"https:\/\/pracek.si\/racunalniskatrgovina\/wp-json\/wp\/v2\/types\/product"}],"version-history":[{"count":0,"href":"https:\/\/pracek.si\/racunalniskatrgovina\/wp-json\/wp\/v2\/product\/56751\/revisions"}],"wp:featuredmedia":[{"embeddable":true,"href":"https:\/\/pracek.si\/racunalniskatrgovina\/wp-json\/wp\/v2\/media\/45362"}],"wp:attachment":[{"href":"https:\/\/pracek.si\/racunalniskatrgovina\/wp-json\/wp\/v2\/media?parent=56751"}],"wp:term":[{"taxonomy":"product_brand","embeddable":true,"href":"https:\/\/pracek.si\/racunalniskatrgovina\/wp-json\/wp\/v2\/product_brand?post=56751"},{"taxonomy":"product_cat","embeddable":true,"href":"https:\/\/pracek.si\/racunalniskatrgovina\/wp-json\/wp\/v2\/product_cat?post=56751"},{"taxonomy":"product_tag","embeddable":true,"href":"https:\/\/pracek.si\/racunalniskatrgovina\/wp-json\/wp\/v2\/product_tag?post=56751"}],"curies":[{"name":"wp","href":"https:\/\/api.w.org\/{rel}","templated":true}]}}