{"id":56993,"date":"2025-07-31T10:16:18","date_gmt":"2025-07-31T09:16:18","guid":{"rendered":"https:\/\/pracek.si\/racunalniskatrgovina\/?post_type=product&#038;p=56993"},"modified":"2025-07-31T10:18:51","modified_gmt":"2025-07-31T09:18:51","slug":"original-dell-latitude-e7250-left-right-hinge-cover-cap-set-07xp3d-09dmm4-deli-za-prenosnike","status":"publish","type":"product","link":"https:\/\/pracek.si\/racunalniskatrgovina\/izdelek\/original-dell-latitude-e7250-left-right-hinge-cover-cap-set-07xp3d-09dmm4-deli-za-prenosnike\/","title":{"rendered":"Original Dell Latitude E7250 Left &#038; Right Hinge Cover Cap Set 07XP3D 09DMM4 &#8211; Deli za prenosnike"},"content":{"rendered":"<p>Izbolj\u0161ajte funkcionalnost svojega prenosnika Dell Latitude E7250 z na\u0161o originalno levico &amp; Komplet pokrov\u010dkov za desne te\u010daje. Ti pristni deli (\u0161tevilki delov 07XP3D in 09DMM4), izdelani do natan\u010dnosti, zagotavljajo brezhibno prileganje va\u0161i napravi. Zaupajte kakovosti pristnih komponent Dell za optimalno delovanje.<\/p>\n","protected":false},"excerpt":{"rendered":"<div class=\"flex-1 overflow-hidden\">\n<div class=\"react-scroll-to-bottom--css-eeydf-79elbk h-full\">\n<div class=\"react-scroll-to-bottom--css-eeydf-1n7m0yu\">\n<div class=\"flex flex-col text-sm pb-9\">\n<div class=\"w-full text-token-text-primary\" data-testid=\"conversation-turn-9\">\n<div class=\"px-4 py-2 justify-center text-base md:gap-6 m-auto\">\n<div class=\"flex flex-1 text-base mx-auto gap-3 md:px-5 lg:px-1 xl:px-5 md:max-w-3xl lg:max-w-[40rem] xl:max-w-[48rem] group final-completion\">\n<div class=\"relative flex w-full flex-col agent-turn\">\n<div class=\"flex-col gap-1 md:gap-3\">\n<div class=\"flex flex-grow flex-col max-w-full\">\n<div class=\"min-h-[20px] text-message flex flex-col items-start gap-3 whitespace-pre-wrap break-words [.text-message+&amp;]:mt-5 overflow-x-auto\" data-message-author-role=\"pomo\u010dnik\" data-message-id=\"548ff5a1-8c52-477f-91f8-b1e924516071\">\n<div class=\"markdown prose w-full break-words dark:prose-invert dark\">\n<p>Nadgradite svoj prenosnik Dell Latitude E7250 z na\u0161o originalno levico &amp; Komplet pokrivnih pokrov\u010dkov desnih te\u010dajev, ki vsebuje dele 07XP3D in 09DMM4. Zasnovani za zdru\u017eljivost in vzdr\u017eljivost, ti pokrovi te\u010dajev zagotavljajo popolno re\u0161itev za zamenjavo obrabljenih ali po\u0161kodovanih komponent.<\/p>\n<p><strong>Klju\u010dne lastnosti:<\/strong><\/p>\n<ul>\n<li>Originalni deli Dell: Bodite pomirjeni, saj veste, da uporabljate pristne komponente Dell za zanesljivo in varno prileganje.<\/li>\n<li>Zdru\u017eljivost: posebej izdelano za prenosne ra\u010dunalnike Dell Latitude E7250, kar zagotavlja popolno ujemanje.<\/li>\n<li>Enostavna namestitev: brez truda zamenjajte svoje stare pokrove te\u010dajev, kar bo va\u0161emu prenosniku dalo sve\u017e in funkcionalen videz.<\/li>\n<li>Zagotavljanje kakovosti: Strogo testiranje in nadzor kakovosti zagotavljata u\u010dinkovitost in dolgo \u017eivljenjsko dobo.<\/li>\n<\/ul>\n<p><strong>Zdru\u017eljivost:<\/strong><\/p>\n<ul>\n<li>Dell Latitude E7250<\/li>\n<\/ul>\n<p><strong>Paket vklju\u010duje:<\/strong><\/p>\n<ul>\n<li>1x pokrivna kapa na levih te\u010dajih (07XP3D)<\/li>\n<li>1x pokrivna kapa z desnimi te\u010daji (09DMM4)<\/li>\n<\/ul>\n<p>Izbolj\u0161ajte estetiko in funkcionalnost svojega prenosnika z na\u0161im originalnim Dell Latitude E7250 Left &amp; Komplet pokrov\u010dkov za desne te\u010daje. Izkusite zanesljivost pristnih delov Dell za va\u0161 prenosnik. Upo\u0161tevajte, da navodila za namestitev niso prilo\u017eena, vendar se obrnite na nas, \u010de imate kakr\u0161na koli vpra\u0161anja ali potrebujete pomo\u010d.<\/p>\n<p><em>Opomba: fotografije izdelkov na seznamu so verodostojne slike delov, ki jih boste prejeli, ter zagotavljajo pregleden in natan\u010den prikaz na\u0161ih visokokakovostnih komponent.<\/em><\/p>\n<\/div>\n<\/div>\n<\/div>\n<div class=\"mt-1 flex justify-start gap-3 empty:hidden\">\n<div class=\"text-gray-400 flex self-end lg:self-center justify-center lg:justify-start mt-0 -ml-1 h-7 visible\">\n<p>&nbsp;<\/p>\n<div class=\"flex items-center gap-1.5 text-xs\"><\/div>\n<div class=\"flex\"><\/div>\n<\/div>\n<\/div>\n<div class=\"pr-2 lg:pr-0\"><\/div>\n<\/div>\n<\/div>\n<\/div>\n<\/div>\n<\/div>\n<\/div>\n<\/div>\n<\/div>\n<\/div>\n<div class=\"w-full pt-2 md:pt-0 dark:border-white\/20 md:border-transparent md:dark:border-transparent md:w-[calc(100%-.5rem)]\">\n<div class=\"relative flex h-full flex-1 flex-col\">\n<div class=\"flex w-full items-center\"><\/div>\n<\/div>\n<\/div>\n","protected":false},"featured_media":45695,"template":"","meta":[],"product_brand":[],"product_cat":[2051],"product_tag":[2052,1818],"class_list":{"0":"post-56993","1":"product","2":"type-product","3":"status-publish","4":"has-post-thumbnail","6":"product_cat-ohisje-prenosnika","7":"product_tag-dell","8":"product_tag-rezervni-deli","10":"first","11":"instock","12":"taxable","13":"shipping-taxable","14":"purchasable","15":"product-type-simple"},"_links":{"self":[{"href":"https:\/\/pracek.si\/racunalniskatrgovina\/wp-json\/wp\/v2\/product\/56993","targetHints":{"allow":["GET"]}}],"collection":[{"href":"https:\/\/pracek.si\/racunalniskatrgovina\/wp-json\/wp\/v2\/product"}],"about":[{"href":"https:\/\/pracek.si\/racunalniskatrgovina\/wp-json\/wp\/v2\/types\/product"}],"version-history":[{"count":0,"href":"https:\/\/pracek.si\/racunalniskatrgovina\/wp-json\/wp\/v2\/product\/56993\/revisions"}],"wp:featuredmedia":[{"embeddable":true,"href":"https:\/\/pracek.si\/racunalniskatrgovina\/wp-json\/wp\/v2\/media\/45695"}],"wp:attachment":[{"href":"https:\/\/pracek.si\/racunalniskatrgovina\/wp-json\/wp\/v2\/media?parent=56993"}],"wp:term":[{"taxonomy":"product_brand","embeddable":true,"href":"https:\/\/pracek.si\/racunalniskatrgovina\/wp-json\/wp\/v2\/product_brand?post=56993"},{"taxonomy":"product_cat","embeddable":true,"href":"https:\/\/pracek.si\/racunalniskatrgovina\/wp-json\/wp\/v2\/product_cat?post=56993"},{"taxonomy":"product_tag","embeddable":true,"href":"https:\/\/pracek.si\/racunalniskatrgovina\/wp-json\/wp\/v2\/product_tag?post=56993"}],"curies":[{"name":"wp","href":"https:\/\/api.w.org\/{rel}","templated":true}]}}