{"id":57555,"date":"2025-07-31T10:54:59","date_gmt":"2025-07-31T09:54:59","guid":{"rendered":"https:\/\/pracek.si\/racunalniskatrgovina\/?post_type=product&#038;p=57555"},"modified":"2025-07-31T10:57:54","modified_gmt":"2025-07-31T09:57:54","slug":"original-dell-latitude-12-rugged-extreme-7204-gumijasta-zamenjava-v-kotu-zadaj-levo","status":"publish","type":"product","link":"https:\/\/pracek.si\/racunalniskatrgovina\/izdelek\/original-dell-latitude-12-rugged-extreme-7204-gumijasta-zamenjava-v-kotu-zadaj-levo\/","title":{"rendered":"Original Dell Latitude 12 Rugged Extreme 7204 Gumijasta zamenjava v kotu zadaj levo"},"content":{"rendered":"<p>Zamenjajte zadnjo levo gumo v kotu va\u0161ega Dell Latitude 12 Rugged Extreme 7204 s tem originalnim nadomestnim delom. Poskrbite za tesno prileganje in za\u0161\u010ditite svojo napravo pred udarci. Nadgradite vzdr\u017eljivost svojega prenosnika \u0161e danes!<\/p>\n","protected":false},"excerpt":{"rendered":"<p>Izbolj\u0161ajte vzdr\u017eljivost svojega prenosnega ra\u010dunalnika Dell Latitude 12 Rugged Extreme 7204 s pristnim nadomestkom zadnjega levega kota. Ta avtenti\u010dni nadomestni del, zasnovan za popolno prileganje in izdelan iz visokokakovostnih materialov, zagotavlja dodatno za\u0161\u010dito pred udarci in zagotavlja dolgo \u017eivljenjsko dobo va\u0161e naprave.<\/p>\n<p>Klju\u010dne lastnosti:<\/p>\n<p>&#8211; Originalna zamenjava Dell: Zagotovite zdru\u017eljivost in zanesljivost s pristnim nadomestnim delom.<\/p>\n<p>&#8211; Enostavna namestitev: Brez truda zamenjajte kotno zadnjo levo gumo s preprosto namestitvijo.<\/p>\n<p>&#8211; Izbolj\u0161ana vzdr\u017eljivost: za\u0161\u010ditite svojo napravo pred udarci in podalj\u0161ajte njeno \u017eivljenjsko dobo s tem trpe\u017enim gumijastim nadomestkom.<\/p>\n<p>Nadgradite svoj prenosni ra\u010dunalnik Dell Latitude 12 Rugged Extreme 7204 \u0161e danes s pristnim nadomestkom zadnje leve kotne gume. Kupujte z zaupanjem, saj veste, da vlagate v kakovosten nadomestni del za svojo napravo. \u010ce imate kakr\u0161na koli vpra\u0161anja ali potrebujete pomo\u010d, ne oklevajte in nas kontaktirajte. Tukaj smo, da vam pomagamo pove\u010dati vzdr\u017eljivost va\u0161ega prenosnika.<\/p>\n","protected":false},"featured_media":46654,"template":"","meta":[],"product_brand":[],"product_cat":[2051],"product_tag":[2052,1818],"class_list":{"0":"post-57555","1":"product","2":"type-product","3":"status-publish","4":"has-post-thumbnail","6":"product_cat-ohisje-prenosnika","7":"product_tag-dell","8":"product_tag-rezervni-deli","10":"first","11":"instock","12":"taxable","13":"shipping-taxable","14":"purchasable","15":"product-type-simple"},"_links":{"self":[{"href":"https:\/\/pracek.si\/racunalniskatrgovina\/wp-json\/wp\/v2\/product\/57555","targetHints":{"allow":["GET"]}}],"collection":[{"href":"https:\/\/pracek.si\/racunalniskatrgovina\/wp-json\/wp\/v2\/product"}],"about":[{"href":"https:\/\/pracek.si\/racunalniskatrgovina\/wp-json\/wp\/v2\/types\/product"}],"version-history":[{"count":0,"href":"https:\/\/pracek.si\/racunalniskatrgovina\/wp-json\/wp\/v2\/product\/57555\/revisions"}],"wp:featuredmedia":[{"embeddable":true,"href":"https:\/\/pracek.si\/racunalniskatrgovina\/wp-json\/wp\/v2\/media\/46654"}],"wp:attachment":[{"href":"https:\/\/pracek.si\/racunalniskatrgovina\/wp-json\/wp\/v2\/media?parent=57555"}],"wp:term":[{"taxonomy":"product_brand","embeddable":true,"href":"https:\/\/pracek.si\/racunalniskatrgovina\/wp-json\/wp\/v2\/product_brand?post=57555"},{"taxonomy":"product_cat","embeddable":true,"href":"https:\/\/pracek.si\/racunalniskatrgovina\/wp-json\/wp\/v2\/product_cat?post=57555"},{"taxonomy":"product_tag","embeddable":true,"href":"https:\/\/pracek.si\/racunalniskatrgovina\/wp-json\/wp\/v2\/product_tag?post=57555"}],"curies":[{"name":"wp","href":"https:\/\/api.w.org\/{rel}","templated":true}]}}