{"id":57646,"date":"2025-07-31T11:00:35","date_gmt":"2025-07-31T10:00:35","guid":{"rendered":"https:\/\/pracek.si\/racunalniskatrgovina\/?post_type=product&#038;p=57646"},"modified":"2025-07-31T11:03:55","modified_gmt":"2025-07-31T10:03:55","slug":"tci-d2s-dell-oem-latitude-14-rugged-7404-5404-5414-keyboard-junction-board-0800-0j21e00","status":"publish","type":"product","link":"https:\/\/pracek.si\/racunalniskatrgovina\/izdelek\/tci-d2s-dell-oem-latitude-14-rugged-7404-5404-5414-keyboard-junction-board-0800-0j21e00\/","title":{"rendered":"TCI-D2S Dell OEM Latitude 14 Rugged 7404 5404 5414 Keyboard Junction Board 0800-0J21E00"},"content":{"rendered":"<p>Izbolj\u0161ajte funkcionalnost tipkovnice Dell Latitude 14 Rugged s to pristno spojno plo\u0161\u010do tipkovnice. Zdru\u017eljivo z modeli 7404, 5404 in 5414. Nadgradite zmogljivost tipkovnice va\u0161e naprave \u0161e danes!<\/p>\n","protected":false},"excerpt":{"rendered":"<p>Izbolj\u0161ajte funkcionalnost tipkovnice svojega prenosnika Dell Latitude 14 Rugged s pristno spojno plo\u0161\u010do tipkovnice, \u0161tevilka dela 0800-0J21E00. Ta avtenti\u010dni nadomestni del, izdelan za zdru\u017eljivost in zanesljivost, zagotavlja brezhibno delovanje tipkovnice.<\/p>\n<p>Klju\u010dne lastnosti:<\/p>\n<p>&#8211; Originalna zamenjava Dell: Zagotovite zdru\u017eljivost in zanesljivost s pristnim nadomestnim delom.<\/p>\n<p>&#8211; Zdru\u017eljivi modeli: zasnovani za delo z modeli Dell Latitude 14 Rugged 7404, 5404 in 5414.<\/p>\n<p>&#8211; Izbolj\u0161ano delovanje tipkovnice: izbolj\u0161ajte delovanje tipkovnice va\u0161e naprave za bolj gladko delovanje.<\/p>\n<p>&#8211; Vzdr\u017eljiva konstrukcija: izdelana tako, da prenese robustno uporabo, kar zagotavlja dolgo \u017eivljenjsko dobo in zanesljivost.<\/p>\n<p>Nadgradite svoj prenosni ra\u010dunalnik Dell Latitude 14 Rugged \u0161e danes s pristno spojno plo\u0161\u010do tipkovnice. Kupujte z zaupanjem, saj veste, da vlagate v kakovosten nadomestni del za svojo napravo. \u010ce imate kakr\u0161na koli vpra\u0161anja ali potrebujete pomo\u010d, ne oklevajte in nas kontaktirajte. Tukaj smo, da vam pomagamo izbolj\u0161ati funkcionalnost va\u0161e naprave.<\/p>\n","protected":false},"featured_media":46770,"template":"","meta":[],"product_brand":[],"product_cat":[2062],"product_tag":[2052,1818],"class_list":{"0":"post-57646","1":"product","2":"type-product","3":"status-publish","4":"has-post-thumbnail","6":"product_cat-maticne-plosce-in-deli-plosc","7":"product_tag-dell","8":"product_tag-rezervni-deli","10":"first","11":"instock","12":"taxable","13":"shipping-taxable","14":"purchasable","15":"product-type-simple"},"_links":{"self":[{"href":"https:\/\/pracek.si\/racunalniskatrgovina\/wp-json\/wp\/v2\/product\/57646","targetHints":{"allow":["GET"]}}],"collection":[{"href":"https:\/\/pracek.si\/racunalniskatrgovina\/wp-json\/wp\/v2\/product"}],"about":[{"href":"https:\/\/pracek.si\/racunalniskatrgovina\/wp-json\/wp\/v2\/types\/product"}],"version-history":[{"count":0,"href":"https:\/\/pracek.si\/racunalniskatrgovina\/wp-json\/wp\/v2\/product\/57646\/revisions"}],"wp:featuredmedia":[{"embeddable":true,"href":"https:\/\/pracek.si\/racunalniskatrgovina\/wp-json\/wp\/v2\/media\/46770"}],"wp:attachment":[{"href":"https:\/\/pracek.si\/racunalniskatrgovina\/wp-json\/wp\/v2\/media?parent=57646"}],"wp:term":[{"taxonomy":"product_brand","embeddable":true,"href":"https:\/\/pracek.si\/racunalniskatrgovina\/wp-json\/wp\/v2\/product_brand?post=57646"},{"taxonomy":"product_cat","embeddable":true,"href":"https:\/\/pracek.si\/racunalniskatrgovina\/wp-json\/wp\/v2\/product_cat?post=57646"},{"taxonomy":"product_tag","embeddable":true,"href":"https:\/\/pracek.si\/racunalniskatrgovina\/wp-json\/wp\/v2\/product_tag?post=57646"}],"curies":[{"name":"wp","href":"https:\/\/api.w.org\/{rel}","templated":true}]}}