{"id":57656,"date":"2025-07-31T11:01:39","date_gmt":"2025-07-31T10:01:39","guid":{"rendered":"https:\/\/pracek.si\/racunalniskatrgovina\/?post_type=product&#038;p=57656"},"modified":"2025-07-31T11:05:40","modified_gmt":"2025-07-31T10:05:40","slug":"nov-oem-latitude-14-7404-xfr-crn-pokrov-naslona-za-dlaniprstni-odtis-ytthh-0ytthh","status":"publish","type":"product","link":"https:\/\/pracek.si\/racunalniskatrgovina\/izdelek\/nov-oem-latitude-14-7404-xfr-crn-pokrov-naslona-za-dlaniprstni-odtis-ytthh-0ytthh\/","title":{"rendered":"Nov OEM Latitude 14 7404 XFR \u010drn pokrov naslona za dlani+prstni odtis YTTHH 0YTTHH"},"content":{"rendered":"<p>Izbolj\u0161ajte videz in varnost va\u0161ega Dell Latitude 14 7404 XFR s tem novim OEM pokrovom za naslon za dlani. Ima vgrajen bralnik prstnih odtisov in je zdru\u017eljiv s \u0161tevilko dela YTTHH 0YTTHH. Nadgradite svoj prenosnik \u0161e danes!<\/p>\n","protected":false},"excerpt":{"rendered":"<p>Izbolj\u0161ajte videz in varnost svojega prenosnika Dell Latitude 14 7404 XFR z novim pokrovom za naslon za dlani OEM. Ta originalni del, zasnovan tako z vidika estetike kot funkcionalnosti, ima vgrajen bralnik prstnih odtisov za ve\u010djo varnost.<\/p>\n<p>Klju\u010dne lastnosti:<\/p>\n<p>&#8211; Zamenjava OEM Dell: Zagotovite zdru\u017eljivost in zanesljivost z delom proizvajalca originalne opreme.<\/p>\n<p>&#8211; Vgrajen bralnik prstnih odtisov: Izbolj\u0161ajte varnost in poenostavite postopke prijave z vgrajenim bralnikom prstnih odtisov.<\/p>\n<p>&#8211; Elegantna zasnova: s \u010drnim pokrovom naslona za dlani svojemu prenosniku dodajte pridih prefinjenosti.<\/p>\n<p>&#8211; Enostavna namestitev: Nadgradite svoj prenosnik brez truda s preprosto namestitvijo.<\/p>\n<p>&#8211; Zdru\u017eljivost: Zdru\u017eljivo z Dell Latitude 14 7404 XFR in \u0161tevilko dela YTTHH 0YTTHH.<\/p>\n<p>Nadgradite svoj prenosni ra\u010dunalnik Dell Latitude 14 7404 XFR \u0161e danes z novim OEM pokrovom za naslon za dlani. Kupujte z zaupanjem, saj veste, da vlagate v pristen del za svojo napravo. \u010ce imate kakr\u0161na koli vpra\u0161anja ali potrebujete pomo\u010d, ne oklevajte in nas kontaktirajte. Tukaj smo, da vam pomagamo izbolj\u0161ati videz in varnost va\u0161ega prenosnika.<\/p>\n","protected":false},"featured_media":46800,"template":"","meta":[],"product_brand":[],"product_cat":[2051],"product_tag":[1818],"class_list":{"0":"post-57656","1":"product","2":"type-product","3":"status-publish","4":"has-post-thumbnail","6":"product_cat-ohisje-prenosnika","7":"product_tag-rezervni-deli","9":"first","10":"instock","11":"taxable","12":"shipping-taxable","13":"purchasable","14":"product-type-simple"},"_links":{"self":[{"href":"https:\/\/pracek.si\/racunalniskatrgovina\/wp-json\/wp\/v2\/product\/57656","targetHints":{"allow":["GET"]}}],"collection":[{"href":"https:\/\/pracek.si\/racunalniskatrgovina\/wp-json\/wp\/v2\/product"}],"about":[{"href":"https:\/\/pracek.si\/racunalniskatrgovina\/wp-json\/wp\/v2\/types\/product"}],"version-history":[{"count":0,"href":"https:\/\/pracek.si\/racunalniskatrgovina\/wp-json\/wp\/v2\/product\/57656\/revisions"}],"wp:featuredmedia":[{"embeddable":true,"href":"https:\/\/pracek.si\/racunalniskatrgovina\/wp-json\/wp\/v2\/media\/46800"}],"wp:attachment":[{"href":"https:\/\/pracek.si\/racunalniskatrgovina\/wp-json\/wp\/v2\/media?parent=57656"}],"wp:term":[{"taxonomy":"product_brand","embeddable":true,"href":"https:\/\/pracek.si\/racunalniskatrgovina\/wp-json\/wp\/v2\/product_brand?post=57656"},{"taxonomy":"product_cat","embeddable":true,"href":"https:\/\/pracek.si\/racunalniskatrgovina\/wp-json\/wp\/v2\/product_cat?post=57656"},{"taxonomy":"product_tag","embeddable":true,"href":"https:\/\/pracek.si\/racunalniskatrgovina\/wp-json\/wp\/v2\/product_tag?post=57656"}],"curies":[{"name":"wp","href":"https:\/\/api.w.org\/{rel}","templated":true}]}}