{"id":57678,"date":"2025-07-31T11:03:31","date_gmt":"2025-07-31T10:03:31","guid":{"rendered":"https:\/\/pracek.si\/racunalniskatrgovina\/?post_type=product&#038;p=57678"},"modified":"2025-07-31T11:07:21","modified_gmt":"2025-07-31T10:07:21","slug":"kotni-okvir-zaslona-sprednja-desna-guma-za-dell-latitude-12-rugged-extreme-7204-3","status":"publish","type":"product","link":"https:\/\/pracek.si\/racunalniskatrgovina\/izdelek\/kotni-okvir-zaslona-sprednja-desna-guma-za-dell-latitude-12-rugged-extreme-7204-3\/","title":{"rendered":"kotni okvir zaslona sprednja desna guma za Dell Latitude 12 Rugged extreme 7204"},"content":{"rendered":"<p>Zamenjajte sprednji desni gumijasti kotni okvir zaslona va\u0161ega Dell Latitude 12 Rugged Extreme 7204 za ve\u010djo vzdr\u017eljivost. Zagotovite tesno prileganje s tem originalnim nadomestnim delom. Nadgradite za\u0161\u010dito svojega prenosnika \u0161e danes!<\/p>\n","protected":false},"excerpt":{"rendered":"<p>Pove\u010dajte vzdr\u017eljivost svojega prenosnika Dell Latitude 12 Rugged Extreme 7204 tako, da zamenjate sprednji desni gumijasti kotni okvir zaslona s tem originalnim nadomestnim delom. Ta gumijasti okvir, izdelan za natan\u010dno prileganje in zanesljivo delovanje, zagotavlja dodatno za\u0161\u010dito pred udarci in udarci.<\/p>\n<p>Klju\u010dne lastnosti:<\/p>\n<p>&#8211; Originalna zamenjava Dell: Zagotovite zdru\u017eljivost in zanesljivost s pristnim nadomestnim delom.<\/p>\n<p>&#8211; Tesno prileganje: Zasnovan za brezhibno prileganje va\u0161emu prenosniku Dell Latitude 12 Rugged Extreme 7204 za izbolj\u0161ano za\u0161\u010dito.<\/p>\n<p>&#8211; Vzdr\u017eljiva konstrukcija: izdelana iz visokokakovostnega gumijastega materiala, ki vzdr\u017ei robustno uporabo.<\/p>\n<p>&#8211; Enostavna namestitev: Z lahkoto zamenjajte sprednji desni gumijasti okvir zaslona, brez strokovne pomo\u010di.<\/p>\n<p>Nadgradite svoj prenosni ra\u010dunalnik Dell Latitude 12 Rugged Extreme 7204 \u0161e danes s pristnim sprednjim desnim gumijastim kotnim okvirjem zaslona. Kupujte z zaupanjem, saj veste, da vlagate v kakovosten nadomestni del za svojo napravo. \u010ce imate kakr\u0161na koli vpra\u0161anja ali potrebujete pomo\u010d, ne oklevajte in nas kontaktirajte. Tukaj smo, da vam pomagamo pove\u010dati vzdr\u017eljivost va\u0161e naprave.<\/p>\n","protected":false},"featured_media":46836,"template":"","meta":[],"product_brand":[],"product_cat":[2051],"product_tag":[2052,1818],"class_list":{"0":"post-57678","1":"product","2":"type-product","3":"status-publish","4":"has-post-thumbnail","6":"product_cat-ohisje-prenosnika","7":"product_tag-dell","8":"product_tag-rezervni-deli","10":"first","11":"instock","12":"taxable","13":"shipping-taxable","14":"purchasable","15":"product-type-simple"},"_links":{"self":[{"href":"https:\/\/pracek.si\/racunalniskatrgovina\/wp-json\/wp\/v2\/product\/57678","targetHints":{"allow":["GET"]}}],"collection":[{"href":"https:\/\/pracek.si\/racunalniskatrgovina\/wp-json\/wp\/v2\/product"}],"about":[{"href":"https:\/\/pracek.si\/racunalniskatrgovina\/wp-json\/wp\/v2\/types\/product"}],"version-history":[{"count":0,"href":"https:\/\/pracek.si\/racunalniskatrgovina\/wp-json\/wp\/v2\/product\/57678\/revisions"}],"wp:featuredmedia":[{"embeddable":true,"href":"https:\/\/pracek.si\/racunalniskatrgovina\/wp-json\/wp\/v2\/media\/46836"}],"wp:attachment":[{"href":"https:\/\/pracek.si\/racunalniskatrgovina\/wp-json\/wp\/v2\/media?parent=57678"}],"wp:term":[{"taxonomy":"product_brand","embeddable":true,"href":"https:\/\/pracek.si\/racunalniskatrgovina\/wp-json\/wp\/v2\/product_brand?post=57678"},{"taxonomy":"product_cat","embeddable":true,"href":"https:\/\/pracek.si\/racunalniskatrgovina\/wp-json\/wp\/v2\/product_cat?post=57678"},{"taxonomy":"product_tag","embeddable":true,"href":"https:\/\/pracek.si\/racunalniskatrgovina\/wp-json\/wp\/v2\/product_tag?post=57678"}],"curies":[{"name":"wp","href":"https:\/\/api.w.org\/{rel}","templated":true}]}}