{"id":57921,"date":"2025-07-31T11:23:33","date_gmt":"2025-07-31T10:23:33","guid":{"rendered":"https:\/\/pracek.si\/racunalniskatrgovina\/?post_type=product&#038;p=57921"},"modified":"2026-01-27T11:40:15","modified_gmt":"2026-01-27T10:40:15","slug":"dell-latitude-14-7404-guma-zgornjega-kota-zaslona-zamenjava-delov-prenosnika-3","status":"publish","type":"product","link":"https:\/\/pracek.si\/racunalniskatrgovina\/izdelek\/dell-latitude-14-7404-guma-zgornjega-kota-zaslona-zamenjava-delov-prenosnika-3\/","title":{"rendered":"DELL LATITUDE 14 7404 Guma zgornjega kota zaslona \u2013 Zamenjava delov prenosnika"},"content":{"rendered":"<p>Ali \u017eelite zamenjati gumo zgornjega kota za zaslon va\u0161ega prenosnika DELL LATITUDE 14 7404? Poskrbeli smo za vas s tem visokokakovostnim nadomestnim delom.<\/p>\n","protected":false},"excerpt":{"rendered":"<p>Ali potrebujete gumijasto zamenjavo za zgornji kot za zaslon va\u0161ega prenosnika DELL LATITUDE 14 7404? Ne i\u0161\u010dite ve\u010d! Na\u0161 zgornji kotni gumijasti nadomestek je popolna re\u0161itev, da va\u0161 prenosnik vrnete v vrhunsko obliko.<\/p>\n<p>Ta nadomestni del je zasnovan posebej za prenosne ra\u010dunalnike DELL LATITUDE 14 7404 in zagotavlja popolno prileganje. Izdelan iz trpe\u017enih materialov zagotavlja odli\u010dno za\u0161\u010dito zgornjih kotov zaslona va\u0161ega prenosnika.<\/p>\n<p>Zakaj izbrati na\u0161o gumijasto zamenjavo za zgornji kot zaslona DELL LATITUDE 14 7404?<\/p>\n<ul>\n<li><strong>Popolno prileganje:<\/strong> Zasnovano tako, da se natan\u010dno prilega va\u0161emu prenosniku DELL LATITUDE 14 7404, kar zagotavlja brezhibno zamenjavo.<\/li>\n<li><strong>Zagotavljanje kakovosti:<\/strong> Izdelano iz visokokakovostnih materialov, ki zagotavljajo vzdr\u017eljivost in dolgo \u017eivljenjsko dobo.<\/li>\n<li><strong>Enostavna zamenjava:<\/strong> Zasnovan za namestitev brez te\u017eav; ni potrebe po najemu profesionalnega tehnika.<\/li>\n<li><strong>Dostava po vsem svetu:<\/strong> Ponujamo dostavo po vsem svetu, kar je priro\u010dno za stranke v Evropi in drugod.<\/li>\n<li><strong>Fotografije resni\u010dnih izdelkov:<\/strong> Fotografije v tem seznamu so resni\u010dne slike izdelka, ki ga boste prejeli, kar zagotavlja preglednost in zaupanje v va\u0161 nakup.<\/li>\n<\/ul>\n<p>Povrnite estetiko in funkcionalnost zaslona va\u0161ega prenosnika DELL LATITUDE 14 7404 z na\u0161o gumijasto zamenjavo za zgornji kot. Kliknite \u00bbDodaj v ko\u0161arico\u00ab in po\u0161ljite ga neposredno na va\u0161o lokacijo. \u010ce imate kakr\u0161na koli vpra\u0161anja ali potrebujete dodatno pomo\u010d, nam pi\u0161ite. Va\u0161e zadovoljstvo je na\u0161a prioriteta!<\/p>\n","protected":false},"featured_media":47243,"template":"","meta":[],"product_brand":[],"product_cat":[2051],"product_tag":[2052,1818],"class_list":{"0":"post-57921","1":"product","2":"type-product","3":"status-publish","4":"has-post-thumbnail","6":"product_cat-ohisje-prenosnika","7":"product_tag-dell","8":"product_tag-rezervni-deli","10":"first","11":"instock","12":"taxable","13":"shipping-taxable","14":"purchasable","15":"product-type-simple"},"_links":{"self":[{"href":"https:\/\/pracek.si\/racunalniskatrgovina\/wp-json\/wp\/v2\/product\/57921","targetHints":{"allow":["GET"]}}],"collection":[{"href":"https:\/\/pracek.si\/racunalniskatrgovina\/wp-json\/wp\/v2\/product"}],"about":[{"href":"https:\/\/pracek.si\/racunalniskatrgovina\/wp-json\/wp\/v2\/types\/product"}],"version-history":[{"count":0,"href":"https:\/\/pracek.si\/racunalniskatrgovina\/wp-json\/wp\/v2\/product\/57921\/revisions"}],"wp:featuredmedia":[{"embeddable":true,"href":"https:\/\/pracek.si\/racunalniskatrgovina\/wp-json\/wp\/v2\/media\/47243"}],"wp:attachment":[{"href":"https:\/\/pracek.si\/racunalniskatrgovina\/wp-json\/wp\/v2\/media?parent=57921"}],"wp:term":[{"taxonomy":"product_brand","embeddable":true,"href":"https:\/\/pracek.si\/racunalniskatrgovina\/wp-json\/wp\/v2\/product_brand?post=57921"},{"taxonomy":"product_cat","embeddable":true,"href":"https:\/\/pracek.si\/racunalniskatrgovina\/wp-json\/wp\/v2\/product_cat?post=57921"},{"taxonomy":"product_tag","embeddable":true,"href":"https:\/\/pracek.si\/racunalniskatrgovina\/wp-json\/wp\/v2\/product_tag?post=57921"}],"curies":[{"name":"wp","href":"https:\/\/api.w.org\/{rel}","templated":true}]}}