{"id":58206,"date":"2025-07-31T11:47:42","date_gmt":"2025-07-31T10:47:42","guid":{"rendered":"https:\/\/pracek.si\/racunalniskatrgovina\/?post_type=product&#038;p=58206"},"modified":"2025-07-31T11:51:03","modified_gmt":"2025-07-31T10:51:03","slug":"originalna-usb-plosca-za-prenosnik-fujitsu-lifebook-s936-nadomestni-deli-kablov","status":"publish","type":"product","link":"https:\/\/pracek.si\/racunalniskatrgovina\/izdelek\/originalna-usb-plosca-za-prenosnik-fujitsu-lifebook-s936-nadomestni-deli-kablov\/","title":{"rendered":"Originalna USB plo\u0161\u010da za prenosnik Fujitsu LifeBook S936 &amp; Nadomestni deli kablov"},"content":{"rendered":"<p>Obnovite funkcionalnost USB va\u0161ega prenosnika Fujitsu LifeBook S936 s to originalno zamenjavo plo\u0161\u010de USB in kabla. Ta visokokakovosten nadomestni del, zasnovan za enostavno namestitev in zanesljivo delovanje, zagotavlja brezhibno povezljivost va\u0161ega prenosnika.<\/p>\n","protected":false},"excerpt":{"rendered":"<p>O\u017eivite funkcionalnost USB va\u0161ega prenosnika Fujitsu LifeBook S936 z originalno plo\u0161\u010do USB prenosnika Fujitsu LifeBook S936 &amp; Nadomestni deli kablov. Ta zamenjava za plo\u0161\u010do in kabel USB, izdelana z mislijo na natan\u010dnost in zdru\u017eljivost, je zasnovana za brezhibno integracijo z va\u0161o napravo, kar zagotavlja optimalno delovanje in zanesljivost.<\/p>\n<p>Odlikuje ga pristna kakovost Fujitsu, zato je ta zamenjava za plo\u0161\u010do in kabel USB odli\u010dna re\u0161itev za povrnitev povezave USB va\u0161ega prenosnika v prvotno stanje. Ne glede na to, ali imate te\u017eave s svojo trenutno plo\u0161\u010do ali kablom ali preprosto \u017eelite nadgraditi, je ta originalni nadomestni del zasnovan tako, da izpolnjuje najvi\u0161je standarde kakovosti in zdru\u017eljivosti.<\/p>\n<p>Ta zamenjava za plo\u0161\u010do in kabel USB, ki je enostavna za namestitev in izdelana za dolgotrajno uporabo, ponuja enostavno re\u0161itev za potrebe po popravilu va\u0161ega prenosnika. S svojo vzdr\u017eljivo konstrukcijo in zanesljivim delovanjem lahko zaupate, da bo va\u0161 Fujitsu LifeBook S936 spet pripravljen za delovanje v trenutku.<\/p>\n<p>Izkusite razliko, ki jo lahko naredijo originalni deli Fujitsu, in zagotovite, da bo va\u0161 prenosnik \u0161e naprej deloval po najbolj\u0161ih mo\u010deh z originalno USB plo\u0161\u010do za prenosnik Fujitsu LifeBook S936 &amp; Nadomestni deli kablov. Naro\u010dite svojega \u0161e danes in z zaupanjem obnovite delovanje USB va\u0161ega prenosnika.<\/p>\n","protected":false},"featured_media":47717,"template":"","meta":[],"product_brand":[],"product_cat":[2062],"product_tag":[2063,1818],"class_list":{"0":"post-58206","1":"product","2":"type-product","3":"status-publish","4":"has-post-thumbnail","6":"product_cat-maticne-plosce-in-deli-plosc","7":"product_tag-fujitsu","8":"product_tag-rezervni-deli","10":"first","11":"instock","12":"taxable","13":"shipping-taxable","14":"purchasable","15":"product-type-simple"},"_links":{"self":[{"href":"https:\/\/pracek.si\/racunalniskatrgovina\/wp-json\/wp\/v2\/product\/58206","targetHints":{"allow":["GET"]}}],"collection":[{"href":"https:\/\/pracek.si\/racunalniskatrgovina\/wp-json\/wp\/v2\/product"}],"about":[{"href":"https:\/\/pracek.si\/racunalniskatrgovina\/wp-json\/wp\/v2\/types\/product"}],"version-history":[{"count":0,"href":"https:\/\/pracek.si\/racunalniskatrgovina\/wp-json\/wp\/v2\/product\/58206\/revisions"}],"wp:featuredmedia":[{"embeddable":true,"href":"https:\/\/pracek.si\/racunalniskatrgovina\/wp-json\/wp\/v2\/media\/47717"}],"wp:attachment":[{"href":"https:\/\/pracek.si\/racunalniskatrgovina\/wp-json\/wp\/v2\/media?parent=58206"}],"wp:term":[{"taxonomy":"product_brand","embeddable":true,"href":"https:\/\/pracek.si\/racunalniskatrgovina\/wp-json\/wp\/v2\/product_brand?post=58206"},{"taxonomy":"product_cat","embeddable":true,"href":"https:\/\/pracek.si\/racunalniskatrgovina\/wp-json\/wp\/v2\/product_cat?post=58206"},{"taxonomy":"product_tag","embeddable":true,"href":"https:\/\/pracek.si\/racunalniskatrgovina\/wp-json\/wp\/v2\/product_tag?post=58206"}],"curies":[{"name":"wp","href":"https:\/\/api.w.org\/{rel}","templated":true}]}}