{"id":58216,"date":"2025-07-31T11:48:39","date_gmt":"2025-07-31T10:48:39","guid":{"rendered":"https:\/\/pracek.si\/racunalniskatrgovina\/?post_type=product&#038;p=58216"},"modified":"2026-01-30T08:16:37","modified_gmt":"2026-01-30T07:16:37","slug":"deli-za-popravilo-fujitsu-s936p-komponente-prenosnega-racunalnika-ssd-mount","status":"publish","type":"product","link":"https:\/\/pracek.si\/racunalniskatrgovina\/izdelek\/deli-za-popravilo-fujitsu-s936p-komponente-prenosnega-racunalnika-ssd-mount\/","title":{"rendered":"Deli za popravilo Fujitsu S936P Komponente prenosnega ra\u010dunalnika SSD Mount"},"content":{"rendered":"<p>Povrnite svojemu prenosniku Fujitsu S936\/P njegovo polno funkcionalnost s tem delom za popravilo nosilca SSD. U\u017eivajte v namestitvi brez te\u017eav in zagotovite, da bo va\u0161 prenosnik v hipu ponovno pripravljen za delovanje.<\/p>\n","protected":false},"excerpt":{"rendered":"<p>O\u017eivite svoj prenosnik Fujitsu S936\/P z nosilcem za SSD Fujitsu S936\/P Repair Parts. Ta bistveni del za popravilo vam omogo\u010da brezhibno namestitev va\u0161ega SSD-ja, kar zagotavlja optimalno delovanje in zanesljivost va\u0161e naprave.<\/p>\n<p>Natan\u010dno izdelan in zasnovan za zdru\u017eljivost je ta del za popravilo nosilca SSD zasnovan tako, da izpolnjuje najvi\u0161je standarde kakovosti. Ne glede na to, ali zamenjujete po\u0161kodovan nosilec ali nadgrajujete svoj prostor za shranjevanje, ta originalni del za popravilo Fujitsu ponuja zanesljivo re\u0161itev za potrebe po popravilu va\u0161ega prenosnika.<\/p>\n<p>Enostavna namestitev, obnovitev polne funkcionalnosti va\u0161ega Fujitsu S936\/P \u0161e nikoli ni bila la\u017eja. Preprosto namestite nosilec za SSD in u\u017eivajte v miru, saj veste, da je va\u0161 prenosnik opremljen z originalnimi deli za popravilo Fujitsu.<\/p>\n<p>Izkusite razliko, ki jo lahko naredijo originalni deli za popravilo Fujitsu, in zagotovite, da bo va\u0161 prenosnik \u0161e naprej deloval po svojih najbolj\u0161ih mo\u010deh z nosilcem za SSD z deli za popravilo Fujitsu S936\/P. Naro\u010dite svojega \u0161e danes in u\u017eivajte v hitrem popravilu brez te\u017eav.<\/p>\n","protected":false},"featured_media":47729,"template":"","meta":[],"product_brand":[],"product_cat":[2051],"product_tag":[2063,1818],"class_list":{"0":"post-58216","1":"product","2":"type-product","3":"status-publish","4":"has-post-thumbnail","6":"product_cat-ohisje-prenosnika","7":"product_tag-fujitsu","8":"product_tag-rezervni-deli","10":"first","11":"instock","12":"taxable","13":"shipping-taxable","14":"purchasable","15":"product-type-simple"},"_links":{"self":[{"href":"https:\/\/pracek.si\/racunalniskatrgovina\/wp-json\/wp\/v2\/product\/58216","targetHints":{"allow":["GET"]}}],"collection":[{"href":"https:\/\/pracek.si\/racunalniskatrgovina\/wp-json\/wp\/v2\/product"}],"about":[{"href":"https:\/\/pracek.si\/racunalniskatrgovina\/wp-json\/wp\/v2\/types\/product"}],"version-history":[{"count":0,"href":"https:\/\/pracek.si\/racunalniskatrgovina\/wp-json\/wp\/v2\/product\/58216\/revisions"}],"wp:featuredmedia":[{"embeddable":true,"href":"https:\/\/pracek.si\/racunalniskatrgovina\/wp-json\/wp\/v2\/media\/47729"}],"wp:attachment":[{"href":"https:\/\/pracek.si\/racunalniskatrgovina\/wp-json\/wp\/v2\/media?parent=58216"}],"wp:term":[{"taxonomy":"product_brand","embeddable":true,"href":"https:\/\/pracek.si\/racunalniskatrgovina\/wp-json\/wp\/v2\/product_brand?post=58216"},{"taxonomy":"product_cat","embeddable":true,"href":"https:\/\/pracek.si\/racunalniskatrgovina\/wp-json\/wp\/v2\/product_cat?post=58216"},{"taxonomy":"product_tag","embeddable":true,"href":"https:\/\/pracek.si\/racunalniskatrgovina\/wp-json\/wp\/v2\/product_tag?post=58216"}],"curies":[{"name":"wp","href":"https:\/\/api.w.org\/{rel}","templated":true}]}}