{"id":58272,"date":"2025-07-31T11:53:48","date_gmt":"2025-07-31T10:53:48","guid":{"rendered":"https:\/\/pracek.si\/racunalniskatrgovina\/?post_type=product&#038;p=58272"},"modified":"2025-07-31T11:57:14","modified_gmt":"2025-07-31T10:57:14","slug":"originalni-lenovo-thinkpad-t430s-14-lcd-pokrov-okvirja-60-4kf12-003-0a86539-nadomestni-deli-za-prenosnike","status":"publish","type":"product","link":"https:\/\/pracek.si\/racunalniskatrgovina\/izdelek\/originalni-lenovo-thinkpad-t430s-14-lcd-pokrov-okvirja-60-4kf12-003-0a86539-nadomestni-deli-za-prenosnike\/","title":{"rendered":"Originalni Lenovo ThinkPad T430s 14&#8243; LCD pokrov okvirja 60.4KF12.003 0A86539 nadomestni &#8211; Deli za prenosnike"},"content":{"rendered":"<p>Zamenjajte svoj po\u0161kodovan ali obrabljen pokrov okvirja LCD na va\u0161em prenosnem ra\u010dunalniku Lenovo ThinkPad T430s 14&#8243; s tem originalnim nadomestnim delom. Ta visokokakovosten pokrov okvirja, zasnovan za popolno prileganje in enostavno namestitev, bo va\u0161emu prenosniku povrnil eleganten in profesionalen videz.<\/p>\n","protected":false},"excerpt":{"rendered":"<p>Obnovite videz svojega 14-pal\u010dnega prenosnega ra\u010dunalnika Lenovo ThinkPad T430s z originalnim nadomestnim pokrovom okvirja LCD za prenosni ra\u010dunalnik Lenovo ThinkPad T430s 14&#8243;, \u0161tevilka dela 60.4KF12.003 0A86539. Ta nadomestek pokrova okvirja je izdelan z natan\u010dnostjo in zasnovan za vzdr\u017eljivost, zato je zasnovan tako, da se brezhibno integrira z va\u0161o napravo, zagotavlja popolno prileganje in povrne eleganten in profesionalen videz va\u0161ega prenosnika.<\/p>\n<p>Ne glede na to, ali je va\u0161 trenutni pokrov okvirja po\u0161kodovan, po\u010den ali preprosto ka\u017ee znake obrabe, ta originalni nadomestni del ponuja zanesljivo re\u0161itev. Izdelan iz visokokakovostnih materialov zagotavlja dolgotrajno vzdr\u017eljivost in varno prileganje, kar vam daje mir, da je va\u0161 prenosnik za\u0161\u010diten.<\/p>\n<p>Namestitev je hitra in enostavna, kar vam omogo\u010da, da brez truda zamenjate stari pokrov okvirja s tem originalnim delom Lenovo. Preprosto odstranite stari pokrov okvirja in zasko\u010dite to zamenjavo na svoje mesto za brezhibno nadgradnjo brez te\u017eav.<\/p>\n<p>Izbolj\u0161ajte videz in funkcionalnost svojega 14-pal\u010dnega prenosnega ra\u010dunalnika Lenovo ThinkPad T430s z originalnim nadomestnim pokrovom okvirja LCD za prenosni ra\u010dunalnik Lenovo ThinkPad T430s 14&#8243;, \u0161tevilka dela 60.4KF12.003 0A86539. Naro\u010dite svojega \u0161e danes in u\u017eivajte v osve\u017eenem prenosniku profesionalnega videza.<\/p>\n","protected":false},"featured_media":47825,"template":"","meta":[],"product_brand":[],"product_cat":[2051],"product_tag":[2061,1818],"class_list":{"0":"post-58272","1":"product","2":"type-product","3":"status-publish","4":"has-post-thumbnail","6":"product_cat-ohisje-prenosnika","7":"product_tag-lenovo","8":"product_tag-rezervni-deli","10":"first","11":"instock","12":"taxable","13":"shipping-taxable","14":"purchasable","15":"product-type-simple"},"_links":{"self":[{"href":"https:\/\/pracek.si\/racunalniskatrgovina\/wp-json\/wp\/v2\/product\/58272","targetHints":{"allow":["GET"]}}],"collection":[{"href":"https:\/\/pracek.si\/racunalniskatrgovina\/wp-json\/wp\/v2\/product"}],"about":[{"href":"https:\/\/pracek.si\/racunalniskatrgovina\/wp-json\/wp\/v2\/types\/product"}],"version-history":[{"count":0,"href":"https:\/\/pracek.si\/racunalniskatrgovina\/wp-json\/wp\/v2\/product\/58272\/revisions"}],"wp:featuredmedia":[{"embeddable":true,"href":"https:\/\/pracek.si\/racunalniskatrgovina\/wp-json\/wp\/v2\/media\/47825"}],"wp:attachment":[{"href":"https:\/\/pracek.si\/racunalniskatrgovina\/wp-json\/wp\/v2\/media?parent=58272"}],"wp:term":[{"taxonomy":"product_brand","embeddable":true,"href":"https:\/\/pracek.si\/racunalniskatrgovina\/wp-json\/wp\/v2\/product_brand?post=58272"},{"taxonomy":"product_cat","embeddable":true,"href":"https:\/\/pracek.si\/racunalniskatrgovina\/wp-json\/wp\/v2\/product_cat?post=58272"},{"taxonomy":"product_tag","embeddable":true,"href":"https:\/\/pracek.si\/racunalniskatrgovina\/wp-json\/wp\/v2\/product_tag?post=58272"}],"curies":[{"name":"wp","href":"https:\/\/api.w.org\/{rel}","templated":true}]}}