{"id":58320,"date":"2025-07-31T11:57:53","date_gmt":"2025-07-31T10:57:53","guid":{"rendered":"https:\/\/pracek.si\/racunalniskatrgovina\/?post_type=product&#038;p=58320"},"modified":"2025-07-31T12:03:38","modified_gmt":"2025-07-31T11:03:38","slug":"zamenjava-delov-prenosnega-racunalnika-hp-chromebook-11a-g8-ee-lcd-bezel-cover","status":"publish","type":"product","link":"https:\/\/pracek.si\/racunalniskatrgovina\/izdelek\/zamenjava-delov-prenosnega-racunalnika-hp-chromebook-11a-g8-ee-lcd-bezel-cover\/","title":{"rendered":"Zamenjava delov prenosnega ra\u010dunalnika HP Chromebook 11A G8 EE LCD Bezel Cover"},"content":{"rendered":"<p>Nadgradite ali zamenjajte pokrov okvirja LCD na va\u0161em HP Chromebook 11A G8 EE s tem nadomestnim delom. Ta pokrov z okvirjem, izdelan iz trpe\u017enih materialov in zasnovan za popolno prileganje, zagotavlja, da zaslon va\u0161ega prenosnika ostane za\u0161\u010diten in varen.<\/p>\n","protected":false},"excerpt":{"rendered":"<p>Izbolj\u0161ajte videz in za\u0161\u010dito svojega HP Chromebooka 11A G8 EE s tem pokrovom z okvirjem LCD za HP Chromebook 11A G8 EE. Ta nadomestni pokrov okvirja, izdelan z mislijo na natan\u010dnost in vzdr\u017eljivost, ponuja brezhibno prileganje in zanesljivo delovanje.<\/p>\n<p>Zasnovan tako, da popolnoma dopolnjuje zaslon va\u0161ega Chromebooka, ta pokrov z okvirjem ne samo izbolj\u0161a estetiko va\u0161e naprave, temve\u010d nudi tudi bistveno za\u0161\u010dito za zaslon LCD. Ne glede na to, ali nadgrajujete trenutni pokrov okvirja ali zamenjate po\u0161kodovanega, ta del zagotavlja, da zaslon va\u0161ega prenosnika ostane varen in za\u0161\u010diten.<\/p>\n<p>Ta nadomestni pokrov okvirja, izdelan iz visokokakovostnih materialov, je zgrajen tako, da vzdr\u017ei vsakodnevno obrabo, kar zagotavlja dolgotrajno vzdr\u017eljivost in zanesljivost. Njegov enostaven postopek namestitve pomeni, da lahko hitro in brez truda nadgradite ali zamenjate pokrov okvirja brez kakr\u0161nih koli te\u017eav.<\/p>\n<p>Povrnite svoj HP Chromebook 11A G8 EE v prvotno stanje in zagotovite, da bo va\u0161 zaslon ostal varen s tem pokrovom z okvirjem LCD za HP Chromebook 11A G8 EE. Naro\u010dite svojega \u0161e danes in u\u017eivajte v miru, saj veste, da je zaslon va\u0161ega prenosnika za\u0161\u010diten s kakovostnim nadomestnim delom.<\/p>\n","protected":false},"featured_media":47909,"template":"","meta":[],"product_brand":[],"product_cat":[2051],"product_tag":[2060,1818],"class_list":{"0":"post-58320","1":"product","2":"type-product","3":"status-publish","4":"has-post-thumbnail","6":"product_cat-ohisje-prenosnika","7":"product_tag-hp","8":"product_tag-rezervni-deli","10":"first","11":"instock","12":"taxable","13":"shipping-taxable","14":"purchasable","15":"product-type-simple"},"_links":{"self":[{"href":"https:\/\/pracek.si\/racunalniskatrgovina\/wp-json\/wp\/v2\/product\/58320","targetHints":{"allow":["GET"]}}],"collection":[{"href":"https:\/\/pracek.si\/racunalniskatrgovina\/wp-json\/wp\/v2\/product"}],"about":[{"href":"https:\/\/pracek.si\/racunalniskatrgovina\/wp-json\/wp\/v2\/types\/product"}],"version-history":[{"count":0,"href":"https:\/\/pracek.si\/racunalniskatrgovina\/wp-json\/wp\/v2\/product\/58320\/revisions"}],"wp:featuredmedia":[{"embeddable":true,"href":"https:\/\/pracek.si\/racunalniskatrgovina\/wp-json\/wp\/v2\/media\/47909"}],"wp:attachment":[{"href":"https:\/\/pracek.si\/racunalniskatrgovina\/wp-json\/wp\/v2\/media?parent=58320"}],"wp:term":[{"taxonomy":"product_brand","embeddable":true,"href":"https:\/\/pracek.si\/racunalniskatrgovina\/wp-json\/wp\/v2\/product_brand?post=58320"},{"taxonomy":"product_cat","embeddable":true,"href":"https:\/\/pracek.si\/racunalniskatrgovina\/wp-json\/wp\/v2\/product_cat?post=58320"},{"taxonomy":"product_tag","embeddable":true,"href":"https:\/\/pracek.si\/racunalniskatrgovina\/wp-json\/wp\/v2\/product_tag?post=58320"}],"curies":[{"name":"wp","href":"https:\/\/api.w.org\/{rel}","templated":true}]}}