{"id":58686,"date":"2025-07-31T14:42:43","date_gmt":"2025-07-31T13:42:43","guid":{"rendered":"https:\/\/pracek.si\/racunalniskatrgovina\/?post_type=product&#038;p=58686"},"modified":"2026-02-04T08:49:41","modified_gmt":"2026-02-04T07:49:41","slug":"fujitsu-lifebook-a531-ah512-a531-gumb-za-vklop-tecaji-pokrova-obroba-okvirja-cp515527-01","status":"publish","type":"product","link":"https:\/\/pracek.si\/racunalniskatrgovina\/izdelek\/fujitsu-lifebook-a531-ah512-a531-gumb-za-vklop-tecaji-pokrova-obroba-okvirja-cp515527-01\/","title":{"rendered":"Fujitsu Lifebook A531 AH512 A531 Gumb za vklop Te\u010daji pokrova Obroba okvirja CP515527-01"},"content":{"rendered":"<p>Povzdignite svoj Fujitsu Lifebook A531 AH512 A531 s tem elegantnim pokrovom te\u010dajev gumba za vklop. Ta obrobni okvir (CP515527-01), izdelan do popolnosti, bo va\u0161emu prenosniku dodal pridih prefinjenosti. Poslovite se od vsakdanjega dizajna in pozdravite elegantno nadgradnjo za svojo napravo.<\/p>\n","protected":false},"excerpt":{"rendered":"<p>Prenovite videz va\u0161ega Fujitsu Lifebook A531 AH512 A531 s tem elegantnim pokrovom te\u010dajev gumba za vklop. Ta obrobni okvir CP515527-01, izdelan do popolnosti, je obvezen pripomo\u010dek za izbolj\u0161anje estetike va\u0161ega prenosnika. Izdelan iz visokokakovostnih materialov, zagotavlja vzdr\u017eljivost in dolgo \u017eivljenjsko dobo.<\/p>\n<p>Poslovite se od dolgo\u010dasnih in vsakdanjih dizajnov, saj ta pokrov na te\u010daju gumba za vklop va\u0161i napravi doda pridih prefinjenosti. Enostaven za namestitev, brezhibno se prilega va\u0161emu prenosniku in mu daje sve\u017e in sodoben videz. Natan\u010dna oblika zagotavlja popolno prileganje in izbolj\u0161a celoten videz va\u0161ega Fujitsu Lifebook.<\/p>\n<p>Nadgradite svoj prenosni ra\u010dunalnik s tem elegantnim pokrovom te\u010daja gumba za vklop \u0161e danes in izstopajte iz mno\u017eice. Ne glede na to, ali ste \u0161tudent, poklicni ali tehnolo\u0161ki navdu\u0161enec, bo ta dodatek zagotovo navdu\u0161il. Izbolj\u0161ajte slog svoje naprave in dajte izjavo s tem vrhunskim okrasnim okvirjem CP515527-01.<\/p>\n","protected":false},"featured_media":48512,"template":"","meta":[],"product_brand":[],"product_cat":[2051],"product_tag":[2063,1818],"class_list":{"0":"post-58686","1":"product","2":"type-product","3":"status-publish","4":"has-post-thumbnail","6":"product_cat-ohisje-prenosnika","7":"product_tag-fujitsu","8":"product_tag-rezervni-deli","10":"first","11":"instock","12":"taxable","13":"shipping-taxable","14":"purchasable","15":"product-type-simple"},"_links":{"self":[{"href":"https:\/\/pracek.si\/racunalniskatrgovina\/wp-json\/wp\/v2\/product\/58686","targetHints":{"allow":["GET"]}}],"collection":[{"href":"https:\/\/pracek.si\/racunalniskatrgovina\/wp-json\/wp\/v2\/product"}],"about":[{"href":"https:\/\/pracek.si\/racunalniskatrgovina\/wp-json\/wp\/v2\/types\/product"}],"version-history":[{"count":0,"href":"https:\/\/pracek.si\/racunalniskatrgovina\/wp-json\/wp\/v2\/product\/58686\/revisions"}],"wp:featuredmedia":[{"embeddable":true,"href":"https:\/\/pracek.si\/racunalniskatrgovina\/wp-json\/wp\/v2\/media\/48512"}],"wp:attachment":[{"href":"https:\/\/pracek.si\/racunalniskatrgovina\/wp-json\/wp\/v2\/media?parent=58686"}],"wp:term":[{"taxonomy":"product_brand","embeddable":true,"href":"https:\/\/pracek.si\/racunalniskatrgovina\/wp-json\/wp\/v2\/product_brand?post=58686"},{"taxonomy":"product_cat","embeddable":true,"href":"https:\/\/pracek.si\/racunalniskatrgovina\/wp-json\/wp\/v2\/product_cat?post=58686"},{"taxonomy":"product_tag","embeddable":true,"href":"https:\/\/pracek.si\/racunalniskatrgovina\/wp-json\/wp\/v2\/product_tag?post=58686"}],"curies":[{"name":"wp","href":"https:\/\/api.w.org\/{rel}","templated":true}]}}