{"id":58695,"date":"2025-07-31T14:43:41","date_gmt":"2025-07-31T13:43:41","guid":{"rendered":"https:\/\/pracek.si\/racunalniskatrgovina\/?post_type=product&#038;p=58695"},"modified":"2026-02-04T08:50:41","modified_gmt":"2026-02-04T07:50:41","slug":"fujitsu-lifebook-ah531-a531-a512-ah512-hdd-ssd-caddy-cp515963-02","status":"publish","type":"product","link":"https:\/\/pracek.si\/racunalniskatrgovina\/izdelek\/fujitsu-lifebook-ah531-a531-a512-ah512-hdd-ssd-caddy-cp515963-02\/","title":{"rendered":"Fujitsu Lifebook AH531 A531 A512 AH512 HDD SSD Caddy CP515963-02"},"content":{"rendered":"<p>Raz\u0161irite zmogljivosti shranjevanja va\u0161ega FUJITSU LIFEBOOK AH531 A531 A512 AH512 s tem originalnim trdim diskom SSD Caddy. \u0160tevilka dela CP515963-02 zagotavlja popolno prileganje z brezhibno integracijo dodatnega prostora za shranjevanje za va\u0161e udobje. Brez te\u017eav nadgradite svojo napravo in izbolj\u0161ajte uporabni\u0161ko izku\u0161njo s tem visokokakovostnim nosilcem CADDY.<\/p>\n","protected":false},"excerpt":{"rendered":"<p>Nadgradite svoj FUJITSU LIFEBOOK AH531 A531 A512 AH512 s tem pristnim nosilcem HDD SSD Caddy, \u0161tevilka dela CP515963-02. Poslovite se od omejitev shranjevanja in sprejmite brezhibno upravljanje podatkov s tem visokokakovostnim nosilcem. Ta ohi\u0161je, ki je natan\u010dno zasnovano, zagotavlja popolno prileganje va\u0161emu prenosniku in vam omogo\u010da enostavno namestitev dodatnega HDD ali SSD.<\/p>\n<p>Izkusite izbolj\u0161ano zmogljivost in zmogljivost shranjevanja, ko preprosto prena\u0161ate datoteke, shranjujete ve\u010dpredstavnostno vsebino in izvajate aplikacije brez kakr\u0161nih koli te\u017eav. Vzdr\u017eljiva konstrukcija zagotavlja dolgotrajno zanesljivost, kar vam daje mir, saj veste, da je va\u0161a naprava za shranjevanje varno name\u0161\u010dena.<\/p>\n<p>Ne dovolite, da bi vas omejitve prostora zadr\u017eevale \u2013 odklenite polni potencial va\u0161ega FUJITSU LIFEBOOK AH531 A531 A512 AH512 s tem trdim diskom SSD Caddy. Samozavestno nadgradite in u\u017eivajte v udobju raz\u0161irjenega prostora za shranjevanje za vse va\u0161e potrebe.<\/p>\n","protected":false},"featured_media":48523,"template":"","meta":[],"product_brand":[],"product_cat":[2051],"product_tag":[2063,1818],"class_list":{"0":"post-58695","1":"product","2":"type-product","3":"status-publish","4":"has-post-thumbnail","6":"product_cat-ohisje-prenosnika","7":"product_tag-fujitsu","8":"product_tag-rezervni-deli","10":"first","11":"instock","12":"taxable","13":"shipping-taxable","14":"purchasable","15":"product-type-simple"},"_links":{"self":[{"href":"https:\/\/pracek.si\/racunalniskatrgovina\/wp-json\/wp\/v2\/product\/58695","targetHints":{"allow":["GET"]}}],"collection":[{"href":"https:\/\/pracek.si\/racunalniskatrgovina\/wp-json\/wp\/v2\/product"}],"about":[{"href":"https:\/\/pracek.si\/racunalniskatrgovina\/wp-json\/wp\/v2\/types\/product"}],"version-history":[{"count":0,"href":"https:\/\/pracek.si\/racunalniskatrgovina\/wp-json\/wp\/v2\/product\/58695\/revisions"}],"wp:featuredmedia":[{"embeddable":true,"href":"https:\/\/pracek.si\/racunalniskatrgovina\/wp-json\/wp\/v2\/media\/48523"}],"wp:attachment":[{"href":"https:\/\/pracek.si\/racunalniskatrgovina\/wp-json\/wp\/v2\/media?parent=58695"}],"wp:term":[{"taxonomy":"product_brand","embeddable":true,"href":"https:\/\/pracek.si\/racunalniskatrgovina\/wp-json\/wp\/v2\/product_brand?post=58695"},{"taxonomy":"product_cat","embeddable":true,"href":"https:\/\/pracek.si\/racunalniskatrgovina\/wp-json\/wp\/v2\/product_cat?post=58695"},{"taxonomy":"product_tag","embeddable":true,"href":"https:\/\/pracek.si\/racunalniskatrgovina\/wp-json\/wp\/v2\/product_tag?post=58695"}],"curies":[{"name":"wp","href":"https:\/\/api.w.org\/{rel}","templated":true}]}}