{"id":58710,"date":"2025-07-31T14:44:46","date_gmt":"2025-07-31T13:44:46","guid":{"rendered":"https:\/\/pracek.si\/racunalniskatrgovina\/?post_type=product&#038;p=58710"},"modified":"2026-02-04T08:55:56","modified_gmt":"2026-02-04T07:55:56","slug":"fujitsu-lifebook-a531-a512-ah531-usb-vticnica-s-kablom-da0fh5tb6a0","status":"publish","type":"product","link":"https:\/\/pracek.si\/racunalniskatrgovina\/izdelek\/fujitsu-lifebook-a531-a512-ah531-usb-vticnica-s-kablom-da0fh5tb6a0\/","title":{"rendered":"Fujitsu Lifebook A531 A512 AH531 USB vti\u010dnica s kablom DA0FH5TB6A0"},"content":{"rendered":"<p>Nadgradite svoj Fujitsu Lifebook A531 A512 AH531 s to visokokakovostno USB vti\u010dnico. Zamenjajte svojo okvarjeno plo\u0161\u010do s \u0161tevilko dela DA0FH5TB6A0, skupaj s kablom za enostavno namestitev. Poskrbite, da bo va\u0161 prenosnik deloval gladko in u\u010dinkovito s to bistveno komponento.<\/p>\n","protected":false},"excerpt":{"rendered":"<p>Izbolj\u0161ajte funkcionalnost va\u0161ega Fujitsu Lifebook A531 A512 AH531 s to visokokakovostno plo\u0161\u010do z vti\u010dnicami USB. Ta plo\u0161\u010da je zasnovana tako, da ustreza natan\u010dnim specifikacijam va\u0161ega prenosnika, zato je opremljen s kablom za enostavno namestitev. \u0160tevilka dela DA0FH5TB6A0 zagotavlja zdru\u017eljivost, tako da lahko u\u017eivate v brezhibni povezljivosti za vse svoje naprave USB.<\/p>\n<p>Nadgradite vrata USB va\u0161ega prenosnika, da obnovite povezljivost in izbolj\u0161ate u\u010dinkovitost. Ne glede na to, ali prena\u0161ate datoteke, povezujete zunanje naprave ali polnite naprave, ta USB vti\u010dnica nudi zanesljivo delovanje. Poslovite se od te\u017eav s povezljivostjo in pozdravite gladko uporabni\u0161ko izku\u0161njo s to bistveno komponento.<\/p>\n<p>Vlagajte v dolgo \u017eivljenjsko dobo svojega prenosnika in optimizirajte njegove zmogljivosti z USB vti\u010dnico, zasnovano posebej za modele Fujitsu Lifebook. U\u017eivajte v miru, saj veste, da uporabljate originalni del, ki bo izbolj\u0161al delovanje va\u0161e naprave. Nadgradite \u0161e danes in izkusite udobje brezhibne povezljivosti s to vrhunsko USB vti\u010dnico.<\/p>\n","protected":false},"featured_media":48545,"template":"","meta":[],"product_brand":[],"product_cat":[2062],"product_tag":[2063,1818],"class_list":{"0":"post-58710","1":"product","2":"type-product","3":"status-publish","4":"has-post-thumbnail","6":"product_cat-maticne-plosce-in-deli-plosc","7":"product_tag-fujitsu","8":"product_tag-rezervni-deli","10":"first","11":"instock","12":"taxable","13":"shipping-taxable","14":"purchasable","15":"product-type-simple"},"_links":{"self":[{"href":"https:\/\/pracek.si\/racunalniskatrgovina\/wp-json\/wp\/v2\/product\/58710","targetHints":{"allow":["GET"]}}],"collection":[{"href":"https:\/\/pracek.si\/racunalniskatrgovina\/wp-json\/wp\/v2\/product"}],"about":[{"href":"https:\/\/pracek.si\/racunalniskatrgovina\/wp-json\/wp\/v2\/types\/product"}],"version-history":[{"count":0,"href":"https:\/\/pracek.si\/racunalniskatrgovina\/wp-json\/wp\/v2\/product\/58710\/revisions"}],"wp:featuredmedia":[{"embeddable":true,"href":"https:\/\/pracek.si\/racunalniskatrgovina\/wp-json\/wp\/v2\/media\/48545"}],"wp:attachment":[{"href":"https:\/\/pracek.si\/racunalniskatrgovina\/wp-json\/wp\/v2\/media?parent=58710"}],"wp:term":[{"taxonomy":"product_brand","embeddable":true,"href":"https:\/\/pracek.si\/racunalniskatrgovina\/wp-json\/wp\/v2\/product_brand?post=58710"},{"taxonomy":"product_cat","embeddable":true,"href":"https:\/\/pracek.si\/racunalniskatrgovina\/wp-json\/wp\/v2\/product_cat?post=58710"},{"taxonomy":"product_tag","embeddable":true,"href":"https:\/\/pracek.si\/racunalniskatrgovina\/wp-json\/wp\/v2\/product_tag?post=58710"}],"curies":[{"name":"wp","href":"https:\/\/api.w.org\/{rel}","templated":true}]}}