{"id":59429,"date":"2025-07-31T15:58:22","date_gmt":"2025-07-31T14:58:22","guid":{"rendered":"https:\/\/pracek.si\/racunalniskatrgovina\/?post_type=product&#038;p=59429"},"modified":"2026-02-07T15:35:11","modified_gmt":"2026-02-07T14:35:11","slug":"rabljeni-originalni-sprednji-okvir-lcd-zaslona-dell-latitude-e7250-0v5y98-p-n-v5y98","status":"publish","type":"product","link":"https:\/\/pracek.si\/racunalniskatrgovina\/izdelek\/rabljeni-originalni-sprednji-okvir-lcd-zaslona-dell-latitude-e7250-0v5y98-p-n-v5y98\/","title":{"rendered":"Rabljeni originalni sprednji okvir LCD zaslona Dell Latitude E7250 0V5Y98 P\/N V5Y98"},"content":{"rendered":"<p>Rabljeni originalni sprednji okvir LCD zaslona Dell Latitude E7250 (P\/N: 0V5Y98). Popolna zamenjava za obrabljen ali po\u0161kodovan okvir, ki zagotavlja, da je va\u0161 zaslon varno name\u0161\u010den.<\/p>\n","protected":false},"excerpt":{"rendered":"<p>Rabljeni originalni sprednji okvir LCD zaslona Dell Latitude E7250 \u2013 Dell P\/N: 0V5Y98<\/p>\n<p>To je originalni sprednji okvir LCD zaslona Dell Latitude E7250, idealen za zamenjavo obrabljenega ali po\u0161kodovanega okvirja na va\u0161em Dell Latitude E7250. Zasnovan je tako, da varno dr\u017ei va\u0161 zaslon na mestu, hkrati pa zagotavlja eleganten videz va\u0161ega prenosnika.<\/p>\n<p>**Lastnosti izdelka:**<\/p>\n<p>&#8211; **Zdru\u017eljivost:** Posebej zasnovano za modele Dell Latitude E7250.<\/p>\n<p>&#8211; **\u0160tevilka dela:** Dell P\/N 0V5Y98 (V5Y98).<\/p>\n<p>&#8211; **Stanje:** Rabljeno, originalen del. Prilo\u017eene fotografije prikazujejo dejanski predmet, kar zagotavlja preglednost v njegovem trenutnem stanju.<\/p>\n<p>&#8211; **Vzdr\u017eljivost:** ta okvir, narejen iz visokokakovostnih materialov, pomaga za\u0161\u010dititi in za\u0161\u010dititi zaslon va\u0161ega prenosnika.<\/p>\n<p>**Zakaj izbrati ta okvir?**<\/p>\n<p>&#8211; **Popolno prileganje:** Originalni del, ki zagotavlja pravilno prileganje za va\u0161 Dell Latitude E7250.<\/p>\n<p>&#8211; **Povrne videz:** Odli\u010dno za zamenjavo po\u010denega, zlomljenega ali obrabljenega okvirja, s \u010dimer povrnete eleganten videz va\u0161ega prenosnika.<\/p>\n<p>&#8211; **Globalno po\u0161iljanje:** Na voljo za po\u0161iljanje po vsem svetu, zlasti po vsej Evropi.<\/p>\n<p>Upo\u0161tevajte, da navodila za namestitev niso vklju\u010dena, vendar se lahko po potrebi obrnete na nas za podporo.<\/p>\n<p>**Pomembno:** Fotografije na seznamu predstavljajo natan\u010den okvir, ki ga boste prejeli. Vsak del je bil natan\u010dno pregledan, da se zagotovi, da izpolnjuje standarde kakovosti.<\/p>\n","protected":false},"featured_media":49656,"template":"","meta":[],"product_brand":[],"product_cat":[2051],"product_tag":[2052,1818],"class_list":{"0":"post-59429","1":"product","2":"type-product","3":"status-publish","4":"has-post-thumbnail","6":"product_cat-ohisje-prenosnika","7":"product_tag-dell","8":"product_tag-rezervni-deli","10":"first","11":"instock","12":"taxable","13":"shipping-taxable","14":"purchasable","15":"product-type-simple"},"_links":{"self":[{"href":"https:\/\/pracek.si\/racunalniskatrgovina\/wp-json\/wp\/v2\/product\/59429","targetHints":{"allow":["GET"]}}],"collection":[{"href":"https:\/\/pracek.si\/racunalniskatrgovina\/wp-json\/wp\/v2\/product"}],"about":[{"href":"https:\/\/pracek.si\/racunalniskatrgovina\/wp-json\/wp\/v2\/types\/product"}],"version-history":[{"count":0,"href":"https:\/\/pracek.si\/racunalniskatrgovina\/wp-json\/wp\/v2\/product\/59429\/revisions"}],"wp:featuredmedia":[{"embeddable":true,"href":"https:\/\/pracek.si\/racunalniskatrgovina\/wp-json\/wp\/v2\/media\/49656"}],"wp:attachment":[{"href":"https:\/\/pracek.si\/racunalniskatrgovina\/wp-json\/wp\/v2\/media?parent=59429"}],"wp:term":[{"taxonomy":"product_brand","embeddable":true,"href":"https:\/\/pracek.si\/racunalniskatrgovina\/wp-json\/wp\/v2\/product_brand?post=59429"},{"taxonomy":"product_cat","embeddable":true,"href":"https:\/\/pracek.si\/racunalniskatrgovina\/wp-json\/wp\/v2\/product_cat?post=59429"},{"taxonomy":"product_tag","embeddable":true,"href":"https:\/\/pracek.si\/racunalniskatrgovina\/wp-json\/wp\/v2\/product_tag?post=59429"}],"curies":[{"name":"wp","href":"https:\/\/api.w.org\/{rel}","templated":true}]}}