{"id":60074,"date":"2025-07-31T16:41:29","date_gmt":"2025-07-31T15:41:29","guid":{"rendered":"https:\/\/pracek.si\/racunalniskatrgovina\/?post_type=product&#038;p=60074"},"modified":"2025-07-31T21:18:49","modified_gmt":"2025-07-31T20:18:49","slug":"dell-latitude-e6410-lcd-okvir-cn-0t8k98-originalni-okvir-zaslona-prenosnika","status":"publish","type":"product","link":"https:\/\/pracek.si\/racunalniskatrgovina\/izdelek\/dell-latitude-e6410-lcd-okvir-cn-0t8k98-originalni-okvir-zaslona-prenosnika\/","title":{"rendered":"Dell Latitude E6410 LCD okvir CN-0T8K98 \u2013 Originalni okvir zaslona prenosnika"},"content":{"rendered":"<p>Originalni <strong data-start=\"310\" data-end=\"355\">Dell Latitude E6410 LCD okvir (CN-0T8K98)<\/strong> za popolno prileganje zaslonu. Pristen <strong data-start=\"390\" data-end=\"405\">del prenosnika<\/strong>\u2014resni\u010dne fotografije, brez presene\u010denj!<\/p>\n","protected":false},"excerpt":{"rendered":"<p data-start=\"515\" data-end=\"765\">Zamenjajte svoj po\u0161kodovan ali manjkajo\u010d <strong data-start=\"547\" data-end=\"560\">okvir LCD<\/strong> s tem <strong data-start=\"571\" data-end=\"627\">originalnim okvirjem zaslona Dell Latitude E6410 (CN-0T8K98)<\/strong>. Ta <strong data-start=\"691\" data-end=\"713\">originalni del Dell<\/strong>, zasnovan tako, da se brez te\u017eav prilega zaslonu va\u0161ega prenosnika, zagotavlja <strong data-start=\"724\" data-end=\"762\">varno prileganje in profesionalno kon\u010dno obdelavo<\/strong>.<\/p>\n<p data-start=\"767\" data-end=\"1180\">\ud83d\udd39 <strong data-start=\"770\" data-end=\"787\">Klju\u010dne lastnosti:<\/strong><br data-start=\"787\" data-end=\"790\" \/>\u2714 <strong data-start=\"792\" data-end=\"813\">Originalni del Dell<\/strong> \u2013 zagotavlja vzdr\u017eljivost in popolno prileganje<br data-start=\"850\" data-end=\"853\" \/>\u2714 <strong data-start=\"855\" data-end=\"875\">Model: CN-0T8K98<\/strong> \u2013 Posebej zasnovano za <strong data-start=\"904\" data-end=\"927\">Dell Latitude E6410<\/strong><br data-start=\"927\" data-end=\"930\" \/>\u2714 <strong data-start=\"932\" data-end=\"965\">\u0160\u010diti &amp; Uokvirja zaslon<\/strong> \u2013 ohranja va\u0161 zaslon varen in dobro podprt<br data-start=\"1011\" data-end=\"1014\" \/>\u2714 <strong data-start=\"1016\" data-end=\"1040\">Lahek &amp; Trden<\/strong> \u2013 Ohranja prvotni videz in ob\u010dutek va\u0161ega prenosnika<br data-start=\"1094\" data-end=\"1097\" \/>\u2714 <strong data-start=\"1099\" data-end=\"1120\">Enostavna namestitev<\/strong> \u2013 Enostavna zamenjava za \u010dist, profesionalen videz<\/p>\n<p data-start=\"1182\" data-end=\"1205\">\ud83d\udca1 <strong data-start=\"1185\" data-end=\"1203\">Zdru\u017eljivost:<\/strong><\/p>\n<ul data-start=\"1206\" data-end=\"1360\">\n<li data-start=\"1206\" data-end=\"1290\">Zasnovan za <strong data-start=\"1221\" data-end=\"1244\">Dell Latitude E6410<\/strong> (pred nakupom preverite model svojega prenosnika)<\/li>\n<li data-start=\"1291\" data-end=\"1360\">Prileganje OEM \u2013 natan\u010dno ustreza specifikacijam va\u0161ega originalnega okvirja<\/li>\n<\/ul>\n<p data-start=\"1362\" data-end=\"1466\">\ud83d\udcf8 <strong data-start=\"1365\" data-end=\"1381\">Prave fotografije:<\/strong> Slike v tem seznamu prikazujejo natan\u010den del, ki ga boste prejeli \u2013 brez slik iz zaloge!<\/p>\n<p data-start=\"1468\" data-end=\"1589\">\u2753 <strong data-start=\"1470\" data-end=\"1484\">Potrebujete pomo\u010d?<\/strong> Ne ponujamo navodil za namestitev, vendar pa <strong data-start=\"1546\" data-end=\"1560\">nam po\u0161ljite sporo\u010dilo<\/strong>, \u010de imate kakr\u0161na koli vpra\u0161anja.<\/p>\n<p data-start=\"1591\" data-end=\"1729\">\ud83d\udce6 <strong data-start=\"1594\" data-end=\"1622\">Hitra dostava po vsem svetu!<\/strong> Hitro dostavite <strong data-start=\"1632\" data-end=\"1665\">okvir LCD-ja Dell Latitude E6410<\/strong> in povrnite eleganten videz prenosnika danes!<\/p>\n","protected":false},"featured_media":50395,"template":"","meta":[],"product_brand":[],"product_cat":[2051],"product_tag":[2052,1818],"class_list":{"0":"post-60074","1":"product","2":"type-product","3":"status-publish","4":"has-post-thumbnail","6":"product_cat-ohisje-prenosnika","7":"product_tag-dell","8":"product_tag-rezervni-deli","10":"first","11":"instock","12":"taxable","13":"shipping-taxable","14":"purchasable","15":"product-type-simple"},"_links":{"self":[{"href":"https:\/\/pracek.si\/racunalniskatrgovina\/wp-json\/wp\/v2\/product\/60074","targetHints":{"allow":["GET"]}}],"collection":[{"href":"https:\/\/pracek.si\/racunalniskatrgovina\/wp-json\/wp\/v2\/product"}],"about":[{"href":"https:\/\/pracek.si\/racunalniskatrgovina\/wp-json\/wp\/v2\/types\/product"}],"version-history":[{"count":0,"href":"https:\/\/pracek.si\/racunalniskatrgovina\/wp-json\/wp\/v2\/product\/60074\/revisions"}],"wp:featuredmedia":[{"embeddable":true,"href":"https:\/\/pracek.si\/racunalniskatrgovina\/wp-json\/wp\/v2\/media\/50395"}],"wp:attachment":[{"href":"https:\/\/pracek.si\/racunalniskatrgovina\/wp-json\/wp\/v2\/media?parent=60074"}],"wp:term":[{"taxonomy":"product_brand","embeddable":true,"href":"https:\/\/pracek.si\/racunalniskatrgovina\/wp-json\/wp\/v2\/product_brand?post=60074"},{"taxonomy":"product_cat","embeddable":true,"href":"https:\/\/pracek.si\/racunalniskatrgovina\/wp-json\/wp\/v2\/product_cat?post=60074"},{"taxonomy":"product_tag","embeddable":true,"href":"https:\/\/pracek.si\/racunalniskatrgovina\/wp-json\/wp\/v2\/product_tag?post=60074"}],"curies":[{"name":"wp","href":"https:\/\/api.w.org\/{rel}","templated":true}]}}