{"id":60251,"date":"2025-07-31T21:26:30","date_gmt":"2025-07-31T20:26:30","guid":{"rendered":"https:\/\/pracek.si\/racunalniskatrgovina\/?post_type=product&#038;p=60251"},"modified":"2025-07-31T21:30:53","modified_gmt":"2025-07-31T20:30:53","slug":"set-steklenih-steklenic-vintage-z-zamaski-18-cm","status":"publish","type":"product","link":"https:\/\/pracek.si\/racunalniskatrgovina\/izdelek\/set-steklenih-steklenic-vintage-z-zamaski-18-cm\/","title":{"rendered":"Set steklenih steklenic Vintage z zama\u0161ki, 18 cm"},"content":{"rendered":"<p>Eleganten set dveh vintage steklenic za kruto s fasetiranimi zama\u0161ki.<\/p>\n","protected":false},"excerpt":{"rendered":"<p class=\"\" data-start=\"484\" data-end=\"749\">Dodajte svoji kuhinji ali jedilni mizi pridih vintage elegance s tem \u010dudovitim kompletom dveh steklenic za lon\u010dke. Vsaka steklenica ima klasi\u010den dizajn s fasetiranim steklenim zama\u0161kom in ukrivljenim ro\u010dajem za enostavno to\u010denje. Popoln za olje, kis ali dekorativno uporabo.<\/p>\n<p class=\"\" data-start=\"751\" data-end=\"771\">\ud83d\udfe2 <strong data-start=\"754\" data-end=\"771\">Klju\u010dne lastnosti:<\/strong><\/p>\n<ul data-start=\"772\" data-end=\"1085\">\n<li class=\"\" data-start=\"772\" data-end=\"827\">\n<p class=\"\" data-start=\"774\" data-end=\"827\">Komplet vklju\u010duje 2 steklenici s pripadajo\u010dimi zama\u0161ki<\/p>\n<\/li>\n<li class=\"\" data-start=\"828\" data-end=\"877\">\n<p class=\"\" data-start=\"830\" data-end=\"877\">Rabljen<\/p>\n<\/li>\n<li class=\"\" data-start=\"878\" data-end=\"913\">\n<p class=\"\" data-start=\"880\" data-end=\"913\">Prilo\u017eeno kovinsko stojalo\/pladenj<\/p>\n<\/li>\n<li class=\"\" data-start=\"914\" data-end=\"957\">\n<p class=\"\" data-start=\"916\" data-end=\"957\">Skupna vi\u0161ina: 18 cm (pribli\u017eno 7 palcev)<\/p>\n<\/li>\n<li class=\"\" data-start=\"958\" data-end=\"1000\">\n<p class=\"\" data-start=\"960\" data-end=\"1000\">Skupna te\u017ea: 600 g (pribl. 1,32 lbs)<\/p>\n<\/li>\n<li class=\"\" data-start=\"1001\" data-end=\"1033\">\n<p class=\"\" data-start=\"1003\" data-end=\"1033\">Eleganten dizajn v starinskem slogu<\/p>\n<\/li>\n<li class=\"\" data-start=\"1034\" data-end=\"1085\">\n<p class=\"\" data-start=\"1036\" data-end=\"1085\">Idealen za zbiratelje, kuhinjski dekor ali vsakodnevno uporabo<\/p>\n<\/li>\n<\/ul>\n<p class=\"\" data-start=\"1087\" data-end=\"1225\">To je dekorativen, a hkrati funkcionalen dodatek k vsaki kuhinji, ne glede na to, ali stre\u017eete goste ali preprosto popestrite lastno izku\u0161njo obedovanja.<\/p>\n","protected":false},"featured_media":50645,"template":"","meta":[],"product_brand":[],"product_cat":[2103],"product_tag":[1818],"class_list":{"0":"post-60251","1":"product","2":"type-product","3":"status-publish","4":"has-post-thumbnail","6":"product_cat-vintage-antiques-retro","7":"product_tag-rezervni-deli","9":"first","10":"instock","11":"taxable","12":"shipping-taxable","13":"purchasable","14":"product-type-simple"},"_links":{"self":[{"href":"https:\/\/pracek.si\/racunalniskatrgovina\/wp-json\/wp\/v2\/product\/60251","targetHints":{"allow":["GET"]}}],"collection":[{"href":"https:\/\/pracek.si\/racunalniskatrgovina\/wp-json\/wp\/v2\/product"}],"about":[{"href":"https:\/\/pracek.si\/racunalniskatrgovina\/wp-json\/wp\/v2\/types\/product"}],"version-history":[{"count":0,"href":"https:\/\/pracek.si\/racunalniskatrgovina\/wp-json\/wp\/v2\/product\/60251\/revisions"}],"wp:featuredmedia":[{"embeddable":true,"href":"https:\/\/pracek.si\/racunalniskatrgovina\/wp-json\/wp\/v2\/media\/50645"}],"wp:attachment":[{"href":"https:\/\/pracek.si\/racunalniskatrgovina\/wp-json\/wp\/v2\/media?parent=60251"}],"wp:term":[{"taxonomy":"product_brand","embeddable":true,"href":"https:\/\/pracek.si\/racunalniskatrgovina\/wp-json\/wp\/v2\/product_brand?post=60251"},{"taxonomy":"product_cat","embeddable":true,"href":"https:\/\/pracek.si\/racunalniskatrgovina\/wp-json\/wp\/v2\/product_cat?post=60251"},{"taxonomy":"product_tag","embeddable":true,"href":"https:\/\/pracek.si\/racunalniskatrgovina\/wp-json\/wp\/v2\/product_tag?post=60251"}],"curies":[{"name":"wp","href":"https:\/\/api.w.org\/{rel}","templated":true}]}}