{"id":60263,"date":"2025-07-31T21:27:34","date_gmt":"2025-07-31T20:27:34","guid":{"rendered":"https:\/\/pracek.si\/racunalniskatrgovina\/?post_type=product&#038;p=60263"},"modified":"2025-07-31T21:31:52","modified_gmt":"2025-07-31T20:31:52","slug":"diablo-ii-lord-of-destruction-pc-mac-novo-zapecano-blizzard","status":"publish","type":"product","link":"https:\/\/pracek.si\/racunalniskatrgovina\/izdelek\/diablo-ii-lord-of-destruction-pc-mac-novo-zapecano-blizzard\/","title":{"rendered":"Diablo II Lord of Destruction &#8211; PC\/MAC &#8211; NOVO &#038; ZAPE\u010cANO Blizzard"},"content":{"rendered":"<p>Izvirna raz\u0161iritev Diablo II: Lord of Destruction, ki jo je postavil Blizzard Entertainment. Tovarni\u0161ko zaprto, nikoli odprto. Obvezna oprema za zbiratelje in ljubitelje kultne akcijske RPG. Zdru\u017eljiv s PC\/MAC.<\/p>\n","protected":false},"excerpt":{"rendered":"<p class=\"\" data-start=\"446\" data-end=\"666\">Do\u017eivite legendarni svet Sanctuary v njegovi najpopolnej\u0161i obliki z <strong data-start=\"521\" data-end=\"555\">Diablo II: Lord of Destruction<\/strong> \u2013 uradno raz\u0161iritvijo za kriti\u010dno hvaljeni Diablo II, ki ga je razvil <strong data-start=\"637\" data-end=\"663\">Blizzard Entertainment<\/strong>.<\/p>\n<p class=\"\" data-start=\"668\" data-end=\"850\">To je <strong data-start=\"678\" data-end=\"700\">100-odstotno izvirna kopija<\/strong>, del <strong data-start=\"714\" data-end=\"735\">Serije uspe\u0161nic<\/strong> in je <strong data-start=\"747\" data-end=\"779\">popolnoma nova in tovarni\u0161ko zaprto<\/strong>\u2013 nikoli odprto. Pravi dragulj za zbiratelje ali ljubitelje retro iger.<\/p>\n<h4 class=\"\" data-start=\"852\" data-end=\"866\">Funkcije:<\/h4>\n<ul data-start=\"867\" data-end=\"1272\">\n<li class=\"\" data-start=\"867\" data-end=\"946\">\n<p class=\"\" data-start=\"869\" data-end=\"946\">Dva dodatna razreda likov, ki ju je mogo\u010de igrati: <strong data-start=\"916\" data-end=\"928\">Assassin<\/strong> in <strong data-start=\"937\" data-end=\"946\">Druid<\/strong><\/p>\n<\/li>\n<li class=\"\" data-start=\"947\" data-end=\"1006\">\n<p class=\"\" data-start=\"949\" data-end=\"1006\">Izbolj\u0161ana grafika, ki podpira do <strong data-start=\"984\" data-end=\"1006\">lo\u010dljivost 800 x 600<\/strong><\/p>\n<\/li>\n<li class=\"\" data-start=\"1007\" data-end=\"1084\">\n<p class=\"\" data-start=\"1009\" data-end=\"1084\">Novo peto dejanje z epskimi bitkami, utrjenimi utrdbami in obleganjem<\/p>\n<\/li>\n<li class=\"\" data-start=\"1085\" data-end=\"1149\">\n<p class=\"\" data-start=\"1087\" data-end=\"1149\">Na stotine novih predmetov, vklju\u010dno s \u010darobno, edinstveno in nastavljeno opremo<\/p>\n<\/li>\n<li class=\"\" data-start=\"1150\" data-end=\"1201\">\n<p class=\"\" data-start=\"1152\" data-end=\"1201\">Raz\u0161irjena zaloga za bolj\u0161e upravljanje zalog<\/p>\n<\/li>\n<li class=\"\" data-start=\"1202\" data-end=\"1272\">\n<p class=\"\" data-start=\"1204\" data-end=\"1272\">Spletna igra za ve\u010d igralcev prek <strong data-start=\"1227\" data-end=\"1241\">Battle.net<\/strong> (mo\u017enost igranja na evropskih stre\u017enikih)<\/p>\n<\/li>\n<\/ul>\n<p class=\"\" data-start=\"1274\" data-end=\"1380\">Ta kopija je zdru\u017eljiva s <strong data-start=\"1303\" data-end=\"1320\">PC\/MAC CD-ROM<\/strong> in za igranje zahteva izvirno osnovno igro <strong data-start=\"1348\" data-end=\"1361\">Diablo II<\/strong>.<\/p>\n<p class=\"\" data-start=\"1382\" data-end=\"1434\">Ocenjeno <strong data-start=\"1388\" data-end=\"1395\">16+<\/strong>. Vklju\u010duje podporo za zvok Dolby Digital.<\/p>\n<p class=\"\" data-start=\"1436\" data-end=\"1616\">\ud83d\udd25 Ne glede na to, ali \u017eelite dopolniti svojo zbirko Blizzard, ponovno obiskati enega najve\u010djih ARPG vseh \u010dasov ali preprosto imeti zape\u010daten del\u010dek zgodovine iger \u2013 to je va\u0161a prilo\u017enost.<\/p>\n<p class=\"\" data-start=\"1618\" data-end=\"1683\"><strong data-start=\"1618\" data-end=\"1683\">Opomba: To je popolnoma nov, tovarni\u0161ko zaprt izdelek. Nikoli odprto.<\/strong><\/p>\n","protected":false},"featured_media":50666,"template":"","meta":[],"product_brand":[],"product_cat":[2103],"product_tag":[1818],"class_list":{"0":"post-60263","1":"product","2":"type-product","3":"status-publish","4":"has-post-thumbnail","6":"product_cat-vintage-antiques-retro","7":"product_tag-rezervni-deli","9":"first","10":"instock","11":"taxable","12":"shipping-taxable","13":"purchasable","14":"product-type-simple"},"_links":{"self":[{"href":"https:\/\/pracek.si\/racunalniskatrgovina\/wp-json\/wp\/v2\/product\/60263","targetHints":{"allow":["GET"]}}],"collection":[{"href":"https:\/\/pracek.si\/racunalniskatrgovina\/wp-json\/wp\/v2\/product"}],"about":[{"href":"https:\/\/pracek.si\/racunalniskatrgovina\/wp-json\/wp\/v2\/types\/product"}],"version-history":[{"count":0,"href":"https:\/\/pracek.si\/racunalniskatrgovina\/wp-json\/wp\/v2\/product\/60263\/revisions"}],"wp:featuredmedia":[{"embeddable":true,"href":"https:\/\/pracek.si\/racunalniskatrgovina\/wp-json\/wp\/v2\/media\/50666"}],"wp:attachment":[{"href":"https:\/\/pracek.si\/racunalniskatrgovina\/wp-json\/wp\/v2\/media?parent=60263"}],"wp:term":[{"taxonomy":"product_brand","embeddable":true,"href":"https:\/\/pracek.si\/racunalniskatrgovina\/wp-json\/wp\/v2\/product_brand?post=60263"},{"taxonomy":"product_cat","embeddable":true,"href":"https:\/\/pracek.si\/racunalniskatrgovina\/wp-json\/wp\/v2\/product_cat?post=60263"},{"taxonomy":"product_tag","embeddable":true,"href":"https:\/\/pracek.si\/racunalniskatrgovina\/wp-json\/wp\/v2\/product_tag?post=60263"}],"curies":[{"name":"wp","href":"https:\/\/api.w.org\/{rel}","templated":true}]}}