{"id":60265,"date":"2025-07-31T21:27:34","date_gmt":"2025-07-31T20:27:34","guid":{"rendered":"https:\/\/pracek.si\/racunalniskatrgovina\/?post_type=product&#038;p=60265"},"modified":"2025-07-31T21:32:36","modified_gmt":"2025-07-31T20:32:36","slug":"risen-pc-dvd-novo-in-zapecateno-epska-fantazijska-rpg-avtorja-deep-silver","status":"publish","type":"product","link":"https:\/\/pracek.si\/racunalniskatrgovina\/izdelek\/risen-pc-dvd-novo-in-zapecateno-epska-fantazijska-rpg-avtorja-deep-silver\/","title":{"rendered":"Risen (PC DVD) &#8211; Novo in zape\u010dateno | Epska fantazijska RPG avtorja Deep Silver"},"content":{"rendered":"<p>Podajte se na epsko potovanje v <em data-start=\"276\" data-end=\"283\">Risen<\/em>, zahtevni in atmosferski RPG, postavljeni na skrivnostni otok. Soo\u010dite se s smrtonosnimi bitji, kojte svojo usodo in oblikujte svet okoli sebe. Nova in tovarni\u0161ko zaprta razli\u010dica PC DVD.<\/p>\n","protected":false},"excerpt":{"rendered":"<p class=\"\" data-start=\"501\" data-end=\"534\"><strong data-start=\"501\" data-end=\"534\">Risen (PC DVD) \u2013 Novo &amp; Zape\u010dateno<\/strong><\/p>\n<p class=\"\" data-start=\"536\" data-end=\"840\">Stopite v tema\u010den in poglobljen svet <em data-start=\"578\" data-end=\"585\">Risen<\/em>, domi\u0161ljijske igre vlog avtorjev Deep Silver in Piranha Bytes, ustvarjalcev priznane serije Gothic. Na otoku Faranga, de\u017eeli, ki so jo prizadeli skrivnostni potresi in polni starodavnih zveri, bodo va\u0161a dejanja oblikovala usodo sveta.<\/p>\n<p class=\"\" data-start=\"842\" data-end=\"862\">\u2694\ufe0f <strong data-start=\"845\" data-end=\"862\">Klju\u010dne lastnosti:<\/strong><\/p>\n<ul data-start=\"863\" data-end=\"1191\">\n<li class=\"\" data-start=\"863\" data-end=\"953\">\n<p class=\"\" data-start=\"865\" data-end=\"953\">Izberite svojo usodo: postanite mojster me\u010devanja, izu\u010den borec z osebjem ali mo\u010dan \u010darovnik.<\/p>\n<\/li>\n<li class=\"\" data-start=\"954\" data-end=\"1003\">\n<p class=\"\" data-start=\"956\" data-end=\"1003\">Ve\u010d kot 60 ur poglobljenega igranja odprtega sveta.<\/p>\n<\/li>\n<li class=\"\" data-start=\"1004\" data-end=\"1071\">\n<p class=\"\" data-start=\"1006\" data-end=\"1071\">Ne\u0161tete stranske naloge, nevarna bitja in skriti zakladi.<\/p>\n<\/li>\n<li class=\"\" data-start=\"1072\" data-end=\"1133\">\n<p class=\"\" data-start=\"1074\" data-end=\"1133\">Globoka izku\u0161nja, ki temelji na zgodbi, kjer je vsaka odlo\u010ditev pomembna.<\/p>\n<\/li>\n<li class=\"\" data-start=\"1134\" data-end=\"1191\">\n<p class=\"\" data-start=\"1136\" data-end=\"1191\">Izbolj\u0161ano za DirectX 9.0c | Zdru\u017eljivo z Windows PC.<\/p>\n<\/li>\n<\/ul>\n<p class=\"\" data-start=\"1193\" data-end=\"1298\">\ud83c\udf81 <strong data-start=\"1196\" data-end=\"1209\">Stanje<\/strong>: popolnoma novo in tovarni\u0161ko zaprto.<br data-start=\"1240\" data-end=\"1243\" \/>\ud83d\udcc0 <strong data-start=\"1246\" data-end=\"1258\">Platforma<\/strong>: PC DVD<br data-start=\"1266\" data-end=\"1269\" \/>\ud83d\udc64 <strong data-start=\"1272\" data-end=\"1286\">Starostna ocena<\/strong>: 16+ (PEGI)<\/p>\n<p class=\"\" data-start=\"1300\" data-end=\"1384\">Popoln za zbiratelje ali obo\u017eevalce RPG, ki i\u0161\u010dejo privla\u010dno in atmosferi\u010dno pustolov\u0161\u010dino.<\/p>\n","protected":false},"featured_media":50672,"template":"","meta":[],"product_brand":[],"product_cat":[2103],"product_tag":[1818],"class_list":{"0":"post-60265","1":"product","2":"type-product","3":"status-publish","4":"has-post-thumbnail","6":"product_cat-vintage-antiques-retro","7":"product_tag-rezervni-deli","9":"first","10":"instock","11":"taxable","12":"shipping-taxable","13":"purchasable","14":"product-type-simple"},"_links":{"self":[{"href":"https:\/\/pracek.si\/racunalniskatrgovina\/wp-json\/wp\/v2\/product\/60265","targetHints":{"allow":["GET"]}}],"collection":[{"href":"https:\/\/pracek.si\/racunalniskatrgovina\/wp-json\/wp\/v2\/product"}],"about":[{"href":"https:\/\/pracek.si\/racunalniskatrgovina\/wp-json\/wp\/v2\/types\/product"}],"version-history":[{"count":0,"href":"https:\/\/pracek.si\/racunalniskatrgovina\/wp-json\/wp\/v2\/product\/60265\/revisions"}],"wp:featuredmedia":[{"embeddable":true,"href":"https:\/\/pracek.si\/racunalniskatrgovina\/wp-json\/wp\/v2\/media\/50672"}],"wp:attachment":[{"href":"https:\/\/pracek.si\/racunalniskatrgovina\/wp-json\/wp\/v2\/media?parent=60265"}],"wp:term":[{"taxonomy":"product_brand","embeddable":true,"href":"https:\/\/pracek.si\/racunalniskatrgovina\/wp-json\/wp\/v2\/product_brand?post=60265"},{"taxonomy":"product_cat","embeddable":true,"href":"https:\/\/pracek.si\/racunalniskatrgovina\/wp-json\/wp\/v2\/product_cat?post=60265"},{"taxonomy":"product_tag","embeddable":true,"href":"https:\/\/pracek.si\/racunalniskatrgovina\/wp-json\/wp\/v2\/product_tag?post=60265"}],"curies":[{"name":"wp","href":"https:\/\/api.w.org\/{rel}","templated":true}]}}