{"id":60303,"date":"2025-07-31T21:30:36","date_gmt":"2025-07-31T20:30:36","guid":{"rendered":"https:\/\/pracek.si\/racunalniskatrgovina\/?post_type=product&#038;p=60303"},"modified":"2026-04-01T20:59:20","modified_gmt":"2026-04-01T19:59:20","slug":"dell-latitude-rugged-7204-7214-bottom-base-cover-k3n9v-originalni-del-prenosnika","status":"publish","type":"product","link":"https:\/\/pracek.si\/racunalniskatrgovina\/izdelek\/dell-latitude-rugged-7204-7214-bottom-base-cover-k3n9v-originalni-del-prenosnika\/","title":{"rendered":"Dell Latitude Rugged 7204 7214 Bottom Base Cover K3N9V \u2013 Originalni del prenosnika"},"content":{"rendered":"<p>Zamenjajte svoj po\u0161kodovan ali manjkajo\u010d <strong data-start=\"353\" data-end=\"409\">Dell Latitude Rugged 7214 Bottom Base Cover (K3N9V)<\/strong> s tem <strong data-start=\"420\" data-end=\"431\">originalnim<\/strong> nadomestkom. <strong data-start=\"445\" data-end=\"492\">Prave fotografije \u2013 kar vidite, to dobite!<\/strong><\/p>\n","protected":false},"excerpt":{"rendered":"<p class=\"\" data-start=\"575\" data-end=\"820\">Povrnite vzdr\u017eljivost svojega <strong data-start=\"606\" data-end=\"636\">Dell Latitude Rugged 7204 \/\u00a0 7214<\/strong> s tem <strong data-start=\"647\" data-end=\"685\">originalnim spodnjim pokrovom (K3N9V)<\/strong>. Ta <strong data-start=\"692\" data-end=\"713\">originalni del Dell<\/strong> zagotavlja popolno prileganje in zanesljivo za\u0161\u010dito notranjosti va\u0161ega prenosnika ter ohranja njegovo robustno zgradbo.<\/p>\n<p class=\"\" data-start=\"822\" data-end=\"1198\">\ud83d\udd39 <strong data-start=\"825\" data-end=\"842\">Klju\u010dne lastnosti:<\/strong><br data-start=\"842\" data-end=\"845\" \/>\u2714 <strong data-start=\"847\" data-end=\"868\">Originalni del Dell<\/strong> K3N9V\u00a0 \/ 0K3N9V\u00a0 \u2013 Zanesljiva kakovost in vzdr\u017eljivost<br data-start=\"902\" data-end=\"905\" \/>\u2714 <strong data-start=\"907\" data-end=\"923\">Model: K3N9V<\/strong> \u2013 Zasnovan posebej za <strong data-start=\"952\" data-end=\"977\">Latitude Rugged7204 &amp;\u00a0 7214<\/strong><br data-start=\"977\" data-end=\"980\" \/>\u2714 <strong data-start=\"982\" data-end=\"1005\">Za\u0161\u010ditna &amp; Trden<\/strong> \u2013 Ohranja robustnost va\u0161ega prenosnika<br data-start=\"1047\" data-end=\"1050\" \/>\u2714 <strong data-start=\"1052\" data-end=\"1067\">Popolno prileganje<\/strong> \u2013 Neposredna zamenjava za po\u0161kodovane ali manjkajo\u010de osnovne pokrove<br data-start=\"1123\" data-end=\"1126\" \/>\u2714 <strong data-start=\"1128\" data-end=\"1148\">Vnaprej izrezane odprtine<\/strong> \u2013 Zagotavlja ustrezen pretok zraka in dostop do vrat<\/p>\n<p class=\"\" data-start=\"1200\" data-end=\"1223\">\ud83d\udca1 <strong data-start=\"1203\" data-end=\"1221\">Zdru\u017eljivost:<\/strong><\/p>\n<ul data-start=\"1224\" data-end=\"1336\">\n<li class=\"\" data-start=\"1224\" data-end=\"1294\">\n<p class=\"\" data-start=\"1226\" data-end=\"1294\"><strong data-start=\"1226\" data-end=\"1256\">Dell Latitude Rugged 7214<\/strong> (pred nakupom preverite svoj model)<\/p>\n<\/li>\n<li class=\"\" data-start=\"1295\" data-end=\"1336\">\n<p class=\"\" data-start=\"1297\" data-end=\"1336\">Natan\u010dno ujemanje za <strong data-start=\"1313\" data-end=\"1322\">K3N9V<\/strong> \u0161tevilko dela<\/p>\n<\/li>\n<\/ul>\n<p class=\"\" data-start=\"1338\" data-end=\"1458\">\ud83d\udcf8 <strong data-start=\"1341\" data-end=\"1357\">Prave fotografije:<\/strong> Slike v tem seznamu prikazujejo natan\u010den <strong data-start=\"1402\" data-end=\"1423\">pokrov osnovnega prenosnika<\/strong>, ki ga boste prejeli \u2013 brez presene\u010denj!<\/p>\n<p class=\"\" data-start=\"1460\" data-end=\"1580\">\u2753 <strong data-start=\"1462\" data-end=\"1476\">Potrebujete pomo\u010d?<\/strong> \u010ceprav ne nudimo navodil za namestitev, <strong data-start=\"1540\" data-end=\"1554\">nam po\u0161ljite sporo\u010dilo<\/strong>, \u010de potrebujete pomo\u010d.<\/p>\n<p class=\"\" data-start=\"1582\" data-end=\"1708\">\ud83d\udce6 <strong data-start=\"1585\" data-end=\"1613\">Hitra dostava po vsem svetu!<\/strong> Naj bo va\u0161 <strong data-start=\"1624\" data-end=\"1649\">Latitude Rugged 7214<\/strong> popolnoma za\u0161\u010diten s tem <strong data-start=\"1676\" data-end=\"1705\">pristen spodnji pokrov Dell<\/strong>.<\/p>\n","protected":false},"featured_media":50740,"template":"","meta":[],"product_brand":[],"product_cat":[2051],"product_tag":[2052,1818],"class_list":{"0":"post-60303","1":"product","2":"type-product","3":"status-publish","4":"has-post-thumbnail","6":"product_cat-ohisje-prenosnika","7":"product_tag-dell","8":"product_tag-rezervni-deli","10":"first","11":"outofstock","12":"taxable","13":"shipping-taxable","14":"purchasable","15":"product-type-simple"},"_links":{"self":[{"href":"https:\/\/pracek.si\/racunalniskatrgovina\/wp-json\/wp\/v2\/product\/60303","targetHints":{"allow":["GET"]}}],"collection":[{"href":"https:\/\/pracek.si\/racunalniskatrgovina\/wp-json\/wp\/v2\/product"}],"about":[{"href":"https:\/\/pracek.si\/racunalniskatrgovina\/wp-json\/wp\/v2\/types\/product"}],"version-history":[{"count":0,"href":"https:\/\/pracek.si\/racunalniskatrgovina\/wp-json\/wp\/v2\/product\/60303\/revisions"}],"wp:featuredmedia":[{"embeddable":true,"href":"https:\/\/pracek.si\/racunalniskatrgovina\/wp-json\/wp\/v2\/media\/50740"}],"wp:attachment":[{"href":"https:\/\/pracek.si\/racunalniskatrgovina\/wp-json\/wp\/v2\/media?parent=60303"}],"wp:term":[{"taxonomy":"product_brand","embeddable":true,"href":"https:\/\/pracek.si\/racunalniskatrgovina\/wp-json\/wp\/v2\/product_brand?post=60303"},{"taxonomy":"product_cat","embeddable":true,"href":"https:\/\/pracek.si\/racunalniskatrgovina\/wp-json\/wp\/v2\/product_cat?post=60303"},{"taxonomy":"product_tag","embeddable":true,"href":"https:\/\/pracek.si\/racunalniskatrgovina\/wp-json\/wp\/v2\/product_tag?post=60303"}],"curies":[{"name":"wp","href":"https:\/\/api.w.org\/{rel}","templated":true}]}}